{"id":2,"date":"2020-09-27T18:35:21","date_gmt":"2020-09-27T18:35:21","guid":{"rendered":"https:\/\/www.fpmislata.com\/mujeresfpstem\/?page_id=2"},"modified":"2025-05-21T18:01:17","modified_gmt":"2025-05-21T18:01:17","slug":"testimonios","status":"publish","type":"page","link":"https:\/\/www.fpmislata.com\/mujeresfpstem\/testimonios\/","title":{"rendered":"Testimonios"},"content":{"rendered":"\n<!DOCTYPE html>\n<html lang=\"es\">\n<head>\n    <meta charset=\"UTF-8\">\n    <meta name=\"viewport\" content=\"width=device-width, initial-scale=1.0\">\n    <title>Testimonios de Alumnas &#8211; MujeresFPSTEM<\/title>\n    <style>\n        \n        .row {\n            display: flex;\n            flex-wrap: wrap;\n            justify-content: space-between;\n            align-items: center;\n            background-color: #fff;\n            padding: 20px;\n            border-radius: 10px;\n            box-shadow: 0 0 10px rgba(0, 0, 0, 0.1);\n        }\n        .row:nth-child(odd) .video {\n            order: 1;\n        }\n        .row:nth-child(odd) .text {\n            order: 2;\n        }\n        .row:nth-child(even) .video {\n            order: 2;\n        }\n        .row:nth-child(even) .text {\n            order: 1;\n        }\n        .video, .text {\n            flex: 1;\n            max-width: 45%;\n        }\n        video {\n            width: 100%;\n            height: auto;\n            border-radius: 10px;\n        }\n        .text {\n            padding: 20px;\n            font-size: 1.3em;\n            color: #333;\n        }\n        header.page-header{\n            display: none;\n    }\n    #secondary{\n      display: none;\n    }\n  .rightsidebar #primary {\n  float: left;\n  width: 100%;\n  padding-right: 64px;\n}\n    <\/style>\n<\/head>\n<body>\n    <div class=\"container\">\n        <div class=\"row\">\n            <div class=\"video\">\n                <video controls poster=\"https:\/\/www.fpmislata.com\/mujeresfpstem\/wp-content\/uploads\/2024\/07\/video1.png\">\n                    <source src=\"https:\/\/www.fpmislata.com\/mujeresfpstem\/wp-content\/uploads\/2024\/07\/video1.mp4\" type=\"video\/mp4\">\n                    Tu navegador no soporta la reproducci\u00f3n de videos.\n                <\/video>\n            <\/div>\n            <div class=\"text\">\n                \u00abCrec\u00ed, fui viendo las salidas que empez\u00f3 a tener la inform\u00e1tica, y creo que desde mi madurez he podido ver que tiene salidas que te pueden aportar estabilidad laboral\u00bb<br\/><br\/><br\/>\n            <h5> Sof\u00eda Torralba Mart\u00ednez <\/h5>\n            <\/div>\n            \n        <\/div>\n        <div class=\"row\">\n            <div class=\"text\">\n                \u00abYo hice la carrera (de Criminolog\u00eda), el m\u00e1ster y no encontraba trabajo dentro de mi titulaci\u00f3n y tuve que hacer clic y buscas otras opciones para poder seguir completando mi perfil\u00bb<br\/><br\/><br\/>\n            <h5> Lara Cerd\u00e1 Ortega <\/h5>\n            <\/div>\n            <div class=\"video\">\n                <video controls poster=\"https:\/\/www.fpmislata.com\/mujeresfpstem\/wp-content\/uploads\/2024\/07\/video9.png\">\n                    <source src=\"https:\/\/www.fpmislata.com\/mujeresfpstem\/wp-content\/uploads\/2024\/07\/video9.mp4\" type=\"video\/mp4\">\n                    Tu navegador no soporta la reproducci\u00f3n de videos.\n                <\/video>\n            <\/div>\n        <\/div>\n <div class=\"row\">\n            <div class=\"video\">\n                <video controls poster=\"https:\/\/www.fpmislata.com\/mujeresfpstem\/wp-content\/uploads\/2024\/07\/video13.png\">\n                    <source src=\"https:\/\/www.fpmislata.com\/mujeresfpstem\/wp-content\/uploads\/2024\/07\/video13.mp4\" type=\"video\/mp4\">\n                    Tu navegador no soporta la reproducci\u00f3n de videos.\n                <\/video>\n            <\/div>\n            <div class=\"text\">\n                \u00abTen\u00eda un poco de miedo por pensar que no ten\u00eda los conocimientos suficiente y al llegar me d\u00ed cuenta de que no necesitaba saber nada, que aqu\u00ed me lo iban a explicar \u00bb\n<br\/><br\/><br\/>\n            <h5> Mireia Arnau Adsuara <\/h5>\n            <\/div>\n        <\/div>\n        <div class=\"row\">\n            <div class=\"text\">\n                \u00abAl principio decid\u00ed irme a la universidad y me decant\u00e9 por ingenier\u00eda de caminos canales y puertos. Empec\u00e9 a estudiarla, pero, lleg\u00f3 un momento en el que me di cuenta de que no me apasionaba, que no me llenaba, que me faltaba algo.\u00bb\n\u00abEn el mundo laboral, conoc\u00ed un poco de programaci\u00f3n, de arduino, de sistemas de control muy peque\u00f1os para programar cosas sencillas: iluminaci\u00f3n, riego por goteo&#8230;\u00bb\n\u00abMe d\u00ed cuenta de que eso me apasionaba y busqu\u00e9 un ciclo de formaci\u00f3n profesional en automatizaci\u00f3n y rob\u00f3tica industrial\u00bb\n<br\/><br\/><br\/>\n            <h5> Juli\u00a0Lizcano <\/h5>\n\n            <\/div>\n            <div class=\"video\">\n                <video controls poster=\"https:\/\/www.fpmislata.com\/mujeresfpstem\/wp-content\/uploads\/2024\/07\/video5.png\">\n                    <source src=\"https:\/\/www.fpmislata.com\/mujeresfpstem\/wp-content\/uploads\/2024\/07\/video5.mp4\" type=\"video\/mp4\">\n                    Tu navegador no soporta la reproducci\u00f3n de videos.\n                <\/video>\n            <\/div>\n        <\/div>\n      <div class=\"row\">\n            <div class=\"video\">\n                <video controls poster=\"https:\/\/www.fpmislata.com\/mujeresfpstem\/wp-content\/uploads\/2024\/07\/video20.png\">\n                    <source src=\"https:\/\/www.fpmislata.com\/mujeresfpstem\/wp-content\/uploads\/2024\/07\/video20.mp4\" type=\"video\/mp4\">\n                    Tu navegador no soporta la reproducci\u00f3n de videos.\n                <\/video>\n            <\/div>\n            <div class=\"text\">\n                \u00abSiempre me ha gustado la inform\u00e1tica, desde peque\u00f1a, y mis padres me ayudaron a llevarlo a cabo.\u00bb\n               \u00abEn la ESO los profesores no me apoyaban con la decisi\u00f3n (de hacer un ciclo de FP), porque dec\u00edan que la universidad era la mejor opci\u00f3n en inform\u00e1tica.\u00bb \n<br\/><br\/><br\/>\n            <h5>Erika Garc\u00eda Sol\u00ed<\/h5>\n            <\/div>\n        <\/div>\n        <div class=\"row\">\n            <div class=\"text\">\n                \u00abAntes de estudiar la carrera que jam\u00e1s har\u00eda inform\u00e1tica y que para mi los ordenadores no eran. A ra\u00edz cursar la carrera de f\u00edsica y v\u00ed que la programaci\u00f3n s\u00ed que me gustaba\u00bb\n\u00abY entonces cuando ya se me plante\u00f3 la opci\u00f3n de seguir mis estudios despu\u00e9s de la carrera ya ve\u00eda posible un futuro en la inform\u00e1tica\u00bb\n<br\/><br\/><br\/>\n            <h5>\u00c0ngela Hermosilla del R\u00edo<\/h5>\n            <\/div>\n            <div class=\"video\">\n                <video controls poster=\"https:\/\/www.fpmislata.com\/mujeresfpstem\/wp-content\/uploads\/2024\/07\/video16.png\">\n                    <source src=\"https:\/\/www.fpmislata.com\/mujeresfpstem\/wp-content\/uploads\/2024\/07\/video16.mp4\">\n                    Tu navegador no soporta la reproducci\u00f3n de videos.\n                <\/video>\n            <\/div>\n        <\/div>\n\n <div class=\"row\">\n            <div class=\"video\">\n                <video controls poster=\"https:\/\/www.fpmislata.com\/mujeresfpstem\/wp-content\/uploads\/2024\/07\/video42.png\">\n                    <source src=\"https:\/\/www.fpmislata.com\/mujeresfpstem\/wp-content\/uploads\/2024\/07\/video42.mp4\" type=\"video\/mp4\">\n                    Tu navegador no soporta la reproducci\u00f3n de videos.\n                <\/video>\n            <\/div>\n            <div class=\"text\">\n                \u00abLa tecnolog\u00eda est\u00e1 en todos los \u00e1mbitos de nuestras vidas, de nuestros trabajos. Por lo tanto, si os decid\u00eds cualquier disciplina STEM, no os va a faltar el trabajo\u00bb.\n<br\/><br\/><br\/>\n            <h5>Concepci\u00f3n Cord\u00f3n Fuentes<\/h5>\n            <\/div>\n        <\/div>\n        <div class=\"row\">\n            <div class=\"text\">\n                \u00abYo hice ingenier\u00eda inform\u00e1tica, soy ingeniera, luego hice un m\u00e1ster en ciberseguridad,y, a la vez que hice todo esto, lo fui compaginando con otros cursos. Hice uno de experto en peritaje inform\u00e1tico y luego me fui especializando con cursos y certificaciones de ciberseguridad ofensiva. Es al sector al que yo quer\u00eda dedicarme, soy hacker \u00e9tico desde hace casi dos a\u00f1os\u00bb.\n<br\/><br\/><br\/>\n            <h5>Elisa Alises Nu\u00f1ez<\/h5>\n            <\/div>\n            <div class=\"video\">\n                <video controls poster=\"https:\/\/www.fpmislata.com\/mujeresfpstem\/wp-content\/uploads\/2024\/07\/video33.png\">\n                    <source src=\"https:\/\/www.fpmislata.com\/mujeresfpstem\/wp-content\/uploads\/2024\/07\/video33.mp4\" type=\"video\/mp4\">\n                    Tu navegador no soporta la reproducci\u00f3n de videos.\n                <\/video>\n            <\/div>\n        <\/div>\n\n <div class=\"row\">\n            <div class=\"video\">\n                <video controls poster=\"https:\/\/www.fpmislata.com\/mujeresfpstem\/wp-content\/uploads\/2024\/07\/video25.png\">\n                    <source src=\"https:\/\/www.fpmislata.com\/mujeresfpstem\/wp-content\/uploads\/2024\/07\/video25.mp4\" type=\"video\/mp4\">\n                    Tu navegador no soporta la reproducci\u00f3n de videos.\n                <\/video>\n            <\/div>\n            <div class=\"text\">\n                \u00abUn hacker no es un ciberdelincuente. Directamente, a mi, quienes me atrajeron al mundo de la ciberseguridad son los hackers. Esas personas que tienen esa mal\u00edsima fama cinematogr\u00e1fica, porque los vemos con ese clich\u00e9 que sigue siendo el de personas que son asociales, que est\u00e1n siempre ah\u00ed con su capucha puesta, en un entorno negro, metidos en una habitaci\u00f3n oscura\u00bb.\n\u00abLos hackers no tienen nada que ver con esa visi\u00f3n\u00bb.\n<br\/><br\/><br\/>\n            <h5>Yolanda Corral<\/h5>\n\n            <\/div>\n        <\/div>\n        <div class=\"row\">\n            <div class=\"text\">\n                \u00abSoy ingeniera de telecomunicaciones, pero debo decir que, si lo llego a saber, en mi \u00e9poca me hubiera venido muy bien haber cursado previamente a la carrera un ciclo de FP en la rama de inform\u00e1tica o en electr\u00f3nica\u00bb.\n\u00abEn la carrera tuve compa\u00f1eros que ven\u00edan de FP y contaban con grandes destrezas para afrontar los retos pr\u00e1cticos en los que yo iba un poco m\u00e1s perdida\u00bb. \n<br\/><br\/><br\/>\n            <h5> Irene Cotillas<\/h5>\n            <\/div>\n            <div class=\"video\">\n                <video controls poster=\"https:\/\/www.fpmislata.com\/mujeresfpstem\/wp-content\/uploads\/2024\/07\/video39.png\">\n                    <source src=\"https:\/\/www.fpmislata.com\/mujeresfpstem\/wp-content\/uploads\/2024\/07\/video39.mp4\" type=\"video\/mp4\">\n                    Tu navegador no soporta la reproducci\u00f3n de videos.\n                <\/video>\n            <\/div>\n        <\/div>\n        <!-- Puedes a\u00f1adir m\u00e1s filas de la misma manera -->\n   \n    <\/div>\n\n<\/body>\n<\/html>\n\n\n\n<p><\/p>\n","protected":false},"excerpt":{"rendered":"<p>Testimonios de Alumnas &#8211; MujeresFPSTEM Tu navegador no soporta la reproducci\u00f3n de videos. \u00abCrec\u00ed, fui viendo las salidas que empez\u00f3 a tener la inform\u00e1tica, y creo que desde mi madurez &hellip; <\/p>\n","protected":false},"author":1,"featured_media":0,"parent":0,"menu_order":0,"comment_status":"closed","ping_status":"closed","template":"","meta":[],"_links":{"self":[{"href":"https:\/\/www.fpmislata.com\/mujeresfpstem\/wp-json\/wp\/v2\/pages\/2"}],"collection":[{"href":"https:\/\/www.fpmislata.com\/mujeresfpstem\/wp-json\/wp\/v2\/pages"}],"about":[{"href":"https:\/\/www.fpmislata.com\/mujeresfpstem\/wp-json\/wp\/v2\/types\/page"}],"author":[{"embeddable":true,"href":"https:\/\/www.fpmislata.com\/mujeresfpstem\/wp-json\/wp\/v2\/users\/1"}],"replies":[{"embeddable":true,"href":"https:\/\/www.fpmislata.com\/mujeresfpstem\/wp-json\/wp\/v2\/comments?post=2"}],"version-history":[{"count":35,"href":"https:\/\/www.fpmislata.com\/mujeresfpstem\/wp-json\/wp\/v2\/pages\/2\/revisions"}],"predecessor-version":[{"id":318,"href":"https:\/\/www.fpmislata.com\/mujeresfpstem\/wp-json\/wp\/v2\/pages\/2\/revisions\/318"}],"wp:attachment":[{"href":"https:\/\/www.fpmislata.com\/mujeresfpstem\/wp-json\/wp\/v2\/media?parent=2"}],"curies":[{"name":"wp","href":"https:\/\/api.w.org\/{rel}","templated":true}]}}