{"id":1078,"date":"2018-05-07T10:11:59","date_gmt":"2018-05-07T14:11:59","guid":{"rendered":"http:\/\/www.fpmislata.com\/wordpress\/?page_id=1078"},"modified":"2018-05-12T10:02:57","modified_gmt":"2018-05-12T14:02:57","slug":"normativa-convalidaciones","status":"publish","type":"page","link":"https:\/\/www.fpmislata.com\/wordpress\/secretaria\/legislacion\/normativa-convalidaciones\/","title":{"rendered":"Normativa convalidaciones"},"content":{"rendered":"<p><strong><span style=\"color: #000000; font-size: 12pt;\">\u2192NORMATIVA<\/span><\/strong><\/p>\n<p><span style=\"color: #0000ff; font-size: 12pt;\"><a style=\"color: #0000ff;\" href=\"http:\/\/www.fpmislata.com\/joomla\/images\/stories\/departamentos\/secretaria\/convalidaciones\/Anexo%20III%20convalidaciones%20entre%20m%C3%B3dulos%20Ley%2090%20y%20Ley%202006%20nuevo.pdf\" target=\"_blank\" rel=\"noopener\">CONVALIDACIONES M\u00d3DULOS LOGSE CON M\u00d3DULOS LOE<\/a><\/span><\/p>\n<p><span style=\"color: #0000ff; font-size: 12pt;\"><a style=\"color: #0000ff;\" href=\"http:\/\/www.fpmislata.com\/joomla\/images\/stories\/departamentos\/secretaria\/convalidaciones\/Anexo%20II%20convalidaci%C3%B3n%20entre%20m%C3%B3dulos%20Ley%202006%20nuevo.pdf\" target=\"_blank\" rel=\"noopener\">CONVALIDACIONES ENTRE M\u00d3DULOS DE CICLOS LOE<\/a><\/span><\/p>\n<p><span style=\"color: #0000ff; font-size: 12pt;\"><a style=\"color: #0000ff;\" href=\"http:\/\/www.fpmislata.com\/joomla\/images\/stories\/departamentos\/secretaria\/convalidaciones\/anexo-ii-mp-comunes-a-varios-titulos-loe.pdf\" target=\"_blank\" rel=\"noopener\">M\u00d3DULOS PROFESIONALES COMUNES A VARIOS CICLOS LOE<\/a><\/span><\/p>\n<p><span style=\"color: #0000ff; font-size: 12pt;\"><a style=\"color: #0000ff;\" href=\"http:\/\/www.fpmislata.com\/joomla\/images\/stories\/departamentos\/secretaria\/convalidaciones\/orden-de-20-de-diciembre-de-2001-convalidaciones.pdf\" target=\"_blank\" rel=\"noopener\">ORDEN DE 20 DE DICIEMBRE DE 2001 SOBRE CONVALIDACIONES ENTRE M\u00d3DULOS LOGSE<\/a><\/span><\/p>\n<p><span style=\"color: #0000ff; font-size: 12pt;\"><a style=\"color: #0000ff;\" href=\"http:\/\/www.fpmislata.com\/joomla\/images\/stories\/departamentos\/secretaria\/convalidaciones\/orden%20complemento%2020%20dic%202001.pdf\" target=\"_blank\" rel=\"noopener\">CORRECCI\u00d3N ERRORES ORDEN DE 20 DE DICIEMBRE DE 2001 SOBRE CONVALIDACIONES ENTRE M\u00d3DULOS LOGSE<\/a><\/span><\/p>\n<p><span style=\"color: #0000ff; font-size: 12pt;\"><a style=\"color: #0000ff;\" href=\"http:\/\/www.fpmislata.com\/joomla\/images\/stories\/departamentos\/secretaria\/convalidaciones\/anexo%20I%20m%C3%B3dulos%20Ley%2090%20no%20contemplados%20en%20Orden%2020_12_2001%20nuevo.pdf\" target=\"_blank\" rel=\"noopener\">CONVALIDACIONES ENTRE M\u00d3DULOS LOGSE NO CONTEMPLADOS EN LA ORDEN DE 20 DE DICIEMBRE DE 2001<\/a><\/span><\/p>\n<p><span style=\"color: #0000ff; font-size: 12pt;\"><a style=\"color: #0000ff;\" href=\"http:\/\/www.fpmislata.com\/joomla\/images\/stories\/departamentos\/secretaria\/convalidaciones\/Convalidaci%C3%B3n%20ingl%C3%A9s%20t%C3%A9cnico%20web.pdf\" target=\"_blank\" rel=\"noopener\">CONVALIDACI\u00d3N INGL\u00c9S T\u00c9CNICO<\/a><\/span><\/p>\n","protected":false},"excerpt":{"rendered":"<p>\u2192NORMATIVA CONVALIDACIONES M\u00d3DULOS LOGSE CON M\u00d3DULOS LOE CONVALIDACIONES ENTRE M\u00d3DULOS DE CICLOS LOE M\u00d3DULOS PROFESIONALES COMUNES A VARIOS CICLOS LOE ORDEN DE 20 DE DICIEMBRE DE 2001 SOBRE CONVALIDACIONES ENTRE M\u00d3DULOS LOGSE CORRECCI\u00d3N ERRORES ORDEN DE 20 DE DICIEMBRE DE 2001 SOBRE CONVALIDACIONES ENTRE M\u00d3DULOS LOGSE CONVALIDACIONES ENTRE M\u00d3DULOS LOGSE NO CONTEMPLADOS EN LA ORDEN&hellip;<\/p>\n","protected":false},"author":1,"featured_media":0,"parent":526,"menu_order":0,"comment_status":"closed","ping_status":"closed","template":"","meta":{"ngg_post_thumbnail":0},"_links":{"self":[{"href":"https:\/\/www.fpmislata.com\/wordpress\/wp-json\/wp\/v2\/pages\/1078"}],"collection":[{"href":"https:\/\/www.fpmislata.com\/wordpress\/wp-json\/wp\/v2\/pages"}],"about":[{"href":"https:\/\/www.fpmislata.com\/wordpress\/wp-json\/wp\/v2\/types\/page"}],"author":[{"embeddable":true,"href":"https:\/\/www.fpmislata.com\/wordpress\/wp-json\/wp\/v2\/users\/1"}],"replies":[{"embeddable":true,"href":"https:\/\/www.fpmislata.com\/wordpress\/wp-json\/wp\/v2\/comments?post=1078"}],"version-history":[{"count":0,"href":"https:\/\/www.fpmislata.com\/wordpress\/wp-json\/wp\/v2\/pages\/1078\/revisions"}],"up":[{"embeddable":true,"href":"https:\/\/www.fpmislata.com\/wordpress\/wp-json\/wp\/v2\/pages\/526"}],"wp:attachment":[{"href":"https:\/\/www.fpmislata.com\/wordpress\/wp-json\/wp\/v2\/media?parent=1078"}],"curies":[{"name":"wp","href":"https:\/\/api.w.org\/{rel}","templated":true}]}}