{"id":1264,"date":"2018-05-12T11:07:38","date_gmt":"2018-05-12T15:07:38","guid":{"rendered":"http:\/\/www.fpmislata.com\/wordpress\/?page_id=1264"},"modified":"2025-06-26T05:59:51","modified_gmt":"2025-06-26T09:59:51","slug":"anterior","status":"publish","type":"page","link":"https:\/\/www.fpmislata.com\/wordpress\/secretaria\/tramites\/anterior\/","title":{"rendered":"Solicitud de T\u00edtulo de T\u00e9cnico (Grado Medio) CFGM"},"content":{"rendered":"\t\t<div data-elementor-type=\"wp-page\" data-elementor-id=\"1264\" class=\"elementor elementor-1264\" data-elementor-settings=\"[]\">\n\t\t\t\t\t\t<div class=\"elementor-inner\">\n\t\t\t\t\t\t\t<div class=\"elementor-section-wrap\">\n\t\t\t\t\t\t\t<section class=\"elementor-section elementor-top-section elementor-element elementor-element-496c0e5d elementor-section-boxed elementor-section-height-default elementor-section-height-default\" data-id=\"496c0e5d\" data-element_type=\"section\">\n\t\t\t\t\t\t<div class=\"elementor-container elementor-column-gap-default\">\n\t\t\t\t\t\t\t<div class=\"elementor-row\">\n\t\t\t\t\t<div class=\"elementor-column elementor-col-100 elementor-top-column elementor-element elementor-element-2de5598f\" data-id=\"2de5598f\" data-element_type=\"column\">\n\t\t\t<div class=\"elementor-column-wrap elementor-element-populated\">\n\t\t\t\t\t\t\t<div class=\"elementor-widget-wrap\">\n\t\t\t\t\t\t<div class=\"elementor-element elementor-element-7a519cec elementor-widget elementor-widget-text-editor\" data-id=\"7a519cec\" data-element_type=\"widget\" data-widget_type=\"text-editor.default\">\n\t\t\t\t<div class=\"elementor-widget-container\">\n\t\t\t\t\t\t\t\t<div class=\"elementor-text-editor elementor-clearfix\">\n\t\t\t\t\t<p align=\"center\">\u00a0<\/p>\n<p align=\"center\"><span style=\"font-size: 14pt; color: #000000;\">\ud83d\udcdd\u00a0<strong data-start=\"213\" data-end=\"268\">Solicitud de T\u00edtulo Grado Medio y Certificado Acad\u00e9mico Oficial<\/strong><\/span><\/p>\n<p>Una vez\u00a0<b>finalizados los estudios<\/b>\u00a0y\u00a0<b>realizada la evaluaci\u00f3n final del ciclo formativo<\/b>\u00a0(\u26a0\ufe0f\u00a0<i>no se pueden pagar las tasas antes de esta evaluaci\u00f3n, que ser\u00e1 comunicada por el tutor\/a<\/i>), se recomienda iniciar el tr\u00e1mite de:<\/p>\n<ul>\n<li aria-level=\"1\">\u2705\u00a0<b>T\u00edtulo oficial<\/b>\u00a0del ciclo formativo<\/li>\n<li aria-level=\"1\">\u2705\u00a0<b>Certificado acad\u00e9mico oficial<\/b>\u00a0con la nota media\n<p>\u00a0<\/p>\n<\/li>\n<\/ul>\n<h2><b>\ud83d\udd39\u00a0<strong data-start=\"610\" data-end=\"644\">Pasos para realizar el tr\u00e1mite<\/strong><\/b><\/h2>\n<h3><span style=\"font-size: 12pt;\"><b>1. Rellenar la solicitud de t\u00edtulo<\/b><\/span><\/h3>\n<ul>\n<li aria-level=\"1\">Descarga y cumplimenta el<a href=\"https:\/\/www.fpmislata.com\/wordpress\/wp-content\/uploads\/2122-FORMULARIO-SOLICITUD-TITULO-WEB.pdf\">\u00a0<b>impreso de solicitud de t\u00edtulo<\/b><\/a>\u00a0<i>(en may\u00fasculas)<\/i>.<\/li>\n<li aria-level=\"1\"><b>Imprime 2 copias.<\/b><b><br \/><\/b><\/li>\n<li aria-level=\"1\">No es necesario indicar el NIA ni la nota media si no se conocen.\n<p>\u00a0<\/p>\n<\/li>\n<\/ul>\n<h3><span style=\"font-size: 12pt;\"><b>2. Generar la tasa del t\u00edtulo de T\u00e9cnico<\/b><\/span><\/h3>\n<ul>\n<li aria-level=\"1\">Accede al enlace:<br \/>\ud83d\udc49<a href=\"http:\/\/www.ceice.gva.es\/doc046\/gen\/es\/tasas.asp?idf=TITULOS\">\u00a0<b>Generar tasa de expedici\u00f3n del t\u00edtulo<\/b><b><\/b><\/a><\/li>\n<li aria-level=\"1\">Selecciona:\n<ul>\n<li aria-level=\"2\"><b>\u00d3rgano gestor<\/b>:\u00a0<i>\u00abInstitutos de Valencia\u00bb<\/i><\/li>\n<li aria-level=\"2\"><b>Tipo de tasa<\/b>:\u00a0<i>T\u00edtulo de T\u00e9cnico<\/i><\/li>\n<\/ul>\n<\/li>\n<li aria-level=\"1\">Sigue los pasos del asistente y genera el impreso con\u00a0<b>c\u00f3digo de barras<\/b>.<\/li>\n<li aria-level=\"1\">Se generan\u00a0<b>3 copias<\/b>: para el banco, la administraci\u00f3n y el interesado\/a.<\/li>\n<li aria-level=\"1\">Si dispones de:\n<ul>\n<li aria-level=\"2\">\ud83d\udc68\u200d\ud83d\udc69\u200d\ud83d\udc67\u00a0<b>Carnet de familia numerosa<\/b><b><br \/><\/b><\/li>\n<li aria-level=\"2\">\u267f\u00a0<b>Certificado de discapacidad (\u226533%)<\/b><b><br \/><\/b>ind\u00edcalo al generar la tasa.<\/li>\n<\/ul>\n<\/li>\n<\/ul>\n<p>\ud83d\udcb3 Puedes pagar en cajeros de las entidades indicadas o\u00a0<b>telem\u00e1ticamente<\/b>.<\/p>\n<p><em><b>\u00bfProblemas al generar la tasa?<\/b><\/em><b><br \/><\/b>Consulta el documento\u00a0<b>\u00ab<\/b><a href=\"http:\/\/www.hisenda.gva.es\/documents\/90598172\/91214219\/Importante_formulario_046_c.pdf\/d9434e1e-de15-41cc-9d99-cbfc09d43feb\"><b>Cuestiones t\u00e9cnicas<\/b><\/a><b>\u00ab<\/b>\u00a0o acude a Secretar\u00eda para obtener el impreso.<\/p>\n<h3><span style=\"font-size: 12pt;\"><b>3. Generar la tasa del certificado acad\u00e9mico<\/b><\/span><\/h3>\n<ul>\n<li aria-level=\"1\">Accede al enlace:<br \/>\ud83d\udc49<a href=\"http:\/\/www.ceice.gva.es\/doc046\/gen\/es\/tasas.asp?idf=ADMIN\">\u00a0<b>Generar tasa de certificado acad\u00e9mico<\/b><b><\/b><\/a><\/li>\n<li aria-level=\"1\">Selecciona:\n<ul>\n<li aria-level=\"2\"><b>\u00d3rgano gestor<\/b>:\u00a0<i>\u00abInstitutos de Valencia\u00bb<\/i><\/li>\n<li aria-level=\"2\"><b>Tipo de tasa<\/b>:\u00a0<i>Certificaciones acad\u00e9micas<\/i><\/li>\n<\/ul>\n<\/li>\n<li aria-level=\"1\">Repite el mismo proceso anterior (3 copias + pago en cajero o online).\n<p>\u00a0<\/p>\n<\/li>\n<\/ul>\n<h3><span style=\"font-size: 12pt;\"><b>4. Entregar la documentaci\u00f3n en Secretar\u00eda<\/b><\/span><\/h3>\n<p>\ud83d\uddd3\u00a0<b>Presenta todo el tr\u00e1mite el d\u00eda y hora que te indique tu tutor\/a.<\/b><\/p>\n<p>Si no puedes asistir personalmente, puedes autorizar a otra persona para que realice el tr\u00e1mite en tu lugar.<br \/>Tambi\u00e9n tienes la opci\u00f3n de hacerlo en septiembre, una vez se hayan retomado las clases.<\/p>\n<p>\u00a0<b>Documentaci\u00f3n obligatoria:<\/b><\/p>\n<ul>\n<li aria-level=\"1\">\ud83d\udcc4\u00a0<b>2 copias de la solicitud de t\u00edtulo<\/b><b><br \/><\/b><\/li>\n<li aria-level=\"1\">\ud83d\udcb0\u00a0<b>Tasas abonadas del t\u00edtulo<\/b>:\n<ul>\n<li aria-level=\"2\">Ejemplar para la Administraci\u00f3n + solicitud<\/li>\n<li aria-level=\"2\">Ejemplar para el interesado + solicitud<\/li>\n<li aria-level=\"2\"><i>Si pagaste online o en cajero: lleva 2 justificantes de pago<\/i><\/li>\n<\/ul>\n<\/li>\n<li aria-level=\"1\">\ud83d\udcb0\u00a0<b>Tasa del certificado acad\u00e9mico<\/b>:\n<ul>\n<li aria-level=\"2\">Ejemplar para la Administraci\u00f3n (<i>con justificante si es online<\/i>)<\/li>\n<\/ul>\n<\/li>\n<li aria-level=\"1\">\ud83e\udeaa\u00a0<b>Original y copia del DNI<\/b>\u00a0(o\u00a0<b>NIE<\/b>\u00a0en caso de alumnado extranjero)<\/li>\n<li aria-level=\"1\">\ud83d\udc68\u200d\ud83d\udc69\u200d\ud83d\udc67\u00a0<b>Carnet de familia numerosa<\/b>: original + copia<\/li>\n<li aria-level=\"1\">\u267f\u00a0<b>Certificado de discapacidad \u226533%<\/b>: original + copia\n<p>\u00a0<\/p>\n<\/li>\n<\/ul>\n<h3><span style=\"font-size: 12pt;\"><b>\u00a1 Importante !<\/b><\/span><\/h3>\n<p>Guarda una copia de:<\/p>\n<ul>\n<li aria-level=\"1\">La\u00a0<b>solicitud de t\u00edtulo<\/b>\u00a0y su tasa<\/li>\n<li aria-level=\"1\">El\u00a0<b>certificado acad\u00e9mico oficial con nota media<\/b><b><br \/>\ud83d\udc49 Te servir\u00e1n como\u00a0justificante provisional\u00a0hasta que llegue el t\u00edtulo definitivo.<\/b><\/li>\n<\/ul>\n<h3><span style=\"font-size: 12pt;\"><b>5. Recogida del t\u00edtulo<\/b><\/span><\/h3>\n<p>\ud83d\udcec El t\u00edtulo tarda aproximadamente\u00a0<b>2-3 a\u00f1os<\/b>\u00a0en llegar. Se notificar\u00e1 por carta.<\/p>\n<p>Para recogerlo:<\/p>\n<ul>\n<li aria-level=\"1\">\ud83d\udc64 Debe acudir el\/la interesado\/a con su\u00a0<b>DNI<\/b><b><br \/><\/b><\/li>\n<li aria-level=\"1\">\ud83d\udcc4 Si acude otra persona:\n<ul>\n<li aria-level=\"2\"><a href=\"http:\/\/www.fpmislata.com\/wordpress\/wp-content\/uploads\/Autorizaci%C3%B3n-RECOGIDA-DE-T%C3%8DTULO.pdf\">Autorizaci\u00f3n<\/a>\u00a0firmada<\/li>\n<li aria-level=\"2\">Fotocopia del DNI de quien autoriza<\/li>\n<li aria-level=\"2\">DNI original de la persona autorizada<\/li>\n<\/ul>\n<\/li>\n<\/ul>\n<p><!-- wp:tadv\/classic-paragraph \/--><\/p>\t\t\t\t\t<\/div>\n\t\t\t\t\t\t<\/div>\n\t\t\t\t<\/div>\n\t\t\t\t\t\t<\/div>\n\t\t\t\t\t<\/div>\n\t\t<\/div>\n\t\t\t\t\t\t\t\t<\/div>\n\t\t\t\t\t<\/div>\n\t\t<\/section>\n\t\t\t\t\t\t<\/div>\n\t\t\t\t\t\t<\/div>\n\t\t\t\t\t<\/div>\n\t\t","protected":false},"excerpt":{"rendered":"<p>SOLICITUD DE T\u00cdTULO DE T\u00c9CNICO (GRADO MEDIO) Una vez finalizados los estudios y realizada la evaluaci\u00f3n final de ciclo formativo (no es posible pagar las tasas de la solicitud de t\u00edtulo si previamente no se ha realizado la evaluaci\u00f3n final de ciclo formativo, lo cu\u00e1l comunicar\u00e1 el tutor del grupo), es conveniente solicitar el t\u00edtulo&hellip;<\/p>\n","protected":false},"author":1,"featured_media":0,"parent":522,"menu_order":0,"comment_status":"closed","ping_status":"closed","template":"","meta":{"ngg_post_thumbnail":0},"_links":{"self":[{"href":"https:\/\/www.fpmislata.com\/wordpress\/wp-json\/wp\/v2\/pages\/1264"}],"collection":[{"href":"https:\/\/www.fpmislata.com\/wordpress\/wp-json\/wp\/v2\/pages"}],"about":[{"href":"https:\/\/www.fpmislata.com\/wordpress\/wp-json\/wp\/v2\/types\/page"}],"author":[{"embeddable":true,"href":"https:\/\/www.fpmislata.com\/wordpress\/wp-json\/wp\/v2\/users\/1"}],"replies":[{"embeddable":true,"href":"https:\/\/www.fpmislata.com\/wordpress\/wp-json\/wp\/v2\/comments?post=1264"}],"version-history":[{"count":15,"href":"https:\/\/www.fpmislata.com\/wordpress\/wp-json\/wp\/v2\/pages\/1264\/revisions"}],"predecessor-version":[{"id":15954,"href":"https:\/\/www.fpmislata.com\/wordpress\/wp-json\/wp\/v2\/pages\/1264\/revisions\/15954"}],"up":[{"embeddable":true,"href":"https:\/\/www.fpmislata.com\/wordpress\/wp-json\/wp\/v2\/pages\/522"}],"wp:attachment":[{"href":"https:\/\/www.fpmislata.com\/wordpress\/wp-json\/wp\/v2\/media?parent=1264"}],"curies":[{"name":"wp","href":"https:\/\/api.w.org\/{rel}","templated":true}]}}