{"id":14180,"date":"2024-06-18T06:36:19","date_gmt":"2024-06-18T10:36:19","guid":{"rendered":"https:\/\/www.fpmislata.com\/wordpress\/?page_id=14180"},"modified":"2024-06-18T06:36:20","modified_gmt":"2024-06-18T10:36:20","slug":"puertas-abiertas-cursos-especializacion","status":"publish","type":"page","link":"https:\/\/www.fpmislata.com\/wordpress\/puertas-abiertas-cursos-especializacion\/","title":{"rendered":"Puertas abiertas Cursos Especializaci\u00f3n"},"content":{"rendered":"\n<p class=\"has-text-align-center has-vivid-cyan-blue-color has-text-color\" style=\"font-size:22px\"> <strong>\u00a1\u00a1Bienvenid@ a las Jornadas de PUERTAS ABIERTAS online de nuestros Cursos de Especializaci\u00f3n !!<\/strong><\/p>\n\n\n\n<div style=\"height:25px\" aria-hidden=\"true\" class=\"wp-block-spacer\"><\/div>\n\n\n\n<p>Estamos encantados de compartir este <strong>evento en l\u00ednea<\/strong> donde poder acercaros la Formaci\u00f3n Profesional y nuestra <strong>oferta formativa de Cursos de Especializaci\u00f3n (los conocidos como M\u00e1steres de la FP)<\/strong>.\u00a0Sabemos que cuando est\u00e1is a punto de terminar vuestro ciclo de grado superior, dese\u00e9is seguir estudiando uno de los m\u00e1steres de FP que os ayudan a tener una mayor especializaci\u00f3n en determinadas \u00e1reas.<\/p>\n\n\n\n<p><strong><em>\u00bfCu\u00e1ndo se realizan las Jornadas?&nbsp;<\/em><\/strong><\/p>\n\n\n\n<p>Las Jornadas estar\u00e1n accesibles durante todo el curso a trav\u00e9s de esta p\u00e1gina.&nbsp;<\/p>\n\n\n\n<p><strong><em>\u00bf En qu\u00e9 consisten estas Jornadas?<\/em><\/strong><\/p>\n\n\n\n<p>Se trata de unos <span style=\"text-decoration: underline\" class=\"underline\">videos muy din\u00e1micos<\/span><strong> <\/strong>con informaci\u00f3n general de la Formaci\u00f3n Profesional, de nuestro centro educativo y adem\u00e1s, de todos nuestros Cursos de Especializaci\u00f3n.\u00a0<\/p>\n\n\n\n<p>Al final de cada v\u00eddeo encontrar\u00e1s un <span style=\"text-decoration: underline\" class=\"underline\">email de contacto<\/span> con el departamento correspondiente para poder resolver cualquier cuesti\u00f3n que te pueda surgir. An\u00edmate a escribirnos y no te quedes con la duda!!&nbsp;<\/p>\n\n\n\n<p class=\"has-text-align-right\"><img loading=\"lazy\" width=\"28\" height=\"28\" src=\"data:image\/gif;base64,R0lGODlhAQABAAAAACH5BAEKAAEALAAAAAABAAEAAAICTAEAOw==\" class=\"lazyload\" data-src=\"https:\/\/lh4.googleusercontent.com\/UbKywkkwqH229BV02qUw23lU0zkZ52M52LJzjMvOnkgIWl3jkEsuTqMOgZengAwzxEb4KJGNn9NV3llhov9P63XnUsRczBEqy3bYz8XtnQfJ4i1r9n8fxUYWpXMn45D-FAoePdFp\"> <em style=\"\">Elige tu itinerario y visualiza los videos que te interesan todas las veces que&nbsp; desees<b> <\/b>y <\/em><em>comp\u00e1rtelos !!&nbsp; <\/em><img loading=\"lazy\" width=\"20\" height=\"20\" src=\"data:image\/gif;base64,R0lGODlhAQABAAAAACH5BAEKAAEALAAAAAABAAEAAAICTAEAOw==\" class=\"lazyload\" data-src=\"https:\/\/lh6.googleusercontent.com\/73KYyhdZJ1MwxsHYHWaMqRfnyq_ngRLsnZHpEG0TDL6hRMU7QCYXkxTfuOlAzT9t4pfUEZDx_9jnykQ3HA8onEt8iyd_c1KoMct-E1u8cu85eyLr5tsuDurg9mzK-3AcEsknuPVN\"><\/p>\n\n\n\n<p><strong><em>\u00bf Qui\u00e9n puede participar?&nbsp;<\/em><\/strong><\/p>\n\n\n\n<p>No requiere preinscripci\u00f3n, y cualquier persona interesada puede visitar nuestras Jornadas.<\/p>\n\n\n\n<p><\/p>\n\n\n\n<p class=\"has-text-align-center has-vivid-cyan-blue-color has-text-color has-medium-font-size\"><strong><em>&nbsp;<\/em><\/strong><strong><em>Tu futuro te espera! Elige FP, elige CIPFP Mislata!!<\/em><\/strong><strong><em>&nbsp;<\/em><\/strong><\/p>\n\n\n\n<div class=\"wp-block-columns\">\n<div class=\"wp-block-column\">\n<blockquote class=\"wp-block-quote is-style-default\"><p><strong>\u00bfPor qu\u00e9 estudiar FP?<\/strong><\/p><\/blockquote>\n\n\n\n<figure class=\"wp-block-embed aligncenter is-type-video is-provider-youtube wp-block-embed-youtube wp-embed-aspect-16-9 wp-has-aspect-ratio\"><div class=\"wp-block-embed__wrapper\">\n<iframe loading=\"lazy\" title=\"Siete razones para estudiar FP - Jornada de puertas abiertas CIPFP Mislata\" width=\"640\" height=\"360\" src=\"about:blank\" frameborder=\"0\" allow=\"accelerometer; autoplay; clipboard-write; encrypted-media; gyroscope; picture-in-picture\" allowfullscreen=\"\" class=\"lazyload\" data-src=\"https:\/\/www.youtube.com\/embed\/ElBbGaAf7ck?feature=oembed\"><\/iframe>\n<\/div><\/figure>\n<\/div>\n\n\n\n<div class=\"wp-block-column\" style=\"flex-basis:6%\"><\/div>\n\n\n\n<div class=\"wp-block-column\">\n<blockquote class=\"wp-block-quote is-style-default\"><p><strong>\u00bfPor qu\u00e9 estudiar con nosotros?<\/strong><\/p><\/blockquote>\n\n\n\n<figure class=\"wp-block-embed is-type-video is-provider-youtube wp-block-embed-youtube wp-embed-aspect-16-9 wp-has-aspect-ratio\"><div class=\"wp-block-embed__wrapper\">\n<iframe loading=\"lazy\" title=\"\u00bfPorqu\u00e9 estudiar FP en CIPFP Mislata?\" width=\"640\" height=\"360\" src=\"about:blank\" frameborder=\"0\" allow=\"accelerometer; autoplay; clipboard-write; encrypted-media; gyroscope; picture-in-picture\" allowfullscreen=\"\" class=\"lazyload\" data-src=\"https:\/\/www.youtube.com\/embed\/H4OaVU8ISz4?feature=oembed\"><\/iframe>\n<\/div><\/figure>\n<\/div>\n\n\n\n<div class=\"wp-block-column\" style=\"flex-basis:6%\"><\/div>\n<\/div>\n\n\n\n<hr class=\"wp-block-separator\"\/>\n\n\n\n<p class=\"has-text-align-center has-vivid-cyan-blue-color has-white-background-color has-text-color has-background\" style=\"font-size:25px\"><strong><em>\u00a0NUESTROS CURSOS DE ESPECIALIZACI\u00d3N<\/em><\/strong><strong><em>\u00a0<\/em><\/strong><\/p>\n\n\n\n<div class=\"wp-block-columns\">\n<div class=\"wp-block-column\">\n<div class=\"wp-block-group\"><div class=\"wp-block-group__inner-container\">\n<blockquote class=\"wp-block-quote\"><p><strong>Inform\u00e1tica<\/strong><\/p><\/blockquote>\n\n\n\n<figure class=\"wp-block-embed is-type-video is-provider-youtube wp-block-embed-youtube wp-embed-aspect-16-9 wp-has-aspect-ratio\"><div class=\"wp-block-embed__wrapper\">\n<iframe loading=\"lazy\" title=\"Curso de Especializaci\u00f3n Ciberseguridad\" width=\"640\" height=\"360\" src=\"about:blank\" frameborder=\"0\" allow=\"accelerometer; autoplay; clipboard-write; encrypted-media; gyroscope; picture-in-picture\" allowfullscreen=\"\" class=\"lazyload\" data-src=\"https:\/\/www.youtube.com\/embed\/Xr1TxZNNQ2A?feature=oembed\"><\/iframe>\n<\/div><\/figure>\n<\/div><\/div>\n<\/div>\n\n\n\n<div class=\"wp-block-column\">\n<blockquote class=\"wp-block-quote\"><p><strong>Inform\u00e1tica<\/strong><\/p><\/blockquote>\n\n\n\n<figure class=\"wp-block-embed is-type-video is-provider-youtube wp-block-embed-youtube wp-embed-aspect-16-9 wp-has-aspect-ratio\"><div class=\"wp-block-embed__wrapper\">\n<iframe loading=\"lazy\" title=\"Curso de especializaci\u00f3n en IA y Big Data (CIPFP Mislata)\" width=\"640\" height=\"360\" src=\"about:blank\" frameborder=\"0\" allow=\"accelerometer; autoplay; clipboard-write; encrypted-media; gyroscope; picture-in-picture; web-share\" referrerpolicy=\"strict-origin-when-cross-origin\" allowfullscreen=\"\" class=\"lazyload\" data-src=\"https:\/\/www.youtube.com\/embed\/rbIWXuv0bbo?feature=oembed\"><\/iframe>\n<\/div><\/figure>\n<\/div>\n<\/div>\n","protected":false},"excerpt":{"rendered":"<p>\u00a1\u00a1Bienvenid@ a las Jornadas de PUERTAS ABIERTAS online de nuestros Cursos de Especializaci\u00f3n !! Estamos encantados de compartir este evento en l\u00ednea donde poder acercaros la Formaci\u00f3n Profesional y nuestra oferta formativa de Cursos de Especializaci\u00f3n (los conocidos como M\u00e1steres de la FP).\u00a0Sabemos que cuando est\u00e1is a punto de terminar vuestro ciclo de grado superior,&hellip;<\/p>\n","protected":false},"author":13,"featured_media":7387,"parent":0,"menu_order":0,"comment_status":"closed","ping_status":"closed","template":"","meta":{"ngg_post_thumbnail":0},"_links":{"self":[{"href":"https:\/\/www.fpmislata.com\/wordpress\/wp-json\/wp\/v2\/pages\/14180"}],"collection":[{"href":"https:\/\/www.fpmislata.com\/wordpress\/wp-json\/wp\/v2\/pages"}],"about":[{"href":"https:\/\/www.fpmislata.com\/wordpress\/wp-json\/wp\/v2\/types\/page"}],"author":[{"embeddable":true,"href":"https:\/\/www.fpmislata.com\/wordpress\/wp-json\/wp\/v2\/users\/13"}],"replies":[{"embeddable":true,"href":"https:\/\/www.fpmislata.com\/wordpress\/wp-json\/wp\/v2\/comments?post=14180"}],"version-history":[{"count":1,"href":"https:\/\/www.fpmislata.com\/wordpress\/wp-json\/wp\/v2\/pages\/14180\/revisions"}],"predecessor-version":[{"id":14182,"href":"https:\/\/www.fpmislata.com\/wordpress\/wp-json\/wp\/v2\/pages\/14180\/revisions\/14182"}],"wp:featuredmedia":[{"embeddable":true,"href":"https:\/\/www.fpmislata.com\/wordpress\/wp-json\/wp\/v2\/media\/7387"}],"wp:attachment":[{"href":"https:\/\/www.fpmislata.com\/wordpress\/wp-json\/wp\/v2\/media?parent=14180"}],"curies":[{"name":"wp","href":"https:\/\/api.w.org\/{rel}","templated":true}]}}