{"id":15165,"date":"2025-03-05T08:09:54","date_gmt":"2025-03-05T12:09:54","guid":{"rendered":"https:\/\/www.fpmislata.com\/wordpress\/?page_id=15165"},"modified":"2025-03-05T08:13:15","modified_gmt":"2025-03-05T12:13:15","slug":"oficina-de-orientacion-profesional","status":"publish","type":"page","link":"https:\/\/www.fpmislata.com\/wordpress\/oficina-de-orientacion-profesional\/","title":{"rendered":"Oficina de informaci\u00f3n y orientaci\u00f3n profesional"},"content":{"rendered":"\t\t<div data-elementor-type=\"wp-page\" data-elementor-id=\"15165\" class=\"elementor elementor-15165\" data-elementor-settings=\"[]\">\n\t\t\t\t\t\t<div class=\"elementor-inner\">\n\t\t\t\t\t\t\t<div class=\"elementor-section-wrap\">\n\t\t\t\t\t\t\t<section class=\"elementor-section elementor-top-section elementor-element elementor-element-567379a elementor-section-boxed elementor-section-height-default elementor-section-height-default\" data-id=\"567379a\" data-element_type=\"section\">\n\t\t\t\t\t\t<div class=\"elementor-container elementor-column-gap-default\">\n\t\t\t\t\t\t\t<div class=\"elementor-row\">\n\t\t\t\t\t<div class=\"elementor-column elementor-col-100 elementor-top-column elementor-element elementor-element-39bfa48\" data-id=\"39bfa48\" data-element_type=\"column\">\n\t\t\t<div class=\"elementor-column-wrap elementor-element-populated\">\n\t\t\t\t\t\t\t<div class=\"elementor-widget-wrap\">\n\t\t\t\t\t\t<div class=\"elementor-element elementor-element-4e52f04 elementor-widget elementor-widget-heading\" data-id=\"4e52f04\" data-element_type=\"widget\" data-widget_type=\"heading.default\">\n\t\t\t\t<div class=\"elementor-widget-container\">\n\t\t\t<h2 class=\"elementor-heading-title elementor-size-default\">OFICINA D'INFORMACI\u00d3 I ORIENTACI\u00d3 PROFESSIONAL CIPFP MISLATA<\/h2>\t\t<\/div>\n\t\t\t\t<\/div>\n\t\t\t\t\t\t<\/div>\n\t\t\t\t\t<\/div>\n\t\t<\/div>\n\t\t\t\t\t\t\t\t<\/div>\n\t\t\t\t\t<\/div>\n\t\t<\/section>\n\t\t\t\t<section class=\"elementor-section elementor-top-section elementor-element elementor-element-290c60d elementor-section-boxed elementor-section-height-default elementor-section-height-default\" data-id=\"290c60d\" data-element_type=\"section\">\n\t\t\t\t\t\t<div class=\"elementor-container elementor-column-gap-default\">\n\t\t\t\t\t\t\t<div class=\"elementor-row\">\n\t\t\t\t\t<div class=\"elementor-column elementor-col-100 elementor-top-column elementor-element elementor-element-8334fd3\" data-id=\"8334fd3\" data-element_type=\"column\">\n\t\t\t<div class=\"elementor-column-wrap elementor-element-populated\">\n\t\t\t\t\t\t\t<div class=\"elementor-widget-wrap\">\n\t\t\t\t\t\t<div class=\"elementor-element elementor-element-9515807 elementor-widget elementor-widget-text-editor\" data-id=\"9515807\" data-element_type=\"widget\" data-widget_type=\"text-editor.default\">\n\t\t\t\t<div class=\"elementor-widget-container\">\n\t\t\t\t\t\t\t\t<div class=\"elementor-text-editor elementor-clearfix\">\n\t\t\t\t\t<h2 style=\"text-align: center;\"><a href=\"mailto:46019660.orientafp@edu.gva.es\">46019660.orientafp@edu.gva.es<\/a><\/h2>\t\t\t\t\t<\/div>\n\t\t\t\t\t\t<\/div>\n\t\t\t\t<\/div>\n\t\t\t\t\t\t<\/div>\n\t\t\t\t\t<\/div>\n\t\t<\/div>\n\t\t\t\t\t\t\t\t<\/div>\n\t\t\t\t\t<\/div>\n\t\t<\/section>\n\t\t\t\t<section class=\"elementor-section elementor-top-section elementor-element elementor-element-815a3bf elementor-section-boxed elementor-section-height-default elementor-section-height-default\" data-id=\"815a3bf\" data-element_type=\"section\">\n\t\t\t\t\t\t<div class=\"elementor-container elementor-column-gap-default\">\n\t\t\t\t\t\t\t<div class=\"elementor-row\">\n\t\t\t\t\t<div class=\"elementor-column elementor-col-100 elementor-top-column elementor-element elementor-element-0af2c4a\" data-id=\"0af2c4a\" data-element_type=\"column\">\n\t\t\t<div class=\"elementor-column-wrap elementor-element-populated\">\n\t\t\t\t\t\t\t<div class=\"elementor-widget-wrap\">\n\t\t\t\t\t\t<div class=\"elementor-element elementor-element-793081e elementor-widget elementor-widget-text-editor\" data-id=\"793081e\" data-element_type=\"widget\" data-widget_type=\"text-editor.default\">\n\t\t\t\t<div class=\"elementor-widget-container\">\n\t\t\t\t\t\t\t\t<div class=\"elementor-text-editor elementor-clearfix\">\n\t\t\t\t\t<p>Si necessites suport individualitzat per a prendre les teues pr\u00f2ximes decisions en l&#8217;\u00e0mbit professional o formatiu, estem a la teua disposici\u00f3. Nom\u00e9s has d&#8217;enviar un correu a l&#8217;adre\u00e7a indicada, explicant-nos qu\u00e8 necessites.<\/p>\t\t\t\t\t<\/div>\n\t\t\t\t\t\t<\/div>\n\t\t\t\t<\/div>\n\t\t\t\t\t\t<\/div>\n\t\t\t\t\t<\/div>\n\t\t<\/div>\n\t\t\t\t\t\t\t\t<\/div>\n\t\t\t\t\t<\/div>\n\t\t<\/section>\n\t\t\t\t<section class=\"elementor-section elementor-top-section elementor-element elementor-element-15d65ec elementor-section-boxed elementor-section-height-default elementor-section-height-default\" data-id=\"15d65ec\" data-element_type=\"section\">\n\t\t\t\t\t\t<div class=\"elementor-container elementor-column-gap-default\">\n\t\t\t\t\t\t\t<div class=\"elementor-row\">\n\t\t\t\t\t<div class=\"elementor-column elementor-col-100 elementor-top-column elementor-element elementor-element-47a46c5\" data-id=\"47a46c5\" data-element_type=\"column\">\n\t\t\t<div class=\"elementor-column-wrap elementor-element-populated\">\n\t\t\t\t\t\t\t<div class=\"elementor-widget-wrap\">\n\t\t\t\t\t\t<div class=\"elementor-element elementor-element-b8289dd elementor-widget elementor-widget-image\" data-id=\"b8289dd\" data-element_type=\"widget\" data-widget_type=\"image.default\">\n\t\t\t\t<div class=\"elementor-widget-container\">\n\t\t\t\t\t\t\t\t<div class=\"elementor-image\">\n\t\t\t\t\t\t\t\t\t\t\t\t<img width=\"640\" height=\"426\" src=\"data:image\/gif;base64,R0lGODlhAQABAAAAACH5BAEKAAEALAAAAAABAAEAAAICTAEAOw==\" class=\"attachment-large size-large lazyload\" alt=\"\" loading=\"lazy\" sizes=\"(max-width: 640px) 100vw, 640px\" data-src=\"https:\/\/www.fpmislata.com\/wordpress\/wp-content\/uploads\/female-colleagues-discussing-paperwork-in-the-offi-2024-03-23-00-05-51-utc-800x533.jpg\" data-srcset=\"https:\/\/www.fpmislata.com\/wordpress\/wp-content\/uploads\/female-colleagues-discussing-paperwork-in-the-offi-2024-03-23-00-05-51-utc-800x533.jpg 800w, https:\/\/www.fpmislata.com\/wordpress\/wp-content\/uploads\/female-colleagues-discussing-paperwork-in-the-offi-2024-03-23-00-05-51-utc-300x200.jpg 300w, https:\/\/www.fpmislata.com\/wordpress\/wp-content\/uploads\/female-colleagues-discussing-paperwork-in-the-offi-2024-03-23-00-05-51-utc-768x512.jpg 768w, https:\/\/www.fpmislata.com\/wordpress\/wp-content\/uploads\/female-colleagues-discussing-paperwork-in-the-offi-2024-03-23-00-05-51-utc-1536x1024.jpg 1536w, https:\/\/www.fpmislata.com\/wordpress\/wp-content\/uploads\/female-colleagues-discussing-paperwork-in-the-offi-2024-03-23-00-05-51-utc-2048x1365.jpg 2048w\">\t\t\t\t\t\t\t\t\t\t\t\t\t\t<\/div>\n\t\t\t\t\t\t<\/div>\n\t\t\t\t<\/div>\n\t\t\t\t\t\t<\/div>\n\t\t\t\t\t<\/div>\n\t\t<\/div>\n\t\t\t\t\t\t\t\t<\/div>\n\t\t\t\t\t<\/div>\n\t\t<\/section>\n\t\t\t\t<section class=\"elementor-section elementor-top-section elementor-element elementor-element-9defd8e elementor-section-boxed elementor-section-height-default elementor-section-height-default\" data-id=\"9defd8e\" data-element_type=\"section\">\n\t\t\t\t\t\t<div class=\"elementor-container elementor-column-gap-default\">\n\t\t\t\t\t\t\t<div class=\"elementor-row\">\n\t\t\t\t\t<div class=\"elementor-column elementor-col-100 elementor-top-column elementor-element elementor-element-a06ecda\" data-id=\"a06ecda\" data-element_type=\"column\">\n\t\t\t<div class=\"elementor-column-wrap elementor-element-populated\">\n\t\t\t\t\t\t\t<div class=\"elementor-widget-wrap\">\n\t\t\t\t\t\t<div class=\"elementor-element elementor-element-8953796 elementor-widget elementor-widget-heading\" data-id=\"8953796\" data-element_type=\"widget\" data-widget_type=\"heading.default\">\n\t\t\t\t<div class=\"elementor-widget-container\">\n\t\t\t<h2 class=\"elementor-heading-title elementor-size-default\">ESTE SERVICI EST\u00c0 DISPONIBLE PER A QUALSEVOL PERSONA, ENCARA QUE NO \nPERTANGA AL CENTRE EDUCATIU\n<\/h2>\t\t<\/div>\n\t\t\t\t<\/div>\n\t\t\t\t\t\t<\/div>\n\t\t\t\t\t<\/div>\n\t\t<\/div>\n\t\t\t\t\t\t\t\t<\/div>\n\t\t\t\t\t<\/div>\n\t\t<\/section>\n\t\t\t\t<section class=\"elementor-section elementor-top-section elementor-element elementor-element-fc6473a elementor-section-boxed elementor-section-height-default elementor-section-height-default\" data-id=\"fc6473a\" data-element_type=\"section\">\n\t\t\t\t\t\t<div class=\"elementor-container elementor-column-gap-default\">\n\t\t\t\t\t\t\t<div class=\"elementor-row\">\n\t\t\t\t\t<div class=\"elementor-column elementor-col-100 elementor-top-column elementor-element elementor-element-07de46e\" data-id=\"07de46e\" data-element_type=\"column\">\n\t\t\t<div class=\"elementor-column-wrap elementor-element-populated\">\n\t\t\t\t\t\t\t<div class=\"elementor-widget-wrap\">\n\t\t\t\t\t\t<div class=\"elementor-element elementor-element-02d881f elementor-widget elementor-widget-text-editor\" data-id=\"02d881f\" data-element_type=\"widget\" data-widget_type=\"text-editor.default\">\n\t\t\t\t<div class=\"elementor-widget-container\">\n\t\t\t\t\t\t\t\t<div class=\"elementor-text-editor elementor-clearfix\">\n\t\t\t\t\t<p>El servici pot interessar-te s\u00ed:<\/p><ul><li>Has acabat o est\u00e0s a punt d&#8217;acabar una etapa educativa o formativa i no tens clar que fer ara.<\/li><li>Tens experi\u00e8ncia en una professi\u00f3 per\u00f2 no tens un t\u00edtol que t&#8217;avale i t&#8217;agradaria tindre una acreditaci\u00f3 oficial del que saps sense haver de cursar cap mena de formaci\u00f3.<\/li><li>Desitges formaci\u00f3 cont\u00ednua, actualitzar la teua formaci\u00f3 o millorar les teues compet\u00e8ncies per a poder avan\u00e7ar en la teua carrera professional.<\/li><li>El teu sector professional est\u00e0 en evoluci\u00f3 i necessites adaptar-te o requerixes canviar de sector professional.<\/li><li>Tens pensat emprendre.<\/li><li>Est\u00e0s tenint problemes per a trobar un treball que et permeta construir un projecte de vida.<\/li><li>O simplement desitges qualsevol tipus d&#8217;informaci\u00f3 sobre l&#8217;oferta de formaci\u00f3 professional o el procediment d&#8217;acreditaci\u00f3 de compet\u00e8ncies professionals adquirides a trav\u00e9s de l&#8217;experi\u00e8ncia professional o altres vies.<\/li><\/ul><h2 style=\"text-align: center;\">T&#8217;ESPEREM!!!<\/h2>\t\t\t\t\t<\/div>\n\t\t\t\t\t\t<\/div>\n\t\t\t\t<\/div>\n\t\t\t\t\t\t<\/div>\n\t\t\t\t\t<\/div>\n\t\t<\/div>\n\t\t\t\t\t\t\t\t<\/div>\n\t\t\t\t\t<\/div>\n\t\t<\/section>\n\t\t\t\t\t\t<\/div>\n\t\t\t\t\t\t<\/div>\n\t\t\t\t\t<\/div>\n\t\t","protected":false},"excerpt":{"rendered":"<p>OFICINA D&#8217;INFORMACI\u00d3 I ORIENTACI\u00d3 PROFESSIONAL CIPFP MISLATA<\/p>\n","protected":false},"author":13,"featured_media":15167,"parent":0,"menu_order":0,"comment_status":"closed","ping_status":"closed","template":"","meta":{"ngg_post_thumbnail":0},"_links":{"self":[{"href":"https:\/\/www.fpmislata.com\/wordpress\/wp-json\/wp\/v2\/pages\/15165"}],"collection":[{"href":"https:\/\/www.fpmislata.com\/wordpress\/wp-json\/wp\/v2\/pages"}],"about":[{"href":"https:\/\/www.fpmislata.com\/wordpress\/wp-json\/wp\/v2\/types\/page"}],"author":[{"embeddable":true,"href":"https:\/\/www.fpmislata.com\/wordpress\/wp-json\/wp\/v2\/users\/13"}],"replies":[{"embeddable":true,"href":"https:\/\/www.fpmislata.com\/wordpress\/wp-json\/wp\/v2\/comments?post=15165"}],"version-history":[{"count":13,"href":"https:\/\/www.fpmislata.com\/wordpress\/wp-json\/wp\/v2\/pages\/15165\/revisions"}],"predecessor-version":[{"id":15180,"href":"https:\/\/www.fpmislata.com\/wordpress\/wp-json\/wp\/v2\/pages\/15165\/revisions\/15180"}],"wp:featuredmedia":[{"embeddable":true,"href":"https:\/\/www.fpmislata.com\/wordpress\/wp-json\/wp\/v2\/media\/15167"}],"wp:attachment":[{"href":"https:\/\/www.fpmislata.com\/wordpress\/wp-json\/wp\/v2\/media?parent=15165"}],"curies":[{"name":"wp","href":"https:\/\/api.w.org\/{rel}","templated":true}]}}