{"id":175,"date":"2018-03-10T16:00:29","date_gmt":"2018-03-10T16:00:29","guid":{"rendered":"http:\/\/www.fpmislata.com\/wordpress\/?page_id=175"},"modified":"2021-09-22T05:56:12","modified_gmt":"2021-09-22T09:56:12","slug":"fol-formacion-orientacion-laboral","status":"publish","type":"page","link":"https:\/\/www.fpmislata.com\/wordpress\/departamentos\/fol-formacion-orientacion-laboral\/","title":{"rendered":"Departamento Formaci\u00f3n y Orientaci\u00f3n Laboral"},"content":{"rendered":"<p style=\"text-align: justify;\">El Departament de FOL \u00e9s un departament transversal. Aix\u00f2 vol dir, entre altres q\u00fcestions, que els ensenyaments que formen part de la nostra especialitat afecten per igual a totes les fam\u00edlies professionals.<\/p>\n<p style=\"text-align: justify;\">\u00c9s clar que, per a desenvolupar amb \u00e8xit la teua professi\u00f3, haur\u00e0s d\u2019adquirir una s\u00e8rie de compet\u00e8ncies professionals, per\u00f2 tamb\u00e9 ho \u00e9s que, per poder ser empleat en el lloc de treball on les pugues realitzar, necessitar\u00e0s, a m\u00e9s a m\u00e9s, con\u00e8ixer quins s\u00f3n els mitjans que has de fer servir per obtindre una ocupaci\u00f3.<\/p>\n<p style=\"text-align: justify;\">De fct, la contribuci\u00f3 del nostre departament t\u00e9 per objecte afavorir un dels fins prioritaris des del punt de vista de la Formaci\u00f3 Professional: l\u2019acc\u00e9s al m\u00f3n del treball. Per aconseguir aquesta fita \u00e9s imprescindible con\u00e8ixer quins s\u00f3n els diferents instruments \u2013legals o no &#8211; que la fan possible. L\u2019orientaci\u00f3 laboral ofereix, doncs, la informaci\u00f3 necess\u00e0ria per a accedir al m\u00f3n laboral, tot i tenint present les circumst\u00e0ncies que envolten el nostre entorn productiu. Aquesta assumeix, per tant, un paper cabdal, sense la qual molt dif\u00edcilment podrien complir-se la resta dels objectius que la pressuposen.<\/p>\n<p style=\"text-align: justify;\">Des d\u2019aquest mateix punt de vista \u2013el del acc\u00e9s al m\u00f3n del treball-, hem de recordar que l\u2019aportaci\u00f3 de la nostra especialitat a la formaci\u00f3 professional \u00e9s encara m\u00e9s ampla si tenim present que no nom\u00e9s es redueix a un \u00fanic punt de vista \u2013el del col\u2022lectiu de treballadors empleats per compte ali\u00e8- sin\u00f3 que tamb\u00e9 contempla altre tipus de realitats, com la dels emprenedors \u2013especialment a partir de la implantaci\u00f3 del m\u00f2dul d\u2019\u201cEmpresa i Iniciativa Emprenedora\u201d. De fet, l\u2019eix a partir del qual es vertebra l\u2019aportaci\u00f3 de la nostra especialitat continua sent el mateix: el treball. Per tant, el que es dedueix d\u2019aquest fet \u00e9s la necessitat de realitzar un plantejament m\u00e9s global, a partir del qual puga visualitzar-se m\u00e9s f\u00e0cilment les aportacions i la complementarietat de totes dues realitats: la dels treballadors i la dels emprenedors o empresaris.<\/p>\n<p style=\"text-align: justify;\">Tanmateix, som conscients que l\u2019acc\u00e9s al m\u00f3n del treball, a m\u00e9s de ser un objectiu, \u00e9s tamb\u00e9 una requisit per a plantejar-nos altre tipus de q\u00fcestions, com quines s\u00f3n les condicions i les circumst\u00e0ncies que envolten aqueix treball. Des d\u2019aquest punt de vista, conv\u00e9 que els treballadors i treballadores coneguen els seus drets i deures com a part d\u2019una relaci\u00f3 laboral, per\u00f2 tamb\u00e9 com a subjectes sotmesos a uns s\u00e8rie de riscos per a la seua salut i seguretat. Nom\u00e9s d\u2019aquesta forma estaran en situaci\u00f3 de romandre amb garanties dins aquesta realitat.<\/p>\n<p style=\"text-align: justify;\">Al remat, el nostre objectiu \u00e9s que els alumnes\/as estiguen en situaci\u00f3 de poder valorar una bona part de les q\u00fcestions que afecten al seu treball. Per aix\u00f2, els convidem a reflexionar sobre els continguts que formen part de la nostra especialitat, perqu\u00e8 entenem que, nom\u00e9s aix\u00ed, podran atribuir-los el seu veritable significat.<\/p>\n<p style=\"text-align: justify;\">Aquest \u00e9s, en resum, el sentit del nostre treball, i aquestos s\u00f3n, tamb\u00e9, els motius que ens fan gaudir d\u2019ell.<\/p>\n<p>&nbsp;<\/p>\n","protected":false},"excerpt":{"rendered":"<p>El Departament de FOL \u00e9s un departament transversal. Aix\u00f2 vol dir, entre altres q\u00fcestions, que els ensenyaments que formen part de la nostra especialitat afecten per igual a totes les fam\u00edlies professionals. \u00c9s clar que, per a desenvolupar amb \u00e8xit la teua professi\u00f3, haur\u00e0s d\u2019adquirir una s\u00e8rie de compet\u00e8ncies professionals, per\u00f2 tamb\u00e9 ho \u00e9s que,&hellip;<\/p>\n","protected":false},"author":1,"featured_media":1852,"parent":61,"menu_order":0,"comment_status":"closed","ping_status":"closed","template":"","meta":{"ngg_post_thumbnail":0},"_links":{"self":[{"href":"https:\/\/www.fpmislata.com\/wordpress\/wp-json\/wp\/v2\/pages\/175"}],"collection":[{"href":"https:\/\/www.fpmislata.com\/wordpress\/wp-json\/wp\/v2\/pages"}],"about":[{"href":"https:\/\/www.fpmislata.com\/wordpress\/wp-json\/wp\/v2\/types\/page"}],"author":[{"embeddable":true,"href":"https:\/\/www.fpmislata.com\/wordpress\/wp-json\/wp\/v2\/users\/1"}],"replies":[{"embeddable":true,"href":"https:\/\/www.fpmislata.com\/wordpress\/wp-json\/wp\/v2\/comments?post=175"}],"version-history":[{"count":1,"href":"https:\/\/www.fpmislata.com\/wordpress\/wp-json\/wp\/v2\/pages\/175\/revisions"}],"predecessor-version":[{"id":8965,"href":"https:\/\/www.fpmislata.com\/wordpress\/wp-json\/wp\/v2\/pages\/175\/revisions\/8965"}],"up":[{"embeddable":true,"href":"https:\/\/www.fpmislata.com\/wordpress\/wp-json\/wp\/v2\/pages\/61"}],"wp:featuredmedia":[{"embeddable":true,"href":"https:\/\/www.fpmislata.com\/wordpress\/wp-json\/wp\/v2\/media\/1852"}],"wp:attachment":[{"href":"https:\/\/www.fpmislata.com\/wordpress\/wp-json\/wp\/v2\/media?parent=175"}],"curies":[{"name":"wp","href":"https:\/\/api.w.org\/{rel}","templated":true}]}}