{"id":179,"date":"2018-03-10T16:07:46","date_gmt":"2018-03-10T16:07:46","guid":{"rendered":"http:\/\/www.fpmislata.com\/wordpress\/?page_id=179"},"modified":"2023-01-10T08:11:57","modified_gmt":"2023-01-10T12:11:57","slug":"administracion","status":"publish","type":"page","link":"https:\/\/www.fpmislata.com\/wordpress\/departamentos\/administracion\/","title":{"rendered":"Departamento de Administraci\u00f3n"},"content":{"rendered":"<p>&nbsp;<\/p>\n<div class=\"su-button-center\"><a href=\"https:\/\/www.fpmislata.com\/wordpress\/formacion\/ciclos-formativos-administracion-ga-sga-af\/\" class=\"su-button su-button-style-default\" style=\"color:#ffffff;background-color:#2D89EF;border-color:#246ec0;border-radius:34px;-moz-border-radius:34px;-webkit-border-radius:34px\" target=\"_self\"><span style=\"color:#ffffff;padding:0px 18px;font-size:14px;line-height:28px;border-color:#6cadf4;border-radius:34px;-moz-border-radius:34px;-webkit-border-radius:34px;text-shadow:none;-moz-text-shadow:none;-webkit-text-shadow:none\"> ENLACE A CICLOS FORMATIVOS DE ADMINISTRACION<\/span><\/a><\/div>\n<p>&nbsp;<\/p>\n<hr>\n<p style=\"text-align: justify;\">Bienvenid@s al Departamento de Administraci\u00f3n de Empresas.<\/p>\n<p style=\"text-align: justify;\">Nuestro departamento es el \u00f3rgano responsable de organizar y desarrollar las ense\u00f1anzas propias de los ciclos formativos de grado medio y superior de Administraci\u00f3n. <a href=\"https:\/\/youtu.be\/WWN422BPsIc\" target=\"_blank\" rel=\"noopener\">Con\u00f3cenos mejor a trav\u00e9s de este video<\/a><\/p>\n<p style=\"text-align: justify;\">Somos un equipo de profesores especializados en el \u00e1rea de la administraci\u00f3n empresarial, que preparamos a los alumnos y les ayudamos a insertarse en el mundo laboral con una formaci\u00f3n de calidad. Actualmente impartimos ense\u00f1anzas de dos ciclos formativos:<\/p>\n<ul>\n<li style=\"text-align: justify;\"><span style=\"color: #0000ff;\"><strong><a style=\"color: #0000ff;\" href=\"http:\/\/www.ceice.gva.es\/web\/formacion-profesional\/publicador-ciclos\/-\/asset_publisher\/FRACVC0hANWa\/content\/ciclo-formativo-gestion-administrativa\" target=\"_blank\" rel=\"noopener\">Gesti\u00f3n Administrativa<\/a><\/strong><\/span> (Grado Medio, en las modalidades presencial y semipresencial) y<\/li>\n<li style=\"text-align: justify;\"><a href=\"http:\/\/www.ceice.gva.es\/web\/formacion-profesional\/publicador-ciclos\/-\/asset_publisher\/FRACVC0hANWa\/content\/ciclo-formativo-administracion-y-finanzas-loe-?redirect=\/web\/formacion-profesional\/oferta-de-ciclos-formativos-de-formacion-profesional\" target=\"_blank\" rel=\"noopener\"><strong><span style=\"color: #0000ff;\">Administraci\u00f3n y finanzas<\/span><\/strong><\/a> (Grado Superior en la modalidad presencial).<\/li>\n<\/ul>\n<p style=\"text-align: justify;\">En todas las aulas los alumnos tienen a su disposici\u00f3n la utilizaci\u00f3n de las nuevas tecnolog\u00edas como apoyo a las clases. De esta forma los alumnos disponen de herramientas para elaborar, entregar y exponer sus proyectos, realizar b\u00fasquedas de informaci\u00f3n complementaria, acceder a un campus virtual a trav\u00e9s del cual el alumnado puede descargar materiales y comunicarse v\u00eda foros con sus compa\u00f1eros y profesores, o bien utilizar las aulas-taller especialmente dise\u00f1adas para desarrollar actividades de simulaci\u00f3n empresarial.<\/p>\n<p style=\"text-align: justify;\">En el \u00e1mbito de la inserci\u00f3n laboral, colaboramos con un gran n\u00famero de empresas industriales y de servicios. Nos permiten ofrecer a los alumnos actividades formativas adecuadas al mundo laboral y poder realizar pr\u00e1cticas formativas de calidad en las mismas.<\/p>\n<p style=\"text-align: justify;\">En caso que necesit\u00e9is ampliar informaci\u00f3n o formular cualquier consulta, no dud\u00e9is en poneros en contacto con nosotros en la direcci\u00f3n: <a href=\"mailto:ade@fpmislata.com\"><strong>ade@fpmislata.com<\/strong><\/a> o visitando nuestro centro.<\/p>\n<p>&nbsp;<\/p>\n","protected":false},"excerpt":{"rendered":"<p>&nbsp; &nbsp; Bienvenid@s al Departamento de Administraci\u00f3n de Empresas. Nuestro departamento es el \u00f3rgano responsable de organizar y desarrollar las ense\u00f1anzas propias de los ciclos formativos de grado medio y superior de Administraci\u00f3n. Con\u00f3cenos mejor a trav\u00e9s de este video Somos un equipo de profesores especializados en el \u00e1rea de la administraci\u00f3n empresarial, que preparamos&hellip;<\/p>\n","protected":false},"author":1,"featured_media":1849,"parent":61,"menu_order":0,"comment_status":"closed","ping_status":"closed","template":"","meta":{"ngg_post_thumbnail":0},"_links":{"self":[{"href":"https:\/\/www.fpmislata.com\/wordpress\/wp-json\/wp\/v2\/pages\/179"}],"collection":[{"href":"https:\/\/www.fpmislata.com\/wordpress\/wp-json\/wp\/v2\/pages"}],"about":[{"href":"https:\/\/www.fpmislata.com\/wordpress\/wp-json\/wp\/v2\/types\/page"}],"author":[{"embeddable":true,"href":"https:\/\/www.fpmislata.com\/wordpress\/wp-json\/wp\/v2\/users\/1"}],"replies":[{"embeddable":true,"href":"https:\/\/www.fpmislata.com\/wordpress\/wp-json\/wp\/v2\/comments?post=179"}],"version-history":[{"count":6,"href":"https:\/\/www.fpmislata.com\/wordpress\/wp-json\/wp\/v2\/pages\/179\/revisions"}],"predecessor-version":[{"id":11138,"href":"https:\/\/www.fpmislata.com\/wordpress\/wp-json\/wp\/v2\/pages\/179\/revisions\/11138"}],"up":[{"embeddable":true,"href":"https:\/\/www.fpmislata.com\/wordpress\/wp-json\/wp\/v2\/pages\/61"}],"wp:featuredmedia":[{"embeddable":true,"href":"https:\/\/www.fpmislata.com\/wordpress\/wp-json\/wp\/v2\/media\/1849"}],"wp:attachment":[{"href":"https:\/\/www.fpmislata.com\/wordpress\/wp-json\/wp\/v2\/media?parent=179"}],"curies":[{"name":"wp","href":"https:\/\/api.w.org\/{rel}","templated":true}]}}

Departamento de Administración

<p>&nbsp;</p>
<div class="su-button-center"><a href="https://www.fpmislata.com/wordpress/formacion/ciclos-formativos-administracion-ga-sga-af/" class="su-button su-button-style-default" style="color:#ffffff;background-color:#2D89EF;border-color:#246ec0;border-radius:34px;-moz-border-radius:34px;-webkit-border-radius:34px" target="_self"><span style="color:#ffffff;padding:0px 18px;font-size:14px;line-height:28px;border-color:#6cadf4;border-radius:34px;-moz-border-radius:34px;-webkit-border-radius:34px;text-shadow:none;-moz-text-shadow:none;-webkit-text-shadow:none"> ENLACE A CICLOS FORMATIVOS DE ADMINISTRACION</span></a></div>
<p>&nbsp;</p>
<hr>
<p style="text-align: justify;">Bienvenid@s al Departamento de Administración de Empresas.</p>
<p style="text-align: justify;">Nuestro departamento es el órgano responsable de organizar y desarrollar las enseñanzas propias de los ciclos formativos de grado medio y superior de Administración. <a href="https://youtu.be/WWN422BPsIc" target="_blank" rel="noopener">Conócenos mejor a través de este video</a></p>
<p style="text-align: justify;">Somos un equipo de profesores especializados en el área de la administración empresarial, que preparamos a los alumnos y les ayudamos a insertarse en el mundo laboral con una formación de calidad. Actualmente impartimos enseñanzas de dos ciclos formativos:</p>
<ul>
<li style="text-align: justify;"><span style="color: #0000ff;"><strong><a style="color: #0000ff;" href="http://www.ceice.gva.es/web/formacion-profesional/publicador-ciclos/-/asset_publisher/FRACVC0hANWa/content/ciclo-formativo-gestion-administrativa" target="_blank" rel="noopener">Gestión Administrativa</a></strong></span> (Grado Medio, en las modalidades presencial y semipresencial) y</li>
<li style="text-align: justify;"><a href="http://www.ceice.gva.es/web/formacion-profesional/publicador-ciclos/-/asset_publisher/FRACVC0hANWa/content/ciclo-formativo-administracion-y-finanzas-loe-?redirect=/web/formacion-profesional/oferta-de-ciclos-formativos-de-formacion-profesional" target="_blank" rel="noopener"><strong><span style="color: #0000ff;">Administración y finanzas</span></strong></a> (Grado Superior en la modalidad presencial).</li>
</ul>
<p style="text-align: justify;">En todas las aulas los alumnos tienen a su disposición la utilización de las nuevas tecnologías como apoyo a las clases. De esta forma los alumnos disponen de herramientas para elaborar, entregar y exponer sus proyectos, realizar búsquedas de información complementaria, acceder a un campus virtual a través del cual el alumnado puede descargar materiales y comunicarse vía foros con sus compañeros y profesores, o bien utilizar las aulas-taller especialmente diseñadas para desarrollar actividades de simulación empresarial.</p>
<p style="text-align: justify;">En el ámbito de la inserción laboral, colaboramos con un gran número de empresas industriales y de servicios. Nos permiten ofrecer a los alumnos actividades formativas adecuadas al mundo laboral y poder realizar prácticas formativas de calidad en las mismas.</p>
<p style="text-align: justify;">En caso que necesitéis ampliar información o formular cualquier consulta, no dudéis en poneros en contacto con nosotros en la dirección: <a href="mailto:ade@fpmislata.com"><strong>ade@fpmislata.com</strong></a> o visitando nuestro centro.</p>
<p>&nbsp;</p>

<p>&nbsp; &nbsp; Bienvenid@s al Departamento de Administración de Empresas. Nuestro departamento es el órgano responsable de organizar y desarrollar las enseñanzas propias de los ciclos formativos de grado medio y superior de Administración. Conócenos mejor a través de este video Somos un equipo de profesores especializados en el área de la administración empresarial, que preparamos&hellip;</p>
