{"id":187,"date":"2018-03-10T16:24:11","date_gmt":"2018-03-10T16:24:11","guid":{"rendered":"http:\/\/www.fpmislata.com\/wordpress\/?page_id=187"},"modified":"2021-09-22T05:55:52","modified_gmt":"2021-09-22T09:55:52","slug":"turismo","status":"publish","type":"page","link":"https:\/\/www.fpmislata.com\/wordpress\/departamentos\/turismo\/","title":{"rendered":"Departamento de Turismo"},"content":{"rendered":"<p>&nbsp;<\/p>\n<div class=\"su-button-center\"><a href=\"https:\/\/www.fpmislata.com\/wordpress\/formacion\/ciclos-formativos-en-turismo-gia-avge-gat\/\" class=\"su-button su-button-style-default\" style=\"color:#ffffff;background-color:#2D89EF;border-color:#246ec0;border-radius:34px;-moz-border-radius:34px;-webkit-border-radius:34px\" target=\"_self\"><span style=\"color:#ffffff;padding:0px 18px;font-size:14px;line-height:28px;border-color:#6cadf4;border-radius:34px;-moz-border-radius:34px;-webkit-border-radius:34px;text-shadow:none;-moz-text-shadow:none;-webkit-text-shadow:none\"> ENLACE A CICLOS FORMATIVOS DE TURISMO<\/span><\/a><\/div>\n<p>&nbsp;<\/p>\n<hr>\n<p style=\"text-align: justify;\">Elige <strong>Turismo<\/strong>. Elige tu <strong>futuro<\/strong>. Elige <strong>Formaci\u00f3n Profesional.<\/strong> Elige CIPFP Mislata.<\/p>\n<p style=\"text-align: justify;\">Nos atrapa su dinamismo, la variedad de actividades empresariales e institucionales que se realizan, la satisfacci\u00f3n de nuestros clientes y turistas. Nos apasiona el <strong>Turismo<\/strong>.<\/p>\n<p style=\"text-align: justify;\">Nos encantan los CICLOS FORMATIVOS DE:<\/p>\n<p style=\"text-align: justify;\"><a href=\"https:\/\/docs.google.com\/presentation\/d\/e\/2PACX-1vTnPfi7W0MzTHp3wuI1pyxAk55SXVacHn6iNR5hUDiTJOfxoTaXT4UbSRqLY0ANnp2MsnWoQ9c4NpB1\/pub?start=true&amp;loop=true&amp;delayms=2000\" target=\"_blank\" rel=\"noopener\">AGENCIAS DE VIAJES Y GESTI\u00d3N DE EVENTOS.<\/a><br \/>\n<a href=\"https:\/\/docs.google.com\/presentation\/d\/e\/2PACX-1vTnPfi7W0MzTHp3wuI1pyxAk55SXVacHn6iNR5hUDiTJOfxoTaXT4UbSRqLY0ANnp2MsnWoQ9c4NpB1\/pub?start=true&amp;loop=true&amp;delayms=2000\" target=\"_blank\" rel=\"noopener\">GU\u00cdA, INFORMACI\u00d3N Y ASISTENCIA TUR\u00cdSTICA.<\/a><br \/>\n<a href=\"https:\/\/docs.google.com\/presentation\/d\/e\/2PACX-1vTnPfi7W0MzTHp3wuI1pyxAk55SXVacHn6iNR5hUDiTJOfxoTaXT4UbSRqLY0ANnp2MsnWoQ9c4NpB1\/pub?start=true&amp;loop=true&amp;delayms=2000\" target=\"_blank\" rel=\"noopener\">GESTI\u00d3N DE ALOJAMIENTOS TUR\u00cdSTICOS.<\/a><\/p>\n<p style=\"text-align: justify;\">Son los Ciclos Formativos que ofrecemos para convertirte en un aut\u00e9ntico profesional del <strong>TURISMO<\/strong>.<\/p>\n<p style=\"text-align: justify;\">Este es el momento para formarte. Vac\u00fanate contra la crisis con el <strong>CIPFP Mislata<\/strong>. <a href=\"https:\/\/youtu.be\/vn5DHYmmZpY\" target=\"_blank\" rel=\"noopener\">Con\u00f3cenos mejor a trav\u00e9s de este video<\/a><\/p>\n<p style=\"text-align: justify;\">El <strong>Turismo<\/strong> es un sector estrat\u00e9gico para la econom\u00eda de la Comunitat Valenciana y una importante fuente de empleo cualificado y estable.<\/p>\n<p style=\"text-align: justify;\">Lo encontramos cuando:<\/p>\n<ul style=\"text-align: justify;\">\n<li>Compramos un viaje.<\/li>\n<li>Nos alojamos en un Hotel.<\/li>\n<li>Nos informan sobre qu\u00e9 podemos visitar en nuestra Ciudad, Provincia y Comunidad.<\/li>\n<\/ul>\n<p style=\"text-align: justify;\">El sector <strong>TURISMO<\/strong> es uno de los preferidos por los j\u00f3venes, COMO T\u00da, para iniciar un itinerario profesional sostenible, y la <strong>Comunitat Valenciana<\/strong>, y en concreto la Provincia de <strong>Valencia<\/strong>, est\u00e1n creciendo para que t\u00fa crezcas.<\/p>\n<p style=\"text-align: justify;\">Consciente de ello, el Instituto de <strong>FP Superior de Mislata<\/strong> apuesta por cooperar en su crecimiento aportando a sus alumnos:<\/p>\n<ul style=\"text-align: justify;\">\n<li>Formaci\u00f3n actual y orientada a la Calidad.<\/li>\n<li>Uso de Recursos inform\u00e1ticos y did\u00e1cticos.<\/li>\n<li>Teor\u00eda con Pr\u00e1ctica laboral.<\/li>\n<li>Contacto continuo con los Agentes Tur\u00edsticos.<\/li>\n<li>Numerosas Actividades pr\u00e1cticas.<\/li>\n<\/ul>\n<p style=\"text-align: justify;\">Consciente de ello, el Centro Integrado P\u00fablico de FP (CIPFP) de Mislata apuesta por cooperar en su crecimiento aportando a su alumnado las ventajas que exponemos a continuaci\u00f3n a trav\u00e9s de la respuesta a las preguntas m\u00e1s frecuentes en el siguiente documento.<\/p>\n<p style=\"text-align: justify;\">Todo ello dirigido a dotar a los futuros profesionales de las Capacidades requeridas en cada momento por el empleador (privado y\/o p\u00fablico) del sector Tur\u00edstico.<\/p>\n<ul style=\"text-align: justify;\">\n<li>Nos movemos para que aprendas.<\/li>\n<li>Te orientamos en tu crecimiento personal y profesional.<\/li>\n<li>Queremos ser l\u00edderes en formaci\u00f3n de calidad en TURISMO.<\/li>\n<li>Pon rumbo hacia el TURISMO en el CIPFP Mislata.<\/li>\n<\/ul>\n<p>Somos el \u00daNICO centro p\u00fablico de la Comunidad Valenciana homologado para impartir el <strong>Certificado Oficial AMADEUS<\/strong>.<\/p>\n<p>De implantaci\u00f3n progresiva, todos nuestros alumnos de la familia profesional obtendr\u00e1n un certificado de formaci\u00f3n inicial homologado por Amadeus, y adecuado a cada ciclo, que se impartir\u00e1 durante el segundo curso acad\u00e9mico.<\/p>\n<p><img loading=\"lazy\" class=\"wp-image-3294 aligncenter lazyload\" src=\"data:image\/gif;base64,R0lGODlhAQABAAAAACH5BAEKAAEALAAAAAABAAEAAAICTAEAOw==\" alt=\"\" width=\"171\" height=\"23\" sizes=\"(max-width: 171px) 100vw, 171px\" data-src=\"https:\/\/www.fpmislata.com\/wordpress\/wp-content\/uploads\/AF_AMADEUS_POS_RGB.png\" data-srcset=\"https:\/\/www.fpmislata.com\/wordpress\/wp-content\/uploads\/AF_AMADEUS_POS_RGB.png 1062w, https:\/\/www.fpmislata.com\/wordpress\/wp-content\/uploads\/AF_AMADEUS_POS_RGB-300x40.png 300w, https:\/\/www.fpmislata.com\/wordpress\/wp-content\/uploads\/AF_AMADEUS_POS_RGB-768x103.png 768w, https:\/\/www.fpmislata.com\/wordpress\/wp-content\/uploads\/AF_AMADEUS_POS_RGB-800x107.png 800w\"><\/p>\n<p>&nbsp;<\/p>\n<p style=\"text-align: justify;\">Cont\u00e1ctanos en <strong>turisme@fpmislata.com<\/strong> y ven a visitarnos. Te informaremos sobre c\u00f3mo convertirte en un aut\u00e9ntico profesional del <strong>TURISMO<\/strong>.<\/p>\n<p>&nbsp;<\/p>\n<div class=\"su-heading su-heading-style-default su-heading-align-center\" id=\"\" style=\"font-size:13px;margin-bottom:20px\"><div class=\"su-heading-inner\">\nBlog de Turismo<br \/>\n<\/div><\/div>\n<p>En este apartado encontraras enlaces a los Blogs de Turismo y Webs que realizan los alumnos de turismo del CIPFP Mislata:<\/p>\n<p>&#8211; <a href=\"https:\/\/zerolimites.webnode.es\" target=\"_blank\" rel=\"noopener\">Limite \u00f8 Tours<\/a>, grupo de segundo de Agencias de viaje y organizaci\u00f3n de eventos<\/p>\n<p><a href=\"https:\/\/zerolimites.webnode.es\" target=\"_blank\" rel=\"noopener\"><img loading=\"lazy\" class=\"aligncenter wp-image-4622 lazyload\" src=\"data:image\/gif;base64,R0lGODlhAQABAAAAACH5BAEKAAEALAAAAAABAAEAAAICTAEAOw==\" alt=\"\" width=\"250\" height=\"63\" data-src=\"https:\/\/www.fpmislata.com\/wordpress\/wp-content\/uploads\/Logo.jpg\"><\/a><\/p>\n<p>&#8211; <a href=\"http:\/\/tudestinoturistico.wordpress.com\/\" target=\"_blank\" rel=\"noopener\">TuDestinoTuristico<\/a>, grupos de primero de GIAT y primero de AV<\/p>\n<p><a href=\"https:\/\/tudestinoturistico.wordpress.com\/\" target=\"_blank\" rel=\"noopener\"><img loading=\"lazy\" class=\"aligncenter size-full wp-image-1813 lazyload\" src=\"data:image\/gif;base64,R0lGODlhAQABAAAAACH5BAEKAAEALAAAAAABAAEAAAICTAEAOw==\" alt=\"\" width=\"200\" height=\"50\" data-src=\"http:\/\/www.fpmislata.com\/wordpress\/wp-content\/uploads\/steaknight.png\"><\/a><a href=\"https:\/\/seturismoblog.wordpress.com\/\" target=\"_blank\" rel=\"noopener\">&#8211; <\/a><a href=\"https:\/\/seturismoblog.wordpress.com\" target=\"_blank\" rel=\"noopener\">Se Turismo<\/a>, grupo de primero de Agencia de Viajes y Gesti\u00f3n de Eventos.<br \/>\n&nbsp;<a href=\"https:\/\/seturismoblog.wordpress.com\/\" target=\"_blank\" rel=\"noopener\"><img loading=\"lazy\" class=\"aligncenter wp-image-1810 lazyload\" src=\"data:image\/gif;base64,R0lGODlhAQABAAAAACH5BAEKAAEALAAAAAABAAEAAAICTAEAOw==\" alt=\"\" width=\"200\" height=\"50\" data-src=\"http:\/\/www.fpmislata.com\/wordpress\/wp-content\/uploads\/BlogSe-Turismo-1-e1527786445403.png\"><\/a><\/p>\n<p>&nbsp;<\/p>\n","protected":false},"excerpt":{"rendered":"<p>&nbsp; &nbsp; Elige Turismo. Elige tu futuro. Elige Formaci\u00f3n Profesional. Elige CIPFP Mislata. Nos atrapa su dinamismo, la variedad de actividades empresariales e institucionales que se realizan, la satisfacci\u00f3n de nuestros clientes y turistas. Nos apasiona el Turismo. Nos encantan los CICLOS FORMATIVOS DE: AGENCIAS DE VIAJES Y GESTI\u00d3N DE EVENTOS. GU\u00cdA, INFORMACI\u00d3N Y ASISTENCIA&hellip;<\/p>\n","protected":false},"author":1,"featured_media":1858,"parent":61,"menu_order":0,"comment_status":"closed","ping_status":"closed","template":"","meta":{"ngg_post_thumbnail":0},"_links":{"self":[{"href":"https:\/\/www.fpmislata.com\/wordpress\/wp-json\/wp\/v2\/pages\/187"}],"collection":[{"href":"https:\/\/www.fpmislata.com\/wordpress\/wp-json\/wp\/v2\/pages"}],"about":[{"href":"https:\/\/www.fpmislata.com\/wordpress\/wp-json\/wp\/v2\/types\/page"}],"author":[{"embeddable":true,"href":"https:\/\/www.fpmislata.com\/wordpress\/wp-json\/wp\/v2\/users\/1"}],"replies":[{"embeddable":true,"href":"https:\/\/www.fpmislata.com\/wordpress\/wp-json\/wp\/v2\/comments?post=187"}],"version-history":[{"count":1,"href":"https:\/\/www.fpmislata.com\/wordpress\/wp-json\/wp\/v2\/pages\/187\/revisions"}],"predecessor-version":[{"id":8964,"href":"https:\/\/www.fpmislata.com\/wordpress\/wp-json\/wp\/v2\/pages\/187\/revisions\/8964"}],"up":[{"embeddable":true,"href":"https:\/\/www.fpmislata.com\/wordpress\/wp-json\/wp\/v2\/pages\/61"}],"wp:featuredmedia":[{"embeddable":true,"href":"https:\/\/www.fpmislata.com\/wordpress\/wp-json\/wp\/v2\/media\/1858"}],"wp:attachment":[{"href":"https:\/\/www.fpmislata.com\/wordpress\/wp-json\/wp\/v2\/media?parent=187"}],"curies":[{"name":"wp","href":"https:\/\/api.w.org\/{rel}","templated":true}]}}