{"id":286,"date":"2018-03-11T10:37:50","date_gmt":"2018-03-11T10:37:50","guid":{"rendered":"http:\/\/www.fpmislata.com\/wordpress\/?page_id=286"},"modified":"2025-10-17T07:25:11","modified_gmt":"2025-10-17T11:25:11","slug":"secretaria","status":"publish","type":"page","link":"https:\/\/www.fpmislata.com\/wordpress\/secretaria\/","title":{"rendered":"Secretar\u00eda"},"content":{"rendered":"\t\t<div data-elementor-type=\"wp-page\" data-elementor-id=\"286\" class=\"elementor elementor-286\" data-elementor-settings=\"[]\">\n\t\t\t\t\t\t<div class=\"elementor-inner\">\n\t\t\t\t\t\t\t<div class=\"elementor-section-wrap\">\n\t\t\t\t\t\t\t<section class=\"elementor-section elementor-top-section elementor-element elementor-element-77d23d21 elementor-section-boxed elementor-section-height-default elementor-section-height-default\" data-id=\"77d23d21\" data-element_type=\"section\">\n\t\t\t\t\t\t<div class=\"elementor-container elementor-column-gap-default\">\n\t\t\t\t\t\t\t<div class=\"elementor-row\">\n\t\t\t\t\t<div class=\"elementor-column elementor-col-100 elementor-top-column elementor-element elementor-element-6c68a18d\" data-id=\"6c68a18d\" data-element_type=\"column\">\n\t\t\t<div class=\"elementor-column-wrap elementor-element-populated\">\n\t\t\t\t\t\t\t<div class=\"elementor-widget-wrap\">\n\t\t\t\t\t\t<div class=\"elementor-element elementor-element-1d23247d elementor-widget elementor-widget-text-editor\" data-id=\"1d23247d\" data-element_type=\"widget\" data-widget_type=\"text-editor.default\">\n\t\t\t\t<div class=\"elementor-widget-container\">\n\t\t\t\t\t\t\t\t<div class=\"elementor-text-editor elementor-clearfix\">\n\t\t\t\t\t<p>Desde este espacio, la Secretar\u00eda del CIPFP Mislata quiere informar de aquellos aspectos m\u00e1s relevantes relacionados con <strong>la legislaci\u00f3n acad\u00e9mica, la gesti\u00f3n administrativa y la gesti\u00f3n documental<\/strong> a aquellas personas que tengan o puedan tener interacci\u00f3n con nuestro centro, con la finalidad de mejorar y agilizar nuestros servicios.<\/p>\n<p>De ese modo, <strong>publicaremos las normas legislativas m\u00e1s importantes<\/strong> que afectan al alumnado en aspectos tales como preinscripci\u00f3n, prueba de acceso, matr\u00edcula, exenci\u00f3n FCT, renuncia y anulaci\u00f3n de convocatorias, convalidaciones, solicitud de t\u00edtulo, etc.<\/p>\n<p>Tambi\u00e9n desde este sitio estar\u00e1 a <strong>disposici\u00f3n de la comunidad educativa diferentes modelos de impresos<\/strong>, con el fin de gestionar con mayor diligencia los diferentes procesos que se llevan en la Secretar\u00eda, y finalmente, intentaremos actualizar con rapidez los diferentes acontecimientos relacionados con el centro y referidos a las competencias del Secretario.<\/p>\n<p>Esperamos pues, ser de utilidad y contribuir a mantener una relaci\u00f3n m\u00e1s fluida con los diferentes protagonistas de la vida acad\u00e9mica del instituto, siempre en el marco de la legislaci\u00f3n vigente, y estando abiertos a o\u00edr las sugerencias de sus interlocutores en aras de mejorar la vida del centro.<\/p>\n<ul>\n<li>Horario de secretar\u00eda:\n<ul>\n<li>Del <strong>1 de julio al 31 de julio 2025<\/strong>\n<ul>\n<li>Lunes a viernes de 09:00 a 13:00h&nbsp;<\/li>\n<\/ul>\n<\/li>\n<li>Del <strong>2 de septiembre al 16 de octubre 2025<\/strong>&nbsp;\n<ul>\n<li>Lunes a viernes de 9:00 a 13:00 horas y jueves de 15:00 a 18:00 horas. (excepto el jueves 4 de septiembre)<\/li>\n<\/ul>\n<\/li>\n<li>Del <strong>17 de octubre al 15 de mayo 2026<\/strong>\n<ul>\n<li>Lunes a viernes de 09:00 a 14:00 y martes y jueves de 15:00 a 18:00 horas.&nbsp;<\/li>\n<\/ul>\n<\/li>\n<\/ul>\n<\/li>\n<li>Fuera de ese horario se atender\u00e1 en <a href=\"mailto:46019660.secretaria@edu.gva.es\">46019660.secretaria@edu.gva.es<\/a>.<\/li>\n<\/ul>\n<p>&nbsp;<\/p>\n<p><span style=\"color: #ffffff;\">De <strong>martes y jueves de 16 a 18:00h.&nbsp;<\/strong><\/span><\/p>\t\t\t\t\t<\/div>\n\t\t\t\t\t\t<\/div>\n\t\t\t\t<\/div>\n\t\t\t\t\t\t<\/div>\n\t\t\t\t\t<\/div>\n\t\t<\/div>\n\t\t\t\t\t\t\t\t<\/div>\n\t\t\t\t\t<\/div>\n\t\t<\/section>\n\t\t\t\t\t\t<\/div>\n\t\t\t\t\t\t<\/div>\n\t\t\t\t\t<\/div>\n\t\t","protected":false},"excerpt":{"rendered":"<p>Desde este espacio, la Secretar\u00eda del CIPFP Mislata quiere informar de aquellos aspectos m\u00e1s relevantes relacionados con la legislaci\u00f3n acad\u00e9mica, la gesti\u00f3n administrativa y la gesti\u00f3n documental a aquellas personas que tengan o puedan tener interacci\u00f3n con nuestro centro, con la finalidad de mejorar y agilizar nuestros servicios. De ese modo, publicaremos las normas legislativas&hellip;<\/p>\n","protected":false},"author":1,"featured_media":7956,"parent":0,"menu_order":0,"comment_status":"closed","ping_status":"closed","template":"","meta":{"ngg_post_thumbnail":0},"_links":{"self":[{"href":"https:\/\/www.fpmislata.com\/wordpress\/wp-json\/wp\/v2\/pages\/286"}],"collection":[{"href":"https:\/\/www.fpmislata.com\/wordpress\/wp-json\/wp\/v2\/pages"}],"about":[{"href":"https:\/\/www.fpmislata.com\/wordpress\/wp-json\/wp\/v2\/types\/page"}],"author":[{"embeddable":true,"href":"https:\/\/www.fpmislata.com\/wordpress\/wp-json\/wp\/v2\/users\/1"}],"replies":[{"embeddable":true,"href":"https:\/\/www.fpmislata.com\/wordpress\/wp-json\/wp\/v2\/comments?post=286"}],"version-history":[{"count":14,"href":"https:\/\/www.fpmislata.com\/wordpress\/wp-json\/wp\/v2\/pages\/286\/revisions"}],"predecessor-version":[{"id":16814,"href":"https:\/\/www.fpmislata.com\/wordpress\/wp-json\/wp\/v2\/pages\/286\/revisions\/16814"}],"wp:featuredmedia":[{"embeddable":true,"href":"https:\/\/www.fpmislata.com\/wordpress\/wp-json\/wp\/v2\/media\/7956"}],"wp:attachment":[{"href":"https:\/\/www.fpmislata.com\/wordpress\/wp-json\/wp\/v2\/media?parent=286"}],"curies":[{"name":"wp","href":"https:\/\/api.w.org\/{rel}","templated":true}]}}