{"id":31,"date":"2018-03-05T13:44:22","date_gmt":"2018-03-05T13:44:22","guid":{"rendered":"http:\/\/www.fpmislata.com\/wordpress\/?page_id=31"},"modified":"2018-03-05T13:44:22","modified_gmt":"2018-03-05T13:44:22","slug":"nuestro-proyecto","status":"publish","type":"page","link":"https:\/\/www.fpmislata.com\/wordpress\/calidad\/nuestro-proyecto\/","title":{"rendered":"Nuestro proyecto"},"content":{"rendered":"<p>El proc\u00e9s d&#8217;implantaci\u00f3 d&#8217;un model de gesti\u00f3 de la qualitat en el Centre Integrat P\u00fablic Mislata \u00e9s un proc\u00e9s que s&#8217;ha desenvolupat gradualment al llarg dels \u00faltims anys segons el seg\u00fcent detall:<\/p>\n<p>En abril de 2005 visitem el IES Elorrieta Erreka Mari (Bilbao) per con\u00e8ixer com funciona el seu sistema de gesti\u00f3 de la qualitat i assistim com a convidats a la realitzaci\u00f3 d\u2019una auditoria interna del anomenat sistema de qualitat.<\/p>\n<p>Tamb\u00e9 en abril de 2005, visitem la Fundaci\u00f3n Maquina Herramienta (Elgoibar), que \u00e9s un centre amb una \u00fanica fam\u00edlia professional, la de Mecanitzat, per\u00f2 amb un sistema de gesti\u00f3 de la qualitat molt desenvolupat.<\/p>\n<p>En novembre de 2005 el centre sol\u00b7licita, amb el vist i plau i autoritzacions pr\u00e8vies del Claustre de professors i del Consell Escolar del centre, entrar a formar part de la xarxa de centres de Qualitat del Institut Valenci\u00e0 d\u2019Avaluaci\u00f3 i Qualitat Educativa (IVAQE) de la Conselleria d\u2019Educaci\u00f3 de la Generalitat Valenciana.<\/p>\n<p>En gener de 2006 es publica, en el llavors DOGV, la resoluci\u00f3 per la qual s&#8217;aprova la inclusi\u00f3 en el nivell un de la xarxa de centres abans esmentada.<\/p>\n<p>En mar\u00e7 de 2006 s\u2019acorda per unanimitat, tant del Claustre de professors com del Consell Escolar del centre, la realitzaci\u00f3 d&#8217;un projecte de formaci\u00f3 en centres sobre la implantaci\u00f3 d&#8217;un sistema de qualitat a realitzar durant els mesos de juny i juliol. Sota la supervisi\u00f3 del CEFIRE de Xest es du a terme sota el t\u00edtol \u201cOrientacions per a la implantaci\u00f3 d&#8217;un sistema de qualitat\u201d.<\/p>\n<p>En juny de 2007, tamb\u00e9 sota la supervisi\u00f3 del CEFIRE de Xest, es fa un curs de formaci\u00f3 en centres al que participa la totalitat de la plantilla org\u00e0nica i la majoria del claustre de professors, amb una finalitat de formaci\u00f3 i conscienciaci\u00f3.<\/p>\n<p>En setembre de 2007 es constitueix l\u2019equip de qualitat que abans d\u2019acabar l\u2019any aconsegueix definir els seg\u00fcents documents:<\/p>\n<ul>\n<li>La Missi\u00f3 del centre.<\/li>\n<li>La Visi\u00f3 del mateix.<\/li>\n<li>Els Valors que han d&#8217;inspirar la seua tasca.<\/li>\n<\/ul>\n<p>Durant la primera meitat de 2008 continua el treball de l\u2019equip de qualitat que aconsegueix determinar:<\/p>\n<ul>\n<li>L&#8217;organigrama del centre<\/li>\n<li>El mapa de processos.<\/li>\n<li>El quadre de processos.<\/li>\n<\/ul>\n<p>En setembre de 2008, el Claustre de professors i el Consell Escolar acorden implantar el projecte de gesti\u00f3 de qualitat elaborat al llarg del curs passat.<\/p>\n<p>L\u2019any 2009 \u00e9s de la implantaci\u00f3 progressiva del sistema i al mes de mar\u00e7 d\u2019eixe any l\u2019IVAQE ens concedeix el pas al nivell II de la xarxa de centres de qualitat.<\/p>\n<p>En 2010 el centre programa la primera auditoria interna del sistema i es sol\u00b7licita a la empresa Bureau-Veritas l\u2019auditoria externa necess\u00e0ria per estudiar la concessi\u00f3 de la certificaci\u00f3 en la norma ISO 9001:2008, la qual cosa s\u2019aconsegueix amb data de 15 de setembre de 2010.<\/p>\n<p>En 2011 i 2012 continuem amb la millora continua i rodant el nostre sistema de gesti\u00f3 de qualitat. Cada any pasem una auditoria externa de confirmaci\u00f3 del certificat ISO.<\/p>\n<p>Actualment estem treballant en la consolidaci\u00f3 del Sistema de Gesti\u00f3 de la Qualitat i avan\u00e7ant en la millora continua, intentant implantar el sistem EFQM, model europeu de la excel.lencia.<\/p>\n<p>Per tant hui en dia ja \u00e9s una realitat la implantaci\u00f3 del sistema de gesti\u00f3 de qualitat al centre, per\u00f2 som conscients que el cam\u00ed no s\u2019ha acabat, i el proc\u00e9s cont\u00ednua. La qualitat no es una meta sin\u00f3 m\u00e9s b\u00e9 un cam\u00ed.<\/p>\n","protected":false},"excerpt":{"rendered":"<p>El proc\u00e9s d&#8217;implantaci\u00f3 d&#8217;un model de gesti\u00f3 de la qualitat en el Centre Integrat P\u00fablic Mislata \u00e9s un proc\u00e9s que s&#8217;ha desenvolupat gradualment al llarg dels \u00faltims anys segons el seg\u00fcent detall: En abril de 2005 visitem el IES Elorrieta Erreka Mari (Bilbao) per con\u00e8ixer com funciona el seu sistema de gesti\u00f3 de la qualitat&hellip;<\/p>\n","protected":false},"author":1,"featured_media":0,"parent":27,"menu_order":0,"comment_status":"closed","ping_status":"closed","template":"","meta":{"ngg_post_thumbnail":0},"_links":{"self":[{"href":"https:\/\/www.fpmislata.com\/wordpress\/wp-json\/wp\/v2\/pages\/31"}],"collection":[{"href":"https:\/\/www.fpmislata.com\/wordpress\/wp-json\/wp\/v2\/pages"}],"about":[{"href":"https:\/\/www.fpmislata.com\/wordpress\/wp-json\/wp\/v2\/types\/page"}],"author":[{"embeddable":true,"href":"https:\/\/www.fpmislata.com\/wordpress\/wp-json\/wp\/v2\/users\/1"}],"replies":[{"embeddable":true,"href":"https:\/\/www.fpmislata.com\/wordpress\/wp-json\/wp\/v2\/comments?post=31"}],"version-history":[{"count":0,"href":"https:\/\/www.fpmislata.com\/wordpress\/wp-json\/wp\/v2\/pages\/31\/revisions"}],"up":[{"embeddable":true,"href":"https:\/\/www.fpmislata.com\/wordpress\/wp-json\/wp\/v2\/pages\/27"}],"wp:attachment":[{"href":"https:\/\/www.fpmislata.com\/wordpress\/wp-json\/wp\/v2\/media?parent=31"}],"curies":[{"name":"wp","href":"https:\/\/api.w.org\/{rel}","templated":true}]}}

<p>El procés d&#8217;implantació d&#8217;un model de gestió de la qualitat en el Centre Integrat Públic Mislata és un procés que s&#8217;ha desenvolupat gradualment al llarg dels últims anys segons el següent detall:</p>
<p>En abril de 2005 visitem el IES Elorrieta Erreka Mari (Bilbao) per conèixer com funciona el seu sistema de gestió de la qualitat i assistim com a convidats a la realització d’una auditoria interna del anomenat sistema de qualitat.</p>
<p>També en abril de 2005, visitem la Fundación Maquina Herramienta (Elgoibar), que és un centre amb una única família professional, la de Mecanitzat, però amb un sistema de gestió de la qualitat molt desenvolupat.</p>
<p>En novembre de 2005 el centre sol·licita, amb el vist i plau i autoritzacions prèvies del Claustre de professors i del Consell Escolar del centre, entrar a formar part de la xarxa de centres de Qualitat del Institut Valencià d’Avaluació i Qualitat Educativa (IVAQE) de la Conselleria d’Educació de la Generalitat Valenciana.</p>
<p>En gener de 2006 es publica, en el llavors DOGV, la resolució per la qual s&#8217;aprova la inclusió en el nivell un de la xarxa de centres abans esmentada.</p>
<p>En març de 2006 s’acorda per unanimitat, tant del Claustre de professors com del Consell Escolar del centre, la realització d&#8217;un projecte de formació en centres sobre la implantació d&#8217;un sistema de qualitat a realitzar durant els mesos de juny i juliol. Sota la supervisió del CEFIRE de Xest es du a terme sota el títol “Orientacions per a la implantació d&#8217;un sistema de qualitat”.</p>
<p>En juny de 2007, també sota la supervisió del CEFIRE de Xest, es fa un curs de formació en centres al que participa la totalitat de la plantilla orgànica i la majoria del claustre de professors, amb una finalitat de formació i conscienciació.</p>
<p>En setembre de 2007 es constitueix l’equip de qualitat que abans d’acabar l’any aconsegueix definir els següents documents:</p>
<ul>
<li>La Missió del centre.</li>
<li>La Visió del mateix.</li>
<li>Els Valors que han d&#8217;inspirar la seua tasca.</li>
</ul>
<p>Durant la primera meitat de 2008 continua el treball de l’equip de qualitat que aconsegueix determinar:</p>
<ul>
<li>L&#8217;organigrama del centre</li>
<li>El mapa de processos.</li>
<li>El quadre de processos.</li>
</ul>
<p>En setembre de 2008, el Claustre de professors i el Consell Escolar acorden implantar el projecte de gestió de qualitat elaborat al llarg del curs passat.</p>
<p>L’any 2009 és de la implantació progressiva del sistema i al mes de març d’eixe any l’IVAQE ens concedeix el pas al nivell II de la xarxa de centres de qualitat.</p>
<p>En 2010 el centre programa la primera auditoria interna del sistema i es sol·licita a la empresa Bureau-Veritas l’auditoria externa necessària per estudiar la concessió de la certificació en la norma ISO 9001:2008, la qual cosa s’aconsegueix amb data de 15 de setembre de 2010.</p>
<p>En 2011 i 2012 continuem amb la millora continua i rodant el nostre sistema de gestió de qualitat. Cada any pasem una auditoria externa de confirmació del certificat ISO.</p>
<p>Actualment estem treballant en la consolidació del Sistema de Gestió de la Qualitat i avançant en la millora continua, intentant implantar el sistem EFQM, model europeu de la excel.lencia.</p>
<p>Per tant hui en dia ja és una realitat la implantació del sistema de gestió de qualitat al centre, però som conscients que el camí no s’ha acabat, i el procés contínua. La qualitat no es una meta sinó més bé un camí.</p>

<p>El procés d&#8217;implantació d&#8217;un model de gestió de la qualitat en el Centre Integrat Públic Mislata és un procés que s&#8217;ha desenvolupat gradualment al llarg dels últims anys segons el següent detall: En abril de 2005 visitem el IES Elorrieta Erreka Mari (Bilbao) per conèixer com funciona el seu sistema de gestió de la qualitat&hellip;</p>
