{"id":508,"date":"2018-03-14T11:51:56","date_gmt":"2018-03-14T15:51:56","guid":{"rendered":"http:\/\/www.fpmislata.com\/wordpress\/?page_id=508"},"modified":"2023-03-28T03:57:06","modified_gmt":"2023-03-28T07:57:06","slug":"formacion-dual","status":"publish","type":"page","link":"https:\/\/www.fpmislata.com\/wordpress\/formacion\/formacion-dual\/","title":{"rendered":"FP Dual"},"content":{"rendered":"<p><a href=\"http:\/\/www.fpmislata.com\/wordpress\/wp-content\/uploads\/fpdual-cipfp-mislata-formacion-dual.png\"><img loading=\"lazy\" class=\"alignnone size-full wp-image-511 lazyload\" src=\"data:image\/gif;base64,R0lGODlhAQABAAAAACH5BAEKAAEALAAAAAABAAEAAAICTAEAOw==\" alt=\"fpdual-cipfp-mislata-formacion-dual\" width=\"467\" height=\"127\" sizes=\"(max-width: 467px) 100vw, 467px\" data-src=\"http:\/\/www.fpmislata.com\/wordpress\/wp-content\/uploads\/fpdual-cipfp-mislata-formacion-dual.png\" data-srcset=\"https:\/\/www.fpmislata.com\/wordpress\/wp-content\/uploads\/fpdual-cipfp-mislata-formacion-dual.png 467w, https:\/\/www.fpmislata.com\/wordpress\/wp-content\/uploads\/fpdual-cipfp-mislata-formacion-dual-300x82.png 300w\"><\/a><\/p>\n<p>El centro ofrece <strong>programas de FP Dual en empresas en los ciclos formativos<\/strong> de:<\/p>\n<ul>\n<li>GS. \u00d3ptica.<\/li>\n<li>GS. Gesti\u00f3n de ventas y espacios comerciales.<\/li>\n<li>GS. Comercio internacional<\/li>\n<li>GM. Actividades comerciales.<\/li>\n<li>GS. Administraci\u00f3n de sistemas inform\u00e1ticos en red.<\/li>\n<li>GS. Desarrollo de aplicaciones web.<\/li>\n<li>GS Desarrollo de aplicaciones multiplataforma<\/li>\n<li>GM. Sistemas microinform\u00e1ticos y redes.<\/li>\n<li>GS. Agencia de viajes y gesti\u00f3n de eventos.<\/li>\n<li>CS Gu\u00eda, informaci\u00f3n y asistencia tur\u00edstica<\/li>\n<li>CS Gesti\u00f3n de alojamientos tur\u00edsticos<\/li>\n<li>CS&nbsp; Administraci\u00f3n y finanzas<\/li>\n<li>CS Laboratorio cl\u00ednico y biom\u00e9dico<\/li>\n<\/ul>\n<p>Si como empresa desea participar en los programas de FP DUAL con nosotros, p\u00f3ngase en&nbsp; contacto a trav\u00e9s del siguiente formulario:&nbsp;<\/p>\n<div class=\"su-button-center\"><a href=\"https:\/\/www.fpmislata.com\/moodle\/fpmislata\/fct\/empresa\/peticio_fct.php\" class=\"su-button su-button-style-default\" style=\"color:#ffffff;background-color:#ef412d;border-color:#c03424;border-radius:34px;-moz-border-radius:34px;-webkit-border-radius:34px\" target=\"_self\"><span style=\"color:#ffffff;padding:0px 18px;font-size:14px;line-height:28px;border-color:#f47a6c;border-radius:34px;-moz-border-radius:34px;-webkit-border-radius:34px;text-shadow:none;-moz-text-shadow:none;-webkit-text-shadow:none\"> Formulario FP DUAL<\/span><\/a><\/div>\n<div class=\"su-spacer\" style=\"height:20px\"><\/div>\n<ul>\n<li>Para cualquier consulta, pueden ponerse en contacto con el departamento de Pr\u00e1cticas y Relaciones con las Empresas: <strong>dual@fpmislata.com<\/strong><\/li>\n<li>M\u00e1s informaci\u00f3n en la web de FP DUAL de la Conseller\u00eda. <a href=\"http:\/\/mestreacasa.gva.es\/web\/fpdual\/\" target=\"_blank\" rel=\"noopener noreferrer\">Ver enlace<\/a><\/li>\n<\/ul>\n","protected":false},"excerpt":{"rendered":"<p>El centro ofrece programas de FP Dual en empresas en los ciclos formativos de: GS. \u00d3ptica. GS. Gesti\u00f3n de ventas y espacios comerciales. GS. Comercio internacional GM. Actividades comerciales. GS. Administraci\u00f3n de sistemas inform\u00e1ticos en red. GS. Desarrollo de aplicaciones web. GS Desarrollo de aplicaciones multiplataforma GM. Sistemas microinform\u00e1ticos y redes. GS. Agencia de viajes&hellip;<\/p>\n","protected":false},"author":1,"featured_media":0,"parent":232,"menu_order":0,"comment_status":"closed","ping_status":"closed","template":"","meta":{"ngg_post_thumbnail":0},"_links":{"self":[{"href":"https:\/\/www.fpmislata.com\/wordpress\/wp-json\/wp\/v2\/pages\/508"}],"collection":[{"href":"https:\/\/www.fpmislata.com\/wordpress\/wp-json\/wp\/v2\/pages"}],"about":[{"href":"https:\/\/www.fpmislata.com\/wordpress\/wp-json\/wp\/v2\/types\/page"}],"author":[{"embeddable":true,"href":"https:\/\/www.fpmislata.com\/wordpress\/wp-json\/wp\/v2\/users\/1"}],"replies":[{"embeddable":true,"href":"https:\/\/www.fpmislata.com\/wordpress\/wp-json\/wp\/v2\/comments?post=508"}],"version-history":[{"count":4,"href":"https:\/\/www.fpmislata.com\/wordpress\/wp-json\/wp\/v2\/pages\/508\/revisions"}],"predecessor-version":[{"id":11491,"href":"https:\/\/www.fpmislata.com\/wordpress\/wp-json\/wp\/v2\/pages\/508\/revisions\/11491"}],"up":[{"embeddable":true,"href":"https:\/\/www.fpmislata.com\/wordpress\/wp-json\/wp\/v2\/pages\/232"}],"wp:attachment":[{"href":"https:\/\/www.fpmislata.com\/wordpress\/wp-json\/wp\/v2\/media?parent=508"}],"curies":[{"name":"wp","href":"https:\/\/api.w.org\/{rel}","templated":true}]}}

<p><a href="http://www.fpmislata.com/wordpress/wp-content/uploads/fpdual-cipfp-mislata-formacion-dual.png"><img loading="lazy" class="alignnone size-full wp-image-511 lazyload" src="data:image/gif;base64,R0lGODlhAQABAAAAACH5BAEKAAEALAAAAAABAAEAAAICTAEAOw==" alt="fpdual-cipfp-mislata-formacion-dual" width="467" height="127" sizes="(max-width: 467px) 100vw, 467px" data-src="http://www.fpmislata.com/wordpress/wp-content/uploads/fpdual-cipfp-mislata-formacion-dual.png" data-srcset="https://www.fpmislata.com/wordpress/wp-content/uploads/fpdual-cipfp-mislata-formacion-dual.png 467w, https://www.fpmislata.com/wordpress/wp-content/uploads/fpdual-cipfp-mislata-formacion-dual-300x82.png 300w"></a></p>
<p>El centro ofrece <strong>programas de FP Dual en empresas en los ciclos formativos</strong> de:</p>
<ul>
<li>GS. Óptica.</li>
<li>GS. Gestión de ventas y espacios comerciales.</li>
<li>GS. Comercio internacional</li>
<li>GM. Actividades comerciales.</li>
<li>GS. Administración de sistemas informáticos en red.</li>
<li>GS. Desarrollo de aplicaciones web.</li>
<li>GS Desarrollo de aplicaciones multiplataforma</li>
<li>GM. Sistemas microinformáticos y redes.</li>
<li>GS. Agencia de viajes y gestión de eventos.</li>
<li>CS Guía, información y asistencia turística</li>
<li>CS Gestión de alojamientos turísticos</li>
<li>CS&nbsp; Administración y finanzas</li>
<li>CS Laboratorio clínico y biomédico</li>
</ul>
<p>Si como empresa desea participar en los programas de FP DUAL con nosotros, póngase en&nbsp; contacto a través del siguiente formulario:&nbsp;</p>
<div class="su-button-center"><a href="https://www.fpmislata.com/moodle/fpmislata/fct/empresa/peticio_fct.php" class="su-button su-button-style-default" style="color:#ffffff;background-color:#ef412d;border-color:#c03424;border-radius:34px;-moz-border-radius:34px;-webkit-border-radius:34px" target="_self"><span style="color:#ffffff;padding:0px 18px;font-size:14px;line-height:28px;border-color:#f47a6c;border-radius:34px;-moz-border-radius:34px;-webkit-border-radius:34px;text-shadow:none;-moz-text-shadow:none;-webkit-text-shadow:none"> Formulario FP DUAL</span></a></div>
<div class="su-spacer" style="height:20px"></div>
<ul>
<li>Para cualquier consulta, pueden ponerse en contacto con el departamento de Prácticas y Relaciones con las Empresas: <strong>dual@fpmislata.com</strong></li>
<li>Más información en la web de FP DUAL de la Consellería. <a href="http://mestreacasa.gva.es/web/fpdual/" target="_blank" rel="noopener noreferrer">Ver enlace</a></li>
</ul>

<p>El centro ofrece programas de FP Dual en empresas en los ciclos formativos de: GS. Óptica. GS. Gestión de ventas y espacios comerciales. GS. Comercio internacional GM. Actividades comerciales. GS. Administración de sistemas informáticos en red. GS. Desarrollo de aplicaciones web. GS Desarrollo de aplicaciones multiplataforma GM. Sistemas microinformáticos y redes. GS. Agencia de viajes&hellip;</p>
