{"id":514,"date":"2018-03-14T12:04:05","date_gmt":"2018-03-14T16:04:05","guid":{"rendered":"http:\/\/www.fpmislata.com\/wordpress\/?page_id=514"},"modified":"2023-06-09T04:40:59","modified_gmt":"2023-06-09T08:40:59","slug":"acceso-a-ciclos-formativos","status":"publish","type":"page","link":"https:\/\/www.fpmislata.com\/wordpress\/acceso-a-ciclos-formativos\/","title":{"rendered":"Acceso a ciclos formativos"},"content":{"rendered":"<p style=\"text-align: justify;\"><strong>Acceso grado medio:<\/strong><\/p>\n<p style=\"text-align: justify;\"><strong>\u00bfQu\u00e9 estudios previos permiten el acceso directo a los ciclos formativos de grado medio?<\/strong><\/p>\n<p style=\"text-align: justify;\">Los requisitos acad\u00e9micos necesarios para tener acceso directo son:<\/p>\n<ul style=\"text-align: justify;\">\n<li>Graduados en Educaci\u00f3n Secundaria Obligatoria.<\/li>\n<li>Tener 2.\u00ba de BUP aprobado.<\/li>\n<li>Titulados de Formaci\u00f3n Profesional de primer grado (T\u00e9cnico Auxiliar).<\/li>\n<li>Titulados de Formaci\u00f3n Profesional de grado medio (T\u00e9cnico).<\/li>\n<li>Haber superado el segundo curso del primer ciclo experimental de reforma de las ense\u00f1anzas medias.<\/li>\n<li>Haber superado, de las ense\u00f1anzas de Artes Pl\u00e1sticas y Oficios Art\u00edsticos, el tercer curso del Plan de 1963 o segundo de comunes experimental.<\/li>\n<li>Otras titulaciones equivalentes a efectos acad\u00e9micos.<\/li>\n<\/ul>\n<p style=\"text-align: justify;\"><strong>Si no tengo esos estudios previos \u00bfpuedo acceder a un ciclo formativo de grado medio?<\/strong><\/p>\n<p style=\"text-align: justify;\">Si quieres acceder a un Ciclo Formativo de Grado Medio y no cumples los requisitos acad\u00e9micos de acceso directo al mismo citados en el punto anterior, deber\u00e1s tener cumplidos diecisiete a\u00f1os de edad o cumplirlos antes del dia 31 de diciembre del a\u00f1o en curso, inclusive, para poder presentarte a una prueba de acceso.<\/p>\n<p style=\"text-align: justify;\">La prueba de acceso a ciclos formativos de grado medio deber\u00e1 acreditar que el aspirante posee los conocimientos y habilidades suficientes para cursar con aprovechamiento estas ense\u00f1anzas.<\/p>\n<p style=\"text-align: justify;\"><strong>\u00bfQu\u00e9 conocimientos necesito tener para superar con \u00e9xito la prueba y c\u00f3mo va a estar estructurada?<\/strong><\/p>\n<p style=\"text-align: justify;\">Esta Prueba ser\u00e1 com\u00fan a todos los Ciclos Formativos de Grado Medio, constar\u00e1 \u00fanicamente de una Parte General con dos apartados: A y B y en ella los aspirantes deber\u00e1n acreditar los conocimientos y habilidades suficientes para cursar con aprovechamiento dichas ense\u00f1anzas. El nivel exigible ser\u00e1 el correspondiente al de la Educaci\u00f3n Secundaria Obligatoria.<\/p>\n<ul style=\"text-align: justify;\">\n<li>Apartado A: Que incluir\u00e1 la comprensi\u00f3n y expresi\u00f3n de textos escritos con propiedad, autonom\u00eda y creatividad (Lengua y Literatura) junto a conocimientos de Ciencias Sociales, Geograf\u00eda e Historia.<\/li>\n<li>Apartado B: Donde se propondr\u00e1 la resoluci\u00f3n de ejercicios de Matem\u00e1ticas junto a otros conocimientos de Tecnolog\u00eda y Ciencias de la Naturaleza.<\/li>\n<\/ul>\n<p style=\"text-align: justify;\">Los contenidos de ambos apartados estar\u00e1n incluidos en el curr\u00edculo vigente de la Educaci\u00f3n Secundaria Obligatoria en la Comunitat Valenciana.<\/p>\n<p style=\"text-align: justify;\"><strong>Acceso grado superior:<\/strong><\/p>\n<p style=\"text-align: justify;\"><strong>\u00bfQu\u00e9 estudios previos permiten el acceso directo a los ciclos formativos de grado superior?<\/strong><\/p>\n<p style=\"text-align: justify;\">Los requisitos acad\u00e9micos necesarios para tener acceso directo son:<\/p>\n<ul style=\"text-align: justify;\">\n<li>Titulados de Bachillerato LOGSE.<\/li>\n<li>Titulados de Bachillerato Experimental.<\/li>\n<li>Alumnos con COU o Preuniversitario superado.<\/li>\n<li>Titulados de Formaci\u00f3n Profesional de segundo grado, u otras titulaciones equivalentes a efectos acad\u00e9micos.<\/li>\n<li>Titulados Universitarios que no posean ninguna de las Titulaciones anteriores.<\/li>\n<\/ul>\n<p style=\"text-align: justify;\"><strong>ACCESO MEDIANTE PRUEBA:<\/strong><\/p>\n<p style=\"text-align: justify;\">Asimismo, quienes deseando acceder a un Ciclo Formativo de Grado Superior no cumplan los requisitos acad\u00e9micos de acceso directo al mismo (indicados en el punto anterior) y tengan al menos 19 a\u00f1os de edad o los cumplan durante el a\u00f1o en curso (o 18 a\u00f1os de edad o los cumplan durante el a\u00f1o en curso si se ha superado un ciclo formativo de grado medio de la misma Familia Profesional o de otra relacionada con la misma), antes de la fecha de la realizaci\u00f3n de la prueba, podr\u00e1n presentarse a la prueba.<\/p>\n<p style=\"text-align: justify;\">En ella, el aspirante deber\u00e1 acreditar la madurez en relaci\u00f3n con los objetivos del Bachillerato.<\/p>\n<p style=\"text-align: justify;\"><strong>CARACTER\u00cdSTICAS DE LA PRUEBA.<\/strong><\/p>\n<p style=\"text-align: justify;\">La prueba constar\u00e1 de dos partes:<\/p>\n<p style=\"text-align: justify;\">a) Parte com\u00fan, que constar\u00e1 de tres apartados:<\/p>\n<p style=\"text-align: justify;\">a1) Lengua y Literatura (castellana o valenciana), en el que el aspirante optar\u00e1 por realizar uno de los dos comentarios de texto propuestos de lengua y literatura: el de castellano o el de valenciano.<\/p>\n<p style=\"text-align: justify;\">a2) Lengua Extranjera (ingl\u00e9s).<\/p>\n<p style=\"text-align: justify;\">a3) Matem\u00e1ticas, que constar\u00e1 de ejercicios de matem\u00e1ticas cuyos contenidos est\u00e9n incluidos en el curr\u00edculo de las materias de Matem\u00e1ticas aplicadas a las Ciencias Sociales I y II.<\/p>\n<p style=\"text-align: justify;\">b) Parte espec\u00edfica, que constar\u00e1 de dos apartados, b1) y b2), e incluir\u00e1 contenidos de determinados conocimientos b\u00e1sicos de materias del Bachillerato seg\u00fan sea la opci\u00f3n a la que est\u00e9 adscrito el ciclo formativo.<\/p>\n<p style=\"text-align: justify;\">Ambas partes de la prueba incluir\u00e1n contenidos de materias recogidos en la Resoluci\u00f3n de 17 de agosto de 2009, de la Direcci\u00f3n General de Evaluaci\u00f3n, Innovaci\u00f3n y Calidad Educativa y de la Formaci\u00f3n Profesional, por la que se establece el curr\u00edculo de las materias que forman parte de las pruebas de acceso a ciclos formativos de grado medio y de grado superior de Formaci\u00f3n Profesional y de los cursos preparatorios de las mismas en la Comunitat Valenciana (DOCV 08.09.2009).<\/p>\n<p><strong>OPCIONES DE PRUEBA, MATERIAS DE BACHILLERATO EN LAS QUE SE BASAN<\/strong><\/p>\n<table width=\"434\">\n<tbody>\n<tr>\n<td width=\"168\">OPCI\u00d3N<\/td>\n<td width=\"124\">MATERIAS DE BACHILLERATO<\/td>\n<td width=\"142\">FAMILIAS PROFESIONALES<\/td>\n<\/tr>\n<tr>\n<td rowspan=\"3\" width=\"168\">A) Humanidades y Ciencias Sociales<\/td>\n<td width=\"124\">&#8211; Historia<\/td>\n<td width=\"142\">&#8211; Administraci\u00f3n y Gesti\u00f3n<\/td>\n<\/tr>\n<tr>\n<td width=\"124\">&#8211; Econom\u00eda<\/td>\n<td width=\"142\">&#8211; Comercio y Marketing<\/td>\n<\/tr>\n<tr>\n<td width=\"124\">&#8211; Geograf\u00eda<\/td>\n<td width=\"142\">&#8211; Hosteler\u00eda y Turismo<\/td>\n<\/tr>\n<tr>\n<td rowspan=\"3\" width=\"168\">B) Tecnolog\u00eda<\/td>\n<td width=\"124\">\u2013 Dibujo T\u00e9cnico<\/td>\n<td width=\"142\">\u2013 Inform\u00e1tica y Comunicaciones<\/td>\n<\/tr>\n<tr>\n<td width=\"124\">\u2013 Tecnolog\u00eda Industrial<\/td>\n<td width=\"142\">&#8211; Fabricaci\u00f3n Mec\u00e1nica<\/td>\n<\/tr>\n<tr>\n<td width=\"124\">\u2013 F\u00edsica y Qu\u00edmica<\/td>\n<td width=\"142\">&nbsp;<\/td>\n<\/tr>\n<tr>\n<td rowspan=\"3\" width=\"168\">C) Ciencias<\/td>\n<td width=\"124\">\u2013 F\u00edsica<\/td>\n<td rowspan=\"3\" width=\"142\">\u2013 Sanidad<\/td>\n<\/tr>\n<tr>\n<td width=\"124\">\u2013 Biolog\u00eda y Ciencias de la Tierra<\/td>\n<\/tr>\n<tr>\n<td width=\"124\">\u2013 Qu\u00edmica<\/td>\n<\/tr>\n<\/tbody>\n<\/table>\n","protected":false},"excerpt":{"rendered":"<p>Acceso grado medio: \u00bfQu\u00e9 estudios previos permiten el acceso directo a los ciclos formativos de grado medio? Los requisitos acad\u00e9micos necesarios para tener acceso directo son: Graduados en Educaci\u00f3n Secundaria Obligatoria. Tener 2.\u00ba de BUP aprobado. Titulados de Formaci\u00f3n Profesional de primer grado (T\u00e9cnico Auxiliar). Titulados de Formaci\u00f3n Profesional de grado medio (T\u00e9cnico). Haber superado&hellip;<\/p>\n","protected":false},"author":1,"featured_media":0,"parent":0,"menu_order":0,"comment_status":"closed","ping_status":"closed","template":"","meta":{"ngg_post_thumbnail":0},"_links":{"self":[{"href":"https:\/\/www.fpmislata.com\/wordpress\/wp-json\/wp\/v2\/pages\/514"}],"collection":[{"href":"https:\/\/www.fpmislata.com\/wordpress\/wp-json\/wp\/v2\/pages"}],"about":[{"href":"https:\/\/www.fpmislata.com\/wordpress\/wp-json\/wp\/v2\/types\/page"}],"author":[{"embeddable":true,"href":"https:\/\/www.fpmislata.com\/wordpress\/wp-json\/wp\/v2\/users\/1"}],"replies":[{"embeddable":true,"href":"https:\/\/www.fpmislata.com\/wordpress\/wp-json\/wp\/v2\/comments?post=514"}],"version-history":[{"count":1,"href":"https:\/\/www.fpmislata.com\/wordpress\/wp-json\/wp\/v2\/pages\/514\/revisions"}],"predecessor-version":[{"id":12133,"href":"https:\/\/www.fpmislata.com\/wordpress\/wp-json\/wp\/v2\/pages\/514\/revisions\/12133"}],"wp:attachment":[{"href":"https:\/\/www.fpmislata.com\/wordpress\/wp-json\/wp\/v2\/media?parent=514"}],"curies":[{"name":"wp","href":"https:\/\/api.w.org\/{rel}","templated":true}]}}