{"id":568,"date":"2018-03-30T16:15:55","date_gmt":"2018-03-30T20:15:55","guid":{"rendered":"http:\/\/www.fpmislata.com\/wordpress\/?page_id=568"},"modified":"2023-01-19T13:00:57","modified_gmt":"2023-01-19T17:00:57","slug":"pruebas-de-acceso-horarios-examenes","status":"publish","type":"page","link":"https:\/\/www.fpmislata.com\/wordpress\/secretaria\/pruebas-de-acceso-a-ciclos\/pruebas-de-acceso-horarios-examenes\/","title":{"rendered":"Pruebas de acceso. Horarios de las pruebas."},"content":{"rendered":"<p><strong>PRUEBAS DE ACCESO. HORARIO DE EX\u00c1MENES<\/strong><\/p>\n<p>Horario de las pruebas 2023<\/p>\n<p><strong>EXAMEN GRADO MEDIO: 22 y 23 DE MAYO DE 2023<\/strong><\/p>\n<table border=\"1\" cellspacing=\"0\" cellpadding=\"0\">\n<tbody>\n<tr>\n<td style=\"width: 94px; text-align: center; vertical-align: middle;\" valign=\"top\" width=\"59\">\u00a0<strong>Hora<\/strong><\/td>\n<td style=\"width: 605px;\" valign=\"top\" width=\"400\">\n<p align=\"center\"><strong>Examen Grado Medio<\/strong><\/p>\n<p align=\"center\"><strong>D\u00cdA 22 DE MAYO<\/strong><\/p>\n<\/td>\n<td style=\"width: 145px;\" valign=\"top\" width=\"95\">\n<p align=\"center\"><strong>Duraci\u00f3n<\/strong><\/p>\n<\/td>\n<\/tr>\n<tr>\n<td style=\"width: 94px;\" valign=\"top\" width=\"59\">\n<p align=\"center\">9:00-10:00<\/p>\n<\/td>\n<td style=\"width: 605px; text-align: left; vertical-align: middle;\" valign=\"top\" width=\"400\">Parte ling\u00fc\u00edstica: Lengua y Literatura (Castellana o valenciana)<\/td>\n<td style=\"width: 145px;\" valign=\"top\" width=\"95\">\n<p align=\"center\">1h<\/p>\n<\/td>\n<\/tr>\n<tr>\n<td style=\"width: 94px;\" valign=\"top\" width=\"59\">\n<p align=\"center\">10:15-11:15<\/p>\n<\/td>\n<td style=\"width: 605px; text-align: left; vertical-align: middle;\" valign=\"top\" width=\"400\">Parte social: Ciencias Sociales, Geograf\u00eda e Historia<\/td>\n<td style=\"width: 145px;\" valign=\"top\" width=\"95\">\n<p align=\"center\">1h<\/p>\n<\/td>\n<\/tr>\n<tr>\n<td style=\"width: 94px;\" valign=\"top\" width=\"59\">\n<p align=\"center\">11:30-12:15<\/p>\n<\/td>\n<td style=\"width: 605px; text-align: left; vertical-align: middle;\" valign=\"top\" width=\"400\">\n<p style=\"text-align: left;\" align=\"center\"><span style=\"font-family: inherit; font-size: inherit; text-align: left;\">Parte ling\u00fc\u00edstica: Ingl\u00e9s<\/span><\/p>\n<\/td>\n<td style=\"width: 145px;\" valign=\"top\" width=\"95\">\n<p align=\"center\">45 min.<\/p>\n<\/td>\n<\/tr>\n<tr>\n<td style=\"width: 94px;\">\n<p align=\"center\">\u00a0<\/p>\n<\/td>\n<td style=\"width: 605px;\">\n<p align=\"center\"><strong>Examen Grado Medio<\/strong><\/p>\n<p align=\"center\"><strong>D\u00cdA 23 DE MAYO<\/strong><\/p>\n<\/td>\n<td style=\"width: 145px;\">\n<p align=\"center\">\u00a0<\/p>\n<\/td>\n<\/tr>\n<tr>\n<td style=\"width: 94px;\" valign=\"top\" width=\"59\">\n<p align=\"center\">9:00-10:00<\/p>\n<\/td>\n<td style=\"width: 605px;\" valign=\"top\" width=\"400\">Parte cient\u00edfico-matem\u00e1tico-t\u00e9cnica: Matem\u00e1ticas<\/td>\n<td style=\"width: 145px;\" valign=\"top\" width=\"95\">\n<p align=\"center\">1 h.<\/p>\n<\/td>\n<\/tr>\n<tr>\n<td style=\"width: 94px;\" valign=\"top\" width=\"59\">\n<p align=\"center\">10:15-11:00<\/p>\n<\/td>\n<td style=\"width: 605px;\" valign=\"top\" width=\"400\">Parte cient\u00edfico-matem\u00e1tico-t\u00e9cnica: Ciencias de la Naturaleza<\/td>\n<td style=\"width: 145px; text-align: center; vertical-align: middle;\" valign=\"top\" width=\"95\">45 min.<\/td>\n<\/tr>\n<tr>\n<td style=\"width: 94px;\" valign=\"top\" width=\"59\">\u00a0 \u00a0 11:15-12:00<\/td>\n<td style=\"width: 605px;\" valign=\"top\" width=\"400\">Parte cient\u00edfico-matem\u00e1tica-t\u00e9cnica: Tratamiento de la Informaci\u00f3n y Competencia Digital<\/td>\n<td style=\"width: 145px;\" valign=\"top\" width=\"95\">\n<p align=\"center\">45 min.<\/p>\n<\/td>\n<\/tr>\n<\/tbody>\n<\/table>\n<p><span style=\"text-decoration: underline;\"><strong>*NOTA<\/strong><\/span>: Para realizar las pruebas, los aspirantes deber\u00e1n ir provistos del correspondiente documento identificativo: DNI, pasaporte, tarjeta de identidad de extranjero o visado de estudios ( r\u00e9gimen especial de estudiantes extranjeros)<\/p>\n<p>\u00a0<\/p>\n<p><strong>EXAMEN GRADO SUPERIOR: 22 Y 23 DE MAYO DE 2023<\/strong><\/p>\n<table border=\"1\" cellspacing=\"0\" cellpadding=\"0\">\n<tbody>\n<tr>\n<td style=\"width: 57px; text-align: center; vertical-align: middle;\" valign=\"top\" width=\"57\">\u00a0<strong>Hora<\/strong><\/td>\n<td valign=\"top\" width=\"402\">\n<p align=\"center\"><strong>Examen Grado Superior<\/strong><\/p>\n<p align=\"center\"><strong>D\u00cdA 22 DE MAYO<\/strong><\/p>\n<\/td>\n<td valign=\"top\" width=\"95\">\n<p align=\"center\"><strong>Duraci\u00f3n<\/strong><\/p>\n<\/td>\n<\/tr>\n<tr>\n<td valign=\"top\" width=\"57\">\n<p align=\"center\">15:00-16:15<\/p>\n<\/td>\n<td valign=\"top\" width=\"402\">Parte general: Lengua y Literatura (Castellana o valenciana)<\/td>\n<td valign=\"top\" width=\"95\">\n<p align=\"center\">1h 15 min.<\/p>\n<\/td>\n<\/tr>\n<tr>\n<td valign=\"top\" width=\"57\">\n<p align=\"center\">16:30-17:45<\/p>\n<\/td>\n<td valign=\"top\" width=\"402\">Parte general: Ingl\u00e9s<\/td>\n<td valign=\"top\" width=\"95\">\n<p align=\"center\">1h 15 min.<\/p>\n<\/td>\n<\/tr>\n<tr>\n<td valign=\"top\" width=\"57\">\n<p align=\"center\">18:00-19:15<\/p>\n<\/td>\n<td valign=\"top\" width=\"402\">Parte general: Matem\u00e1ticas<\/td>\n<td valign=\"top\" width=\"95\">\n<p align=\"center\">1h 15 min.<\/p>\n<\/td>\n<\/tr>\n<tr>\n<td valign=\"top\" width=\"57\">\n<p align=\"center\">19:30-20:15<\/p>\n<\/td>\n<td valign=\"top\" width=\"402\">Parte general: Tratamiento de la Informaci\u00f3n y Competencia Digital<\/td>\n<td valign=\"top\" width=\"95\">\n<p align=\"center\">45 min.<\/p>\n<\/td>\n<\/tr>\n<tr>\n<td>\n<p align=\"center\">\u00a0<\/p>\n<\/td>\n<td>\n<p align=\"center\"><strong>Examen Grado Superior<\/strong><\/p>\n<p align=\"center\"><strong>D\u00cdA 23 DE MAYO<\/strong><\/p>\n<\/td>\n<td>\n<p align=\"center\">\u00a0<\/p>\n<\/td>\n<\/tr>\n<tr>\n<td valign=\"top\" width=\"57\">\n<p align=\"center\">16:00-17:15<\/p>\n<\/td>\n<td valign=\"top\" width=\"402\">Parte espec\u00edfica: Apartado b1<\/td>\n<td valign=\"top\" width=\"95\">\n<p align=\"center\">1h 15 min.<\/p>\n<\/td>\n<\/tr>\n<tr>\n<td valign=\"top\" width=\"57\">\n<p align=\"center\">17:30-18:45<\/p>\n<\/td>\n<td valign=\"top\" width=\"402\">Parte espec\u00edfica: Apartado b2<\/td>\n<td valign=\"top\" width=\"95\">\n<p align=\"center\">1h 15 min.<\/p>\n<\/td>\n<\/tr>\n<\/tbody>\n<\/table>\n\n\n<p><span style=\"text-decoration: underline;\"><strong>*NOTA<\/strong><\/span>: Para realizar las pruebas, los aspirantes deber\u00e1n ir provistos del correspondiente documento identificativo: DNI, pasaporte, tarjeta de identidad de extranjero o visado de estudios ( r\u00e9gimen especial de estudiantes extranjeros)<\/p>\n","protected":false},"excerpt":{"rendered":"<p>PRUEBAS DE ACCESO. HORARIO DE EX\u00c1MENES Horario de las pruebas 2023 EXAMEN GRADO MEDIO: 22 y 23 DE MAYO DE 2023 \u00a0Hora Examen Grado Medio D\u00cdA 22 DE MAYO Duraci\u00f3n 9:00-10:00 Parte ling\u00fc\u00edstica: Lengua y Literatura (Castellana o valenciana) 1h 10:15-11:15 Parte social: Ciencias Sociales, Geograf\u00eda e Historia 1h 11:30-12:15 Parte ling\u00fc\u00edstica: Ingl\u00e9s 45 min.&hellip;<\/p>\n","protected":false},"author":1,"featured_media":0,"parent":325,"menu_order":0,"comment_status":"closed","ping_status":"closed","template":"","meta":{"ngg_post_thumbnail":0},"_links":{"self":[{"href":"https:\/\/www.fpmislata.com\/wordpress\/wp-json\/wp\/v2\/pages\/568"}],"collection":[{"href":"https:\/\/www.fpmislata.com\/wordpress\/wp-json\/wp\/v2\/pages"}],"about":[{"href":"https:\/\/www.fpmislata.com\/wordpress\/wp-json\/wp\/v2\/types\/page"}],"author":[{"embeddable":true,"href":"https:\/\/www.fpmislata.com\/wordpress\/wp-json\/wp\/v2\/users\/1"}],"replies":[{"embeddable":true,"href":"https:\/\/www.fpmislata.com\/wordpress\/wp-json\/wp\/v2\/comments?post=568"}],"version-history":[{"count":3,"href":"https:\/\/www.fpmislata.com\/wordpress\/wp-json\/wp\/v2\/pages\/568\/revisions"}],"predecessor-version":[{"id":11164,"href":"https:\/\/www.fpmislata.com\/wordpress\/wp-json\/wp\/v2\/pages\/568\/revisions\/11164"}],"up":[{"embeddable":true,"href":"https:\/\/www.fpmislata.com\/wordpress\/wp-json\/wp\/v2\/pages\/325"}],"wp:attachment":[{"href":"https:\/\/www.fpmislata.com\/wordpress\/wp-json\/wp\/v2\/media?parent=568"}],"curies":[{"name":"wp","href":"https:\/\/api.w.org\/{rel}","templated":true}]}}