{"id":585,"date":"2018-03-30T16:38:56","date_gmt":"2018-03-30T20:38:56","guid":{"rendered":"http:\/\/www.fpmislata.com\/wordpress\/?page_id=585"},"modified":"2022-03-29T05:03:27","modified_gmt":"2022-03-29T09:03:27","slug":"estructura","status":"publish","type":"page","link":"https:\/\/www.fpmislata.com\/wordpress\/secretaria\/pruebas-de-acceso-a-ciclos\/estructura\/","title":{"rendered":"Estructura Prueba Acceso"},"content":{"rendered":"<p>ESTRUCTURA DE LAS PRUEBAS DE ACCESO A GRADO MEDIO Y A GRADO SUPERIOR.<br \/>\n<div class=\"su-tabs su-tabs-style-default su-tabs-mobile-stack\" data-active=\"1\" data-scroll-offset=\"0\" data-anchor-in-url=\"no\"><div class=\"su-tabs-nav\"><span class=\"\" data-url=\"\" data-target=\"blank\" tabindex=\"0\" role=\"button\">GRADO MEDIO<\/span><span class=\"\" data-url=\"\" data-target=\"blank\" tabindex=\"0\" role=\"button\">GRADO SUPERIOR<\/span><\/div><div class=\"su-tabs-panes\"><div class=\"su-tabs-pane su-u-clearfix su-u-trim\" data-title=\"GRADO MEDIO\">\n<p><strong>ESTRUCTURA DE LA PRUEBA ACCESO GRADO MEDIO.<\/strong><\/p>\n<p>La prueba ser\u00e1 com\u00fan para todos los ciclos y se estructurar\u00e1 en tres partes:<\/p>\n<ol type=\"a\">\n<li><strong>Parte ling\u00fc\u00edstica<\/strong>, que versar\u00e1 sobre conocimientos de Lengua y Literatura (castellana o valenciana) e Ingl\u00e9s. Constar\u00e1 de dos apartados:\n<ol>\n<li>Lengua y Literatura (castellana o valenciana).<\/li>\n<li>Ingl\u00e9s.<\/li>\n<\/ol>\n<\/li>\n<li><strong>Parte social<\/strong>, que versar\u00e1 sobre conocimientos de Ciencias Sociales, Geograf\u00eda e Historia.<\/li>\n<li><strong>Parte cient\u00edfico-matem\u00e1tico-t\u00e9cnica<\/strong>, que versar\u00e1 sobre conocimientos de Matem\u00e1ticas, Ciencias Naturales y Tratamiento de la Informaci\u00f3n y Competencia Digital. Constar\u00e1 de tres apartados:\n<ol>\n<li>Matem\u00e1ticas.<\/li>\n<li>Ciencias de la Naturaleza.<\/li>\n<li>Tratamiento de la Informaci\u00f3n y Competencia Digital.<\/li>\n<\/ol>\n<\/li>\n<\/ol>\n<p>Los contenidos de referencia correspondientes a cada uno de los apartados ser\u00e1n los curr\u00edculos vigentes de la Educaci\u00f3n Secundaria Obligatoria en la Comunidad Valenciana. Ver&nbsp;<a href=\"http:\/\/www.docv.gva.es\/datos\/2015\/11\/18\/pdf\/2015_9263.pdf\" target=\"_blank\" rel=\"noopener\">CONTENIDOS<\/a><\/p>\n<p><strong>CALIFICACI\u00d3N EN LAS PRUEBAS DE ACCESO A CICLOS DE GRADO MEDIO.<\/strong><\/p>\n<p>La Comisi\u00f3n Evaluadora calificar\u00e1 cada uno de los distintos ex\u00e1menes puntu\u00e1ndolos entre 0 y 10 puntos. Para calcular la nota de cada una de las partes, se aplicar\u00e1n los siguientes criterios:<\/p>\n<ol>\n<li><strong>Parte ling\u00fc\u00edstica<\/strong>. Ser\u00e1 la media ponderada con dos decimales de las notas de Lengua y literatura (castellana o valenciana) y de Ingl\u00e9s, que tendr\u00e1n un peso de 8 y 2 respectivamente.<\/li>\n<li><strong>Parte social<\/strong>. Ser\u00e1 la correspondiente a la nota obtenida en Ciencias Sociales: Geograf\u00eda e Historia.<\/li>\n<li><strong>Parte cient\u00edfico-matem\u00e1tico-t\u00e9cnica<\/strong>. Media aritm\u00e9tica ponderada con dos decimales de las calificaciones de Matem\u00e1ticas, Ciencias Naturales, y Tratamiento de la informaci\u00f3n y competencia digital, que tendr\u00e1n un peso de 5, 3 y 2 respectivamente.<\/li>\n<\/ol>\n<p>La nota final ser\u00e1 la media aritm\u00e9tica con dos decimales de las tres partes de la prueba, <strong>si bien la nota final solo podr\u00e1 calcularse cuando la nota de cada una de las partes de la prueba sea igual o superior a 4<\/strong>. No obstante lo anterior, las calificaciones inferiores a 5 de alguno de los apartados de la prueba, no podr\u00e1n considerarse como apartado superado en convocatorias posteriores.<\/p>\n<p>Si la nota final es igual o superior a 5, la prueba se considerar\u00e1 superada.<\/p>\n<\/div>\n<div class=\"su-tabs-pane su-u-clearfix su-u-trim\" data-title=\"GRADO SUPERIOR\">\n<p><strong>ESTRUCTURA DE LA PRUEBA ACCESO GRADO SUPERIOR.<\/strong><\/p>\n<p>La prueba constar\u00e1 de dos partes:<\/p>\n<ul>\n<li><strong>a) Parte com\u00fan<\/strong>, que constar\u00e1 de cuatro apartados:\n<ul>\n<li>a1) Lengua y Literatura (castellana o valenciana).<\/li>\n<li>a2) Lengua Extranjera (ingl\u00e9s).<\/li>\n<li>a3) Matem\u00e1ticas.<\/li>\n<li>a4) Tratamiento de la Informaci\u00f3n y Competencia Digital.<\/li>\n<\/ul>\n<\/li>\n<li><strong>b) Parte espec\u00edfica<\/strong>, que constar\u00e1 de dos apartados, b1) y b2), e incluir\u00e1 contenidos de determinados conocimientos b\u00e1sicos de materias del Bachillerato seg\u00fan sea la opci\u00f3n a la que est\u00e9 adscrito el ciclo formativo.(Hay que elegir en la solicitud 2 materias de las tres que hay seg\u00fan la opci\u00f3n) Ver&nbsp;<a href=\"http:\/\/www.docv.gva.es\/datos\/2015\/11\/18\/pdf\/2015_9263.pdf\" target=\"_blank\" rel=\"noopener\"><strong>CONTENIDOS.<\/strong><\/a><\/li>\n<\/ul>\n<p><strong>CALIFICACI\u00d3N.<\/strong><\/p>\n<p>La Comisi\u00f3n Evaluadora calificar\u00e1 cada uno de los distintos ex\u00e1menes puntu\u00e1ndolos entre 0 y 10 puntos. Para calcular la nota de cada una de las partes, se aplicar\u00e1n los siguientes criterios:<\/p>\n<ul>\n<li><strong>a) Parte com\u00fan<\/strong>. Ser\u00e1 la media aritm\u00e9tica ponderada con dos decimales de las notas de Lengua y Literatura (Castellana o Valenciana), Matem\u00e1ticas , Lengua extranjera (Ingl\u00e9s), y Tratamiento de la informaci\u00f3n y competencia digital, que tendr\u00e1n un peso de 3,5, 3,5, 2 y 1 respectivamente.<\/li>\n<li><strong>b) Parte espec\u00edfica.<\/strong> Media aritm\u00e9tica con dos decimales de las notas de las dos optativas de la opci\u00f3n que hayan elegido.<\/li>\n<\/ul>\n<p>La nota final ser\u00e1 la media aritm\u00e9tica con dos decimales de las dos partes de la prueba, si bien <strong>la nota final solo podr\u00e1 calcularse cuando la nota de cada una de las partes de la prueba sea igual o superior a 4<\/strong>. No obstante lo anterior, las calificaciones inferiores a 5 de alguno de los apartados de la prueba, no podr\u00e1n considerarse como apartado superado en convocatorias posteriores.<\/p>\n<ul>\n<li>Si la nota final es igual o superior a 5, la prueba se considerar\u00e1 superada.<\/li>\n<\/ul>\n<p><strong>OPCIONES DE PRUEBA, MATERIAS DE BACHILLERATO EN LAS QUE SE BASAN.<\/strong><\/p>\n<ul>\n<li>(se informa \u00fanicamente de los ciclos formativos ofertados en este centro).<\/li>\n<\/ul>\n<table border=\"1\" cellspacing=\"0\" cellpadding=\"0\">\n<tbody>\n<tr>\n<td valign=\"top\" width=\"241\">\n<p align=\"center\"><strong>OPCI\u00d3N<\/strong><\/p>\n<\/td>\n<td valign=\"top\" width=\"217\">\n<p align=\"center\"><strong>MATERIAS DE BACHILLERATO<\/strong><\/p>\n<\/td>\n<td valign=\"top\" width=\"213\">\n<p align=\"center\"><strong>FAMILIAS PROFESIONALES DEL CENTRO<\/strong><\/p>\n<\/td>\n<\/tr>\n<tr>\n<td valign=\"top\" width=\"241\">A) Humanidades y Ciencias Sociales<\/td>\n<td valign=\"top\" width=\"217\">&#8211; Historia del Mundo Contempor\u00e1neo&nbsp;&nbsp;<\/p>\n<p>&#8211; Econom\u00eda de la Empresa<\/p>\n<p>&#8211; Geograf\u00eda<\/td>\n<td valign=\"top\" width=\"213\">&#8211; Administraci\u00f3n y Gesti\u00f3n&nbsp;&nbsp;<\/p>\n<p>&#8211; Comercio y Marketing<\/p>\n<p>&#8211; Hosteler\u00eda y Turismo<\/td>\n<\/tr>\n<tr>\n<td valign=\"top\" width=\"241\">B) Tecnolog\u00eda<\/td>\n<td valign=\"top\" width=\"217\">\u2013 Dibujo T\u00e9cnico II&nbsp;&nbsp;<\/p>\n<p>\u2013 Tecnolog\u00eda Industrial II<\/p>\n<p>\u2013 F\u00edsica y Qu\u00edmica<\/td>\n<td valign=\"top\" width=\"213\">\u2013 Inform\u00e1tica y Comunicaciones&nbsp;&nbsp;<\/p>\n<p>&#8211; Fabricaci\u00f3n Mec\u00e1nica<\/td>\n<\/tr>\n<tr>\n<td valign=\"top\" width=\"241\">C) Ciencias<\/td>\n<td valign=\"top\" width=\"217\">\u2013 F\u00edsica&nbsp;&nbsp;<\/p>\n<p>\u2013 Biolog\u00eda y Ciencias de la Tierra<\/p>\n<p>\u2013 Qu\u00edmica<\/td>\n<td valign=\"top\" width=\"213\">\u2013 Sanidad<\/td>\n<\/tr>\n<\/tbody>\n<\/table>\n<ul>\n<li><a href=\"https:\/\/www.fpmislata.com\/wordpress\/wp-content\/uploads\/Opciones-de-Prueba.pdf\">OPCIONES DE PRUEBA DE ACCESO GRADO SUPERIOR<\/a>&nbsp;(Se incluyen todas las familias profesionales).<\/li>\n<\/ul>\n<\/div><\/div><\/div>\n","protected":false},"excerpt":{"rendered":"<p>ESTRUCTURA DE LAS PRUEBAS DE ACCESO A GRADO MEDIO Y A GRADO SUPERIOR.<\/p>\n","protected":false},"author":1,"featured_media":0,"parent":325,"menu_order":0,"comment_status":"closed","ping_status":"closed","template":"","meta":{"ngg_post_thumbnail":0},"_links":{"self":[{"href":"https:\/\/www.fpmislata.com\/wordpress\/wp-json\/wp\/v2\/pages\/585"}],"collection":[{"href":"https:\/\/www.fpmislata.com\/wordpress\/wp-json\/wp\/v2\/pages"}],"about":[{"href":"https:\/\/www.fpmislata.com\/wordpress\/wp-json\/wp\/v2\/types\/page"}],"author":[{"embeddable":true,"href":"https:\/\/www.fpmislata.com\/wordpress\/wp-json\/wp\/v2\/users\/1"}],"replies":[{"embeddable":true,"href":"https:\/\/www.fpmislata.com\/wordpress\/wp-json\/wp\/v2\/comments?post=585"}],"version-history":[{"count":2,"href":"https:\/\/www.fpmislata.com\/wordpress\/wp-json\/wp\/v2\/pages\/585\/revisions"}],"predecessor-version":[{"id":9608,"href":"https:\/\/www.fpmislata.com\/wordpress\/wp-json\/wp\/v2\/pages\/585\/revisions\/9608"}],"up":[{"embeddable":true,"href":"https:\/\/www.fpmislata.com\/wordpress\/wp-json\/wp\/v2\/pages\/325"}],"wp:attachment":[{"href":"https:\/\/www.fpmislata.com\/wordpress\/wp-json\/wp\/v2\/media?parent=585"}],"curies":[{"name":"wp","href":"https:\/\/api.w.org\/{rel}","templated":true}]}}