{"id":611,"date":"2018-03-31T10:33:47","date_gmt":"2018-03-31T14:33:47","guid":{"rendered":"http:\/\/www.fpmislata.com\/wordpress\/?page_id=611"},"modified":"2026-03-30T11:56:12","modified_gmt":"2026-03-30T15:56:12","slug":"prueba-homologada-idiomas-a2","status":"publish","type":"page","link":"https:\/\/www.fpmislata.com\/wordpress\/secretaria\/pruebas\/prueba-homologada-idiomas-a2\/","title":{"rendered":"Prueba Homologada Idiomas A2"},"content":{"rendered":"\t\t<div data-elementor-type=\"wp-page\" data-elementor-id=\"611\" class=\"elementor elementor-611\" data-elementor-settings=\"[]\">\n\t\t\t\t\t\t<div class=\"elementor-inner\">\n\t\t\t\t\t\t\t<div class=\"elementor-section-wrap\">\n\t\t\t\t\t\t\t<section class=\"elementor-section elementor-top-section elementor-element elementor-element-2b2f31e0 elementor-section-boxed elementor-section-height-default elementor-section-height-default\" data-id=\"2b2f31e0\" data-element_type=\"section\">\n\t\t\t\t\t\t<div class=\"elementor-container elementor-column-gap-default\">\n\t\t\t\t\t\t\t<div class=\"elementor-row\">\n\t\t\t\t\t<div class=\"elementor-column elementor-col-100 elementor-top-column elementor-element elementor-element-4f78e146\" data-id=\"4f78e146\" data-element_type=\"column\">\n\t\t\t<div class=\"elementor-column-wrap elementor-element-populated\">\n\t\t\t\t\t\t\t<div class=\"elementor-widget-wrap\">\n\t\t\t\t\t\t<div class=\"elementor-element elementor-element-3358474e elementor-widget elementor-widget-text-editor\" data-id=\"3358474e\" data-element_type=\"widget\" data-widget_type=\"text-editor.default\">\n\t\t\t\t<div class=\"elementor-widget-container\">\n\t\t\t\t\t\t\t\t<div class=\"elementor-text-editor elementor-clearfix\">\n\t\t\t\t\t<p style=\"text-align: left;\"><span style=\"color: #333333;\"><span style=\"text-align: justify;\">Las <\/span><span style=\"text-align: justify;\"><u>pruebas homologadas<\/u><\/span><span style=\"text-align: justify;\"> de idiomas tienen como objetivo facilitar al alumnado que cursa sus estudios de Formaci\u00f3n Profesional la <\/span><span style=\"text-align: justify;\"><u>acreditaci\u00f3n<\/u><\/span><span style=\"text-align: justify;\"> del Nivel B\u00e1sico de las ense\u00f1anzas de <\/span><b style=\"text-align: justify;\">idiomas <\/b><span style=\"text-align: justify;\">de r\u00e9gimen especial, con un referente curricular basado en las competencias propias del <\/span><strong style=\"text-align: justify;\">nivel A2<\/strong><span style=\"text-align: justify;\"> del Marco com\u00fan europeo de referencia para las lenguas.<\/span><\/span><\/p>\n<p><span style=\"color: #333333;\">En este centro se realizan pruebas para los idiomas <span style=\"background-color: #ffff00;\"><strong>INGL\u00c9S<\/strong><\/span> y <strong><span style=\"background-color: #ffff00;\">FRANC\u00c9S<\/span><\/strong>.<\/span><\/p>\n<p><span style=\"text-decoration: underline; color: #333333;\"><strong>LEGISLACI\u00d3N<\/strong><\/span><\/p>\n<ul>\n<li style=\"text-align: left;\"><a href=\"https:\/\/dogv.gva.es\/datos\/2025\/12\/30\/pdf\/2025_52022_es.pdf\" target=\"_blank\" rel=\"noopener\"><u>RESOLUCI\u00d3N de 17 de diciembre de 2025, de la Direcci\u00f3n General de Centros Docentes, de convocatoria de las pruebas homologadas del nivel A2 del Marco com\u00fan europeo de referencia para las lenguas (MCER) del curso 2025\/2026.<\/u><\/a><\/li>\n<li>Gu\u00eda Informativa <a href=\"https:\/\/www.fpmislata.com\/wordpress\/wp-content\/uploads\/GUIA-DE-LA-PERSONA-CANDIDATA-2025_cas.pdf\">Castellano<\/a> &#8211; <a href=\"https:\/\/www.fpmislata.com\/wordpress\/wp-content\/uploads\/GUIA-DE-LA-PERSONA-CANDIDATA-2025_val.pdf\">Valenciano<\/a><\/li>\n<\/ul>\n<p><span style=\"text-decoration: underline; color: #333333;\"><strong>REQUISITOS DE PARTICIPACI\u00d3N<\/strong><\/span><\/p>\n<p><span style=\"color: #333333;\">Diecis\u00e9is a\u00f1os cumplidos en el a\u00f1o natural en que se celebre la prueba y estar matriculado en el centro.<\/span><\/p>\n<p><!-- wp:tadv\/classic-paragraph \/--><\/p>\t\t\t\t\t<\/div>\n\t\t\t\t\t\t<\/div>\n\t\t\t\t<\/div>\n\t\t\t\t<div class=\"elementor-element elementor-element-90dfe6f elementor-widget elementor-widget-toggle\" data-id=\"90dfe6f\" data-element_type=\"widget\" data-widget_type=\"toggle.default\">\n\t\t\t\t<div class=\"elementor-widget-container\">\n\t\t\t\t\t<div class=\"elementor-toggle\" role=\"tablist\">\n\t\t\t\t\t\t\t<div class=\"elementor-toggle-item\">\n\t\t\t\t\t<div id=\"elementor-tab-title-1511\" class=\"elementor-tab-title\" data-tab=\"1\" role=\"tab\" aria-controls=\"elementor-tab-content-1511\" aria-expanded=\"false\">\n\t\t\t\t\t\t\t\t\t\t\t\t<span class=\"elementor-toggle-icon elementor-toggle-icon-left\" aria-hidden=\"true\">\n\t\t\t\t\t\t\t\t\t\t\t\t\t\t\t<span class=\"elementor-toggle-icon-closed\"><i class=\"fas fa-caret-right\"><\/i><\/span>\n\t\t\t\t\t\t\t\t<span class=\"elementor-toggle-icon-opened\"><i class=\"elementor-toggle-icon-opened fas fa-caret-up\"><\/i><\/span>\n\t\t\t\t\t\t\t\t\t\t\t\t\t<\/span>\n\t\t\t\t\t\t\t\t\t\t\t\t<a href=\"\" class=\"elementor-toggle-title\">  \t  Presentaci\u00f3n de solicitudes<\/a>\n\t\t\t\t\t<\/div>\n\t\t\t\t\t<div id=\"elementor-tab-content-1511\" class=\"elementor-tab-content elementor-clearfix\" data-tab=\"1\" role=\"tabpanel\" aria-labelledby=\"elementor-tab-title-1511\"><p><span style=\"color: #333333;\"><strong>Del 16 al 20 de febrero de 2026<\/strong><\/span><\/p>\n<p>La solicitud se podr\u00e1 presentar en la secretar\u00eda del centro en horario de lunes a viernes de 9 a 14 h. y martes y jueves de 15:00h a 18:00h, as\u00ed como a trav\u00e9s del correo <a href=\"mailto:46019660.secretaria@edu.gva.es\">46019660.secretaria@edu.gva.es<\/a><\/p><\/div>\n\t\t\t\t<\/div>\n\t\t\t\t\t\t\t<div class=\"elementor-toggle-item\">\n\t\t\t\t\t<div id=\"elementor-tab-title-1512\" class=\"elementor-tab-title\" data-tab=\"2\" role=\"tab\" aria-controls=\"elementor-tab-content-1512\" aria-expanded=\"false\">\n\t\t\t\t\t\t\t\t\t\t\t\t<span class=\"elementor-toggle-icon elementor-toggle-icon-left\" aria-hidden=\"true\">\n\t\t\t\t\t\t\t\t\t\t\t\t\t\t\t<span class=\"elementor-toggle-icon-closed\"><i class=\"fas fa-caret-right\"><\/i><\/span>\n\t\t\t\t\t\t\t\t<span class=\"elementor-toggle-icon-opened\"><i class=\"elementor-toggle-icon-opened fas fa-caret-up\"><\/i><\/span>\n\t\t\t\t\t\t\t\t\t\t\t\t\t<\/span>\n\t\t\t\t\t\t\t\t\t\t\t\t<a href=\"\" class=\"elementor-toggle-title\">Publicaci\u00f3n de lista provisional de admitidos<\/a>\n\t\t\t\t\t<\/div>\n\t\t\t\t\t<div id=\"elementor-tab-content-1512\" class=\"elementor-tab-content elementor-clearfix\" data-tab=\"2\" role=\"tabpanel\" aria-labelledby=\"elementor-tab-title-1512\"><p><strong>24 de febrero de 2026<\/strong><\/p>\n<p>En el tabl\u00f3n de anuncios del centro y en los siguientes enlaces:<\/p>\n<ul>\n<li><a href=\"https:\/\/www.fpmislata.com\/wordpress\/wp-content\/uploads\/20250224_Listado-admitidos_Pruebas-Homologadas-A2_INGLES.pdf\" target=\"_blank\" rel=\"noopener\">Ingl\u00e9s<\/a><\/li>\n<li><a href=\"https:\/\/www.fpmislata.com\/wordpress\/wp-content\/uploads\/20250224_Listado-admitidos_Pruebas-Homologadas-A2_FRANCES.pdf\" target=\"_blank\" rel=\"noopener\">Franc\u00e9s<\/a><\/li>\n<\/ul><\/div>\n\t\t\t\t<\/div>\n\t\t\t\t\t\t\t<div class=\"elementor-toggle-item\">\n\t\t\t\t\t<div id=\"elementor-tab-title-1513\" class=\"elementor-tab-title\" data-tab=\"3\" role=\"tab\" aria-controls=\"elementor-tab-content-1513\" aria-expanded=\"false\">\n\t\t\t\t\t\t\t\t\t\t\t\t<span class=\"elementor-toggle-icon elementor-toggle-icon-left\" aria-hidden=\"true\">\n\t\t\t\t\t\t\t\t\t\t\t\t\t\t\t<span class=\"elementor-toggle-icon-closed\"><i class=\"fas fa-caret-right\"><\/i><\/span>\n\t\t\t\t\t\t\t\t<span class=\"elementor-toggle-icon-opened\"><i class=\"elementor-toggle-icon-opened fas fa-caret-up\"><\/i><\/span>\n\t\t\t\t\t\t\t\t\t\t\t\t\t<\/span>\n\t\t\t\t\t\t\t\t\t\t\t\t<a href=\"\" class=\"elementor-toggle-title\">Reclamaciones lista provisional<\/a>\n\t\t\t\t\t<\/div>\n\t\t\t\t\t<div id=\"elementor-tab-content-1513\" class=\"elementor-tab-content elementor-clearfix\" data-tab=\"3\" role=\"tabpanel\" aria-labelledby=\"elementor-tab-title-1513\"><p><strong>10 d\u00edas h\u00e1biles despu\u00e9s de la publicaci\u00f3n de los listados provisionales<\/strong><\/p>\n<p>(Hasta el 10 de marzo)<\/p>\n<p>Mediante escrito presentado en Secretar\u00eda.<\/p><\/div>\n\t\t\t\t<\/div>\n\t\t\t\t\t\t\t<div class=\"elementor-toggle-item\">\n\t\t\t\t\t<div id=\"elementor-tab-title-1514\" class=\"elementor-tab-title\" data-tab=\"4\" role=\"tab\" aria-controls=\"elementor-tab-content-1514\" aria-expanded=\"false\">\n\t\t\t\t\t\t\t\t\t\t\t\t<span class=\"elementor-toggle-icon elementor-toggle-icon-left\" aria-hidden=\"true\">\n\t\t\t\t\t\t\t\t\t\t\t\t\t\t\t<span class=\"elementor-toggle-icon-closed\"><i class=\"fas fa-caret-right\"><\/i><\/span>\n\t\t\t\t\t\t\t\t<span class=\"elementor-toggle-icon-opened\"><i class=\"elementor-toggle-icon-opened fas fa-caret-up\"><\/i><\/span>\n\t\t\t\t\t\t\t\t\t\t\t\t\t<\/span>\n\t\t\t\t\t\t\t\t\t\t\t\t<a href=\"\" class=\"elementor-toggle-title\">Publicaci\u00f3n de lista definitiva de admitidos<\/a>\n\t\t\t\t\t<\/div>\n\t\t\t\t\t<div id=\"elementor-tab-content-1514\" class=\"elementor-tab-content elementor-clearfix\" data-tab=\"4\" role=\"tabpanel\" aria-labelledby=\"elementor-tab-title-1514\"><p><strong>Antes del 24 de marzo de 2026<\/strong><\/p>\n<p>En el tabl\u00f3n de anuncios del centro\u00a0 y en los siguientes enlaces:<\/p>\n<ul>\n<li><a href=\"https:\/\/www.fpmislata.com\/wordpress\/wp-content\/uploads\/20250224_Listado-admitidos_Pruebas-Homologadas-A2_INGLES_Definitivos.pdf\" target=\"_blank\" rel=\"noopener\">Ingl\u00e9s<\/a><\/li>\n<li><a href=\"https:\/\/www.fpmislata.com\/wordpress\/wp-content\/uploads\/20250224_Listado-admitidos_Pruebas-Homologadas-A2_FRANCES-_Definitivos.pdf\" target=\"_blank\" rel=\"noopener\">Franc\u00e9s<\/a><\/li>\n<\/ul><\/div>\n\t\t\t\t<\/div>\n\t\t\t\t\t\t\t<div class=\"elementor-toggle-item\">\n\t\t\t\t\t<div id=\"elementor-tab-title-1515\" class=\"elementor-tab-title\" data-tab=\"5\" role=\"tab\" aria-controls=\"elementor-tab-content-1515\" aria-expanded=\"false\">\n\t\t\t\t\t\t\t\t\t\t\t\t<span class=\"elementor-toggle-icon elementor-toggle-icon-left\" aria-hidden=\"true\">\n\t\t\t\t\t\t\t\t\t\t\t\t\t\t\t<span class=\"elementor-toggle-icon-closed\"><i class=\"fas fa-caret-right\"><\/i><\/span>\n\t\t\t\t\t\t\t\t<span class=\"elementor-toggle-icon-opened\"><i class=\"elementor-toggle-icon-opened fas fa-caret-up\"><\/i><\/span>\n\t\t\t\t\t\t\t\t\t\t\t\t\t<\/span>\n\t\t\t\t\t\t\t\t\t\t\t\t<a href=\"\" class=\"elementor-toggle-title\">Realizaci\u00f3n prueba A2 INGL\u00c9S<\/a>\n\t\t\t\t\t<\/div>\n\t\t\t\t\t<div id=\"elementor-tab-content-1515\" class=\"elementor-tab-content elementor-clearfix\" data-tab=\"5\" role=\"tabpanel\" aria-labelledby=\"elementor-tab-title-1515\"><p><strong>28 de abril de 2026<\/strong><\/p>\n<p><strong>Hora: 11:00h<\/strong><\/p>\n<p>Lugar: Sal\u00f3n de actos CIPFP Mislata<\/p><\/div>\n\t\t\t\t<\/div>\n\t\t\t\t\t\t\t<div class=\"elementor-toggle-item\">\n\t\t\t\t\t<div id=\"elementor-tab-title-1516\" class=\"elementor-tab-title\" data-tab=\"6\" role=\"tab\" aria-controls=\"elementor-tab-content-1516\" aria-expanded=\"false\">\n\t\t\t\t\t\t\t\t\t\t\t\t<span class=\"elementor-toggle-icon elementor-toggle-icon-left\" aria-hidden=\"true\">\n\t\t\t\t\t\t\t\t\t\t\t\t\t\t\t<span class=\"elementor-toggle-icon-closed\"><i class=\"fas fa-caret-right\"><\/i><\/span>\n\t\t\t\t\t\t\t\t<span class=\"elementor-toggle-icon-opened\"><i class=\"elementor-toggle-icon-opened fas fa-caret-up\"><\/i><\/span>\n\t\t\t\t\t\t\t\t\t\t\t\t\t<\/span>\n\t\t\t\t\t\t\t\t\t\t\t\t<a href=\"\" class=\"elementor-toggle-title\">Realizaci\u00f3n prueba A2 FRANC\u00c9S<\/a>\n\t\t\t\t\t<\/div>\n\t\t\t\t\t<div id=\"elementor-tab-content-1516\" class=\"elementor-tab-content elementor-clearfix\" data-tab=\"6\" role=\"tabpanel\" aria-labelledby=\"elementor-tab-title-1516\"><p><strong>29 de abril de 2026<\/strong><\/p>\n<p><strong>Hora: 11:00h<\/strong><\/p>\n<p>Lugar: Sal\u00f3n de actos CIPFP Mislata<\/p>\n<p>\u00a0<\/p><\/div>\n\t\t\t\t<\/div>\n\t\t\t\t\t\t\t<div class=\"elementor-toggle-item\">\n\t\t\t\t\t<div id=\"elementor-tab-title-1517\" class=\"elementor-tab-title\" data-tab=\"7\" role=\"tab\" aria-controls=\"elementor-tab-content-1517\" aria-expanded=\"false\">\n\t\t\t\t\t\t\t\t\t\t\t\t<span class=\"elementor-toggle-icon elementor-toggle-icon-left\" aria-hidden=\"true\">\n\t\t\t\t\t\t\t\t\t\t\t\t\t\t\t<span class=\"elementor-toggle-icon-closed\"><i class=\"fas fa-caret-right\"><\/i><\/span>\n\t\t\t\t\t\t\t\t<span class=\"elementor-toggle-icon-opened\"><i class=\"elementor-toggle-icon-opened fas fa-caret-up\"><\/i><\/span>\n\t\t\t\t\t\t\t\t\t\t\t\t\t<\/span>\n\t\t\t\t\t\t\t\t\t\t\t\t<a href=\"\" class=\"elementor-toggle-title\">Publicaci\u00f3n de lista provisionales de calificaciones<\/a>\n\t\t\t\t\t<\/div>\n\t\t\t\t\t<div id=\"elementor-tab-content-1517\" class=\"elementor-tab-content elementor-clearfix\" data-tab=\"7\" role=\"tabpanel\" aria-labelledby=\"elementor-tab-title-1517\"><p><strong>Antes del 19 de junio de 2026<\/strong><\/p>\n<p>En el tabl\u00f3n de anuncios del centro y en estos enlaces:<\/p>\n<ul>\n<li>CALIFICACIONES A2 INGL\u00c9S<\/li>\n<li>CALIFICACIONES A2 FRANC\u00c9S<\/li>\n<\/ul><\/div>\n\t\t\t\t<\/div>\n\t\t\t\t\t\t\t<div class=\"elementor-toggle-item\">\n\t\t\t\t\t<div id=\"elementor-tab-title-1518\" class=\"elementor-tab-title\" data-tab=\"8\" role=\"tab\" aria-controls=\"elementor-tab-content-1518\" aria-expanded=\"false\">\n\t\t\t\t\t\t\t\t\t\t\t\t<span class=\"elementor-toggle-icon elementor-toggle-icon-left\" aria-hidden=\"true\">\n\t\t\t\t\t\t\t\t\t\t\t\t\t\t\t<span class=\"elementor-toggle-icon-closed\"><i class=\"fas fa-caret-right\"><\/i><\/span>\n\t\t\t\t\t\t\t\t<span class=\"elementor-toggle-icon-opened\"><i class=\"elementor-toggle-icon-opened fas fa-caret-up\"><\/i><\/span>\n\t\t\t\t\t\t\t\t\t\t\t\t\t<\/span>\n\t\t\t\t\t\t\t\t\t\t\t\t<a href=\"\" class=\"elementor-toggle-title\">Reclamaciones calificaciones<\/a>\n\t\t\t\t\t<\/div>\n\t\t\t\t\t<div id=\"elementor-tab-content-1518\" class=\"elementor-tab-content elementor-clearfix\" data-tab=\"8\" role=\"tabpanel\" aria-labelledby=\"elementor-tab-title-1518\"><p><strong>3 d\u00edas h\u00e1biles posteriores a la comunicaci\u00f3n de las notas<\/strong><\/p>\n<p>Mediante escrito presentado en Secretar\u00eda.<\/p><\/div>\n\t\t\t\t<\/div>\n\t\t\t\t\t\t\t<div class=\"elementor-toggle-item\">\n\t\t\t\t\t<div id=\"elementor-tab-title-1519\" class=\"elementor-tab-title\" data-tab=\"9\" role=\"tab\" aria-controls=\"elementor-tab-content-1519\" aria-expanded=\"false\">\n\t\t\t\t\t\t\t\t\t\t\t\t<span class=\"elementor-toggle-icon elementor-toggle-icon-left\" aria-hidden=\"true\">\n\t\t\t\t\t\t\t\t\t\t\t\t\t\t\t<span class=\"elementor-toggle-icon-closed\"><i class=\"fas fa-caret-right\"><\/i><\/span>\n\t\t\t\t\t\t\t\t<span class=\"elementor-toggle-icon-opened\"><i class=\"elementor-toggle-icon-opened fas fa-caret-up\"><\/i><\/span>\n\t\t\t\t\t\t\t\t\t\t\t\t\t<\/span>\n\t\t\t\t\t\t\t\t\t\t\t\t<a href=\"\" class=\"elementor-toggle-title\">Publicaci\u00f3n de lista definitiva de calificaciones\t<\/a>\n\t\t\t\t\t<\/div>\n\t\t\t\t\t<div id=\"elementor-tab-content-1519\" class=\"elementor-tab-content elementor-clearfix\" data-tab=\"9\" role=\"tabpanel\" aria-labelledby=\"elementor-tab-title-1519\"><table>\n<tbody>\n<tr>\n<td>\n<p>La publicaci\u00f3n de la lista se har\u00e1 en el tabl\u00f3n de anuncios del centro el <strong>22 de junio de 2026<span style=\"color: #333333;\">\u00a0<\/span><\/strong>y en estos enlaces:<\/p>\n<ul>\n<li>CALIFICACIONES A2 INGL\u00c9S<\/li>\n<li>CALIFICACIONES A2 FRANC\u00c9S<\/li>\n<\/ul>\n<\/td>\n<\/tr>\n<\/tbody>\n<\/table><\/div>\n\t\t\t\t<\/div>\n\t\t\t\t\t\t\t\t<\/div>\n\t\t\t\t<\/div>\n\t\t\t\t<\/div>\n\t\t\t\t<div class=\"elementor-element elementor-element-e939036 elementor-widget elementor-widget-text-editor\" data-id=\"e939036\" data-element_type=\"widget\" data-widget_type=\"text-editor.default\">\n\t\t\t\t<div class=\"elementor-widget-container\">\n\t\t\t\t\t\t\t\t<div class=\"elementor-text-editor elementor-clearfix\">\n\t\t\t\t\t<p><span style=\"color: #333333;\"><strong style=\"text-align: left;\"><u>IMPRESO DE SOLICITUD<\/u><\/strong><\/span><\/p>\n<ul>\n<li><a href=\"https:\/\/www.fpmislata.com\/wordpress\/wp-content\/uploads\/Modelo-Inscripcion-Prueba-Homologada-A2-Ingles-Curso-2025-2026.pdf\" target=\"_blank\" rel=\"noopener\">Ingl\u00e9s<\/a><\/li>\n<li><a href=\"https:\/\/www.fpmislata.com\/wordpress\/wp-content\/uploads\/Modelo-Inscripcion-Prueba-Homologada-A2-Frances-Curso-2025-2026.pdf\" target=\"_blank\" rel=\"noopener\">Franc\u00e9s<\/a><\/li>\n<\/ul>\n<p><span style=\"color: #333333;\"><strong><u>LUGAR DE PRESENTACI\u00d3N DE LA SOLICITUD<\/u><\/strong><\/span><\/p>\n<p><span style=\"color: #333333;\">La solicitud se podr\u00e1 presentar en la <span style=\"text-decoration: underline;\">secretar\u00eda<\/span> del <span style=\"text-decoration: underline;\">centro<\/span> en horario de lunes a viernes de 9 a 14 h. y <span data-olk-copy-source=\"MessageBody\">martes, mi\u00e9rcoles y jueves de 15 a 18 h.<\/span>, as\u00ed como a trav\u00e9s del correo<\/span> <a href=\"mailto:46019660.secretaria@edu.gva.es\">46019660.secretaria@edu.gva.es\u00a0<\/a><\/p>\n<p>\u00a0<\/p>\n<p><span style=\"color: #333333;\"><strong><u>DOCUMENTOS NECESARIOS PARA PRESENTARSE A LA PRUEBA<\/u><\/strong><\/span><\/p>\n<ul>\n<li><span style=\"color: #333333;\">DNI &#8211; NIE<\/span><\/li>\n<\/ul>\n<p><span style=\"color: #333333;\"><strong><u>SOLICITUD CERTIFICADO SUPERACI\u00d3N NIVEL A2<\/u><\/strong><\/span><\/p>\n<p><span style=\"color: #333333;\">L@s alumn@s que superen la prueba, podr\u00e1n solicitar el certificado de superaci\u00f3n del nivel A2 siguiendo los siguientes pasos:<\/span><\/p>\n<p style=\"padding-left: 40px;\"><span style=\"color: #333333;\">1) Rellenar el siguiente<\/span> <a href=\"https:\/\/www.gva.es\/downloads\/publicados\/IN\/180461_BI.pdf\">impreso de solicitud.<\/a>\u00a0<\/p>\n<p style=\"padding-left: 40px;\"><span style=\"color: #333333;\">2) Presentar en la secretar\u00eda del centro el documento o enviarlo por email a<\/span> <a href=\"mailto: 46019660.secretaria@edu.gva.es\">46019660.secretaria@edu.gva.es<\/a><\/p>\n<p>\u00a0<\/p>\n<p><a href=\"https:\/\/eoi.gva.es\/es\/proves-homologades\">+ INFO\u00a0<\/a><\/p>\n<p>\u00a0<\/p>\n<p><span style=\"color: #ffffff;\">L<\/span><\/p>\n<p><!-- wp:tadv\/classic-paragraph \/--><\/p>\t\t\t\t\t<\/div>\n\t\t\t\t\t\t<\/div>\n\t\t\t\t<\/div>\n\t\t\t\t\t\t<\/div>\n\t\t\t\t\t<\/div>\n\t\t<\/div>\n\t\t\t\t\t\t\t\t<\/div>\n\t\t\t\t\t<\/div>\n\t\t<\/section>\n\t\t\t\t\t\t<\/div>\n\t\t\t\t\t\t<\/div>\n\t\t\t\t\t<\/div>\n\t\t","protected":false},"excerpt":{"rendered":"<p>Las pruebas homologadas de idiomas tienen como objetivo facilitar al alumnado que cursa sus estudios de Formaci\u00f3n Profesional la acreditaci\u00f3n del Nivel B\u00e1sico de las ense\u00f1anzas de idiomas de r\u00e9gimen especial, con un referente curricular basado en las competencias propias del nivel A2 del Marco com\u00fan europeo de referencia para las lenguas. En este centro&hellip;<\/p>\n","protected":false},"author":1,"featured_media":7948,"parent":549,"menu_order":0,"comment_status":"closed","ping_status":"closed","template":"","meta":{"ngg_post_thumbnail":0},"_links":{"self":[{"href":"https:\/\/www.fpmislata.com\/wordpress\/wp-json\/wp\/v2\/pages\/611"}],"collection":[{"href":"https:\/\/www.fpmislata.com\/wordpress\/wp-json\/wp\/v2\/pages"}],"about":[{"href":"https:\/\/www.fpmislata.com\/wordpress\/wp-json\/wp\/v2\/types\/page"}],"author":[{"embeddable":true,"href":"https:\/\/www.fpmislata.com\/wordpress\/wp-json\/wp\/v2\/users\/1"}],"replies":[{"embeddable":true,"href":"https:\/\/www.fpmislata.com\/wordpress\/wp-json\/wp\/v2\/comments?post=611"}],"version-history":[{"count":194,"href":"https:\/\/www.fpmislata.com\/wordpress\/wp-json\/wp\/v2\/pages\/611\/revisions"}],"predecessor-version":[{"id":17678,"href":"https:\/\/www.fpmislata.com\/wordpress\/wp-json\/wp\/v2\/pages\/611\/revisions\/17678"}],"up":[{"embeddable":true,"href":"https:\/\/www.fpmislata.com\/wordpress\/wp-json\/wp\/v2\/pages\/549"}],"wp:featuredmedia":[{"embeddable":true,"href":"https:\/\/www.fpmislata.com\/wordpress\/wp-json\/wp\/v2\/media\/7948"}],"wp:attachment":[{"href":"https:\/\/www.fpmislata.com\/wordpress\/wp-json\/wp\/v2\/media?parent=611"}],"curies":[{"name":"wp","href":"https:\/\/api.w.org\/{rel}","templated":true}]}}