{"id":7247,"date":"2021-04-28T11:29:19","date_gmt":"2021-04-28T15:29:19","guid":{"rendered":"https:\/\/www.fpmislata.com\/wordpress\/?page_id=7247"},"modified":"2021-04-28T11:29:56","modified_gmt":"2021-04-28T15:29:56","slug":"aula-del-futuro","status":"publish","type":"page","link":"https:\/\/www.fpmislata.com\/wordpress\/aula-del-futuro\/","title":{"rendered":"AULA DEL FUTURO"},"content":{"rendered":"<div style=\"width: 100%;\">\n<div style=\"position: relative; padding-bottom: 56.25%; padding-top: 0; height: 0;\"><iframe loading=\"lazy\" style=\"position: absolute; top: 0; left: 0; width: 100%; height: 100%;\" src=\"about:blank\" width=\"1200\" height=\"675\" frameborder=\"0\" scrolling=\"yes\" allowfullscreen=\"allowfullscreen\" class=\"lazyload\" data-src=\"https:\/\/view.genial.ly\/60894191d2dad90d34da49b6\"><\/iframe><\/div>\n<\/div>\n<div>En el curso 2017\/2018 participamos&nbsp;en el Proyecto Escuelas Creativas convocado por Fundaci\u00f3n Telef\u00f3nica y &nbsp;Ferran Adri\u00e0.<\/div>\n<div>Quedamos entre los 16 finalistas de \u00e1mbito nacional , lo que nos di\u00f3 la oportunidad de desarrollar el proyecto \u00ab<b> Experiencias de aprendizaje memorables y cercanas a la realidad profesional\u00bb<\/b>. Pudimos utilizar los <b>materiales de escuelas creativas y<\/b> contar con el &nbsp;asesoramiento t\u00e9cnico de su equipo.&nbsp;<\/div>\n<div>Esta experiencia ,nos impuls\u00f3 a concursar en un proyecto de&nbsp;Innovaci\u00f3n de la Conseller\u00eda de Educaci\u00f3n, Cultura y Deporte para dos cursos escolares sobre el contenido : <b>\u00bb Repensem els nostres Espais \u00ab<\/b><\/div>\n<div>&nbsp;En la presentaci\u00f3n que os compartimos, encontrar\u00e9is algunas de las acciones realizadas entre las que destacamos :&nbsp;<\/div>\n<div>\n<ul>\n<li>Formaci\u00f3n sobre el <strong>Aula del Futuro del Intef<\/strong><\/li>\n<li>Asesoramiento de la Embajadora del Aula del Futuro&nbsp;de la Comunidad Valenciana : Amelia R. Granda<\/li>\n<li>Acompa\u00f1amiento en el dise\u00f1o de nuestros espacios por &nbsp;: Ana Mombiedro, Steelcase, Actiu y Sanlop.<\/li>\n<li>Formaci\u00f3n a los docentes del Claustro en el uso de metodolog\u00edas activas y \u00e1giles &nbsp;en esos espacios intervenidos.&nbsp;<\/li>\n<li>Participaci\u00f3n como ponentes para difundir nuestro proyecto \u00bb Repensem els nostres Espais\u00bb.<\/li>\n<li>Visitas inspiradoras al Aula del Futuro del Ministerio de Educaci\u00f3n , &nbsp;de Microsoft y a Simo.<\/li>\n<li>Transformaci\u00f3n sobre varios espacios del centro : aula , zona de paso, equipo de creaci\u00f3n y grabaci\u00f3n y repositorio de recursos propios.&nbsp;<\/li>\n<\/ul>\n<\/div>\n","protected":false},"excerpt":{"rendered":"<p>En el curso 2017\/2018 participamos&nbsp;en el Proyecto Escuelas Creativas convocado por Fundaci\u00f3n Telef\u00f3nica y &nbsp;Ferran Adri\u00e0. Quedamos entre los 16 finalistas de \u00e1mbito nacional , lo que nos di\u00f3 la oportunidad de desarrollar el proyecto \u00ab Experiencias de aprendizaje memorables y cercanas a la realidad profesional\u00bb. Pudimos utilizar los materiales de escuelas creativas y contar&hellip;<\/p>\n","protected":false},"author":1,"featured_media":0,"parent":0,"menu_order":0,"comment_status":"closed","ping_status":"closed","template":"","meta":{"ngg_post_thumbnail":0},"_links":{"self":[{"href":"https:\/\/www.fpmislata.com\/wordpress\/wp-json\/wp\/v2\/pages\/7247"}],"collection":[{"href":"https:\/\/www.fpmislata.com\/wordpress\/wp-json\/wp\/v2\/pages"}],"about":[{"href":"https:\/\/www.fpmislata.com\/wordpress\/wp-json\/wp\/v2\/types\/page"}],"author":[{"embeddable":true,"href":"https:\/\/www.fpmislata.com\/wordpress\/wp-json\/wp\/v2\/users\/1"}],"replies":[{"embeddable":true,"href":"https:\/\/www.fpmislata.com\/wordpress\/wp-json\/wp\/v2\/comments?post=7247"}],"version-history":[{"count":0,"href":"https:\/\/www.fpmislata.com\/wordpress\/wp-json\/wp\/v2\/pages\/7247\/revisions"}],"wp:attachment":[{"href":"https:\/\/www.fpmislata.com\/wordpress\/wp-json\/wp\/v2\/media?parent=7247"}],"curies":[{"name":"wp","href":"https:\/\/api.w.org\/{rel}","templated":true}]}}

<div style="width: 100%;">
<div style="position: relative; padding-bottom: 56.25%; padding-top: 0; height: 0;"><iframe loading="lazy" style="position: absolute; top: 0; left: 0; width: 100%; height: 100%;" src="about:blank" width="1200" height="675" frameborder="0" scrolling="yes" allowfullscreen="allowfullscreen" class="lazyload" data-src="https://view.genial.ly/60894191d2dad90d34da49b6"></iframe></div>
</div>
<div>En el curso 2017/2018 participamos&nbsp;en el Proyecto Escuelas Creativas convocado por Fundación Telefónica y &nbsp;Ferran Adrià.</div>
<div>Quedamos entre los 16 finalistas de ámbito nacional , lo que nos dió la oportunidad de desarrollar el proyecto «<b> Experiencias de aprendizaje memorables y cercanas a la realidad profesional»</b>. Pudimos utilizar los <b>materiales de escuelas creativas y</b> contar con el &nbsp;asesoramiento técnico de su equipo.&nbsp;</div>
<div>Esta experiencia ,nos impulsó a concursar en un proyecto de&nbsp;Innovación de la Consellería de Educación, Cultura y Deporte para dos cursos escolares sobre el contenido : <b>» Repensem els nostres Espais «</b></div>
<div>&nbsp;En la presentación que os compartimos, encontraréis algunas de las acciones realizadas entre las que destacamos :&nbsp;</div>
<div>
<ul>
<li>Formación sobre el <strong>Aula del Futuro del Intef</strong></li>
<li>Asesoramiento de la Embajadora del Aula del Futuro&nbsp;de la Comunidad Valenciana : Amelia R. Granda</li>
<li>Acompañamiento en el diseño de nuestros espacios por &nbsp;: Ana Mombiedro, Steelcase, Actiu y Sanlop.</li>
<li>Formación a los docentes del Claustro en el uso de metodologías activas y ágiles &nbsp;en esos espacios intervenidos.&nbsp;</li>
<li>Participación como ponentes para difundir nuestro proyecto » Repensem els nostres Espais».</li>
<li>Visitas inspiradoras al Aula del Futuro del Ministerio de Educación , &nbsp;de Microsoft y a Simo.</li>
<li>Transformación sobre varios espacios del centro : aula , zona de paso, equipo de creación y grabación y repositorio de recursos propios.&nbsp;</li>
</ul>
</div>

<p>En el curso 2017/2018 participamos&nbsp;en el Proyecto Escuelas Creativas convocado por Fundación Telefónica y &nbsp;Ferran Adrià. Quedamos entre los 16 finalistas de ámbito nacional , lo que nos dió la oportunidad de desarrollar el proyecto « Experiencias de aprendizaje memorables y cercanas a la realidad profesional». Pudimos utilizar los materiales de escuelas creativas y contar&hellip;</p>
