{"id":725,"date":"2018-04-17T10:13:05","date_gmt":"2018-04-17T14:13:05","guid":{"rendered":"http:\/\/www.fpmislata.com\/wordpress\/?page_id=725"},"modified":"2025-09-09T06:04:58","modified_gmt":"2025-09-09T10:04:58","slug":"novedades-secretaria","status":"publish","type":"page","link":"https:\/\/www.fpmislata.com\/wordpress\/secretaria\/novedades-secretaria\/","title":{"rendered":"Novedades"},"content":{"rendered":"\t\t<div data-elementor-type=\"wp-page\" data-elementor-id=\"725\" class=\"elementor elementor-725\" data-elementor-settings=\"[]\">\n\t\t\t\t\t\t<div class=\"elementor-inner\">\n\t\t\t\t\t\t\t<div class=\"elementor-section-wrap\">\n\t\t\t\t\t\t\t<section class=\"elementor-section elementor-top-section elementor-element elementor-element-331d25c elementor-hidden-desktop elementor-hidden-tablet elementor-hidden-phone elementor-section-boxed elementor-section-height-default elementor-section-height-default\" data-id=\"331d25c\" data-element_type=\"section\">\n\t\t\t\t\t\t<div class=\"elementor-container elementor-column-gap-default\">\n\t\t\t\t\t\t\t<div class=\"elementor-row\">\n\t\t\t\t\t<div class=\"elementor-column elementor-col-100 elementor-top-column elementor-element elementor-element-645388a2\" data-id=\"645388a2\" data-element_type=\"column\">\n\t\t\t<div class=\"elementor-column-wrap elementor-element-populated\">\n\t\t\t\t\t\t\t<div class=\"elementor-widget-wrap\">\n\t\t\t\t\t\t<div class=\"elementor-element elementor-element-1f724223 elementor-widget elementor-widget-text-editor\" data-id=\"1f724223\" data-element_type=\"widget\" data-widget_type=\"text-editor.default\">\n\t\t\t\t<div class=\"elementor-widget-container\">\n\t\t\t\t\t\t\t\t<div class=\"elementor-text-editor elementor-clearfix\">\n\t\t\t\t\t<div>\n<div><span style=\"color: #008000;\"><strong><span style=\"font-size: 14pt;\">LISTAS DEFINITIVAS CURSO 2025-2026<\/span><\/strong><\/span><\/div>\n<p>ADMITIDOS<\/p>\n<\/div>\n<ul>\n<li><a href=\"https:\/\/www.fpmislata.com\/wordpress\/wp-content\/uploads\/Listados-de-admitidos-FPGM-1.pdf\" target=\"_blank\" rel=\"noopener\">Listas definitivas Admitidos Grado Medio (2025-2026)<\/a><\/li>\n<li><a href=\"https:\/\/www.fpmislata.com\/wordpress\/wp-content\/uploads\/Listado-Definitivo_Relacion-de-alumnado-admitido-FPGS.pdf\" target=\"_blank\" rel=\"noopener\">Listas definitivas Admitidos Grado Superior (2025-2026)<\/a><\/li>\n<li><a href=\"https:\/\/www.fpmislata.com\/wordpress\/wp-content\/uploads\/Listado-Definitivo_Relacion-de-alumnado-admitido-en-regimen-semipresencial.pdf\" target=\"_blank\" rel=\"noopener\">Listas definitivas Admitidos Semipresencial (2025-2026)<\/a><\/li>\n<li><a href=\"https:\/\/www.fpmislata.com\/wordpress\/wp-content\/uploads\/listado_admitidos_definitivo_CE_2025-26.pdf\" target=\"_blank\" rel=\"noopener\">Listas definitivas Admitidos Curso Especializaci\u00f3n (2025-2026)<\/a><\/li>\n<\/ul>\n<div><span style=\"color: #008000;\"><strong><span style=\"font-size: 14pt;\">\u00a0<\/span><\/strong><\/span><span style=\"color: var( --e-global-color-text ); font-family: var( --e-global-typography-text-font-family ), Sans-serif; font-weight: var( --e-global-typography-text-font-weight );\">NO ADMITIDOS<\/span><\/div>\n<ul>\n<li><a href=\"https:\/\/www.fpmislata.com\/wordpress\/wp-content\/uploads\/Listados-de-no-admitidos-FPGM-por-nota-y-ciclo-3.pdf\" target=\"_blank\" rel=\"noopener\">Listas definitivas NO-Admitidos Grado Medio (2025-2026)<\/a><\/li>\n<li><a href=\"https:\/\/www.fpmislata.com\/wordpress\/wp-content\/uploads\/Listado-Definitivo_Listado-de-no-admitidos-FPGS-por-nota-y-ciclo.pdf\" target=\"_blank\" rel=\"noopener\">Listas definitivas NO-Admitidos Grado Superior (2025-2026)<\/a><\/li>\n<li><a href=\"https:\/\/www.fpmislata.com\/wordpress\/wp-content\/uploads\/Listado-Definitivo_Relacion-por-centro-y-modulo-de-alumnado-no-admitido-en-semipresencial.pdf\" target=\"_blank\" rel=\"noopener\">Listas definitivas NO-Admitidos Semipresencial (2025-2026)<\/a><\/li>\n<\/ul>\n<div><span style=\"color: #008000;\"><strong><span style=\"font-size: 14pt;\">\u00a0<\/span><\/strong><\/span><\/div>\n<div><strong style=\"color: #800080; font-family: var( --e-global-typography-text-font-family ), Sans-serif;\"><span style=\"font-size: 14pt;\">LISTAS PROVISIONALES CURSO 2025-2026<\/span><\/strong><\/div>\n<p>ADMITIDOS<\/p>\n<ul>\n<li><a href=\"https:\/\/www.fpmislata.com\/wordpress\/wp-content\/uploads\/Listados-de-admitidos-FPGM_Provisionales-25-26.pdf\">Listas provisionales Admitidos Grado Medio (2025-2026)<\/a><\/li>\n<li><a href=\"https:\/\/www.fpmislata.com\/wordpress\/wp-content\/uploads\/Listados-de-admitidos-FPGS_Provisionales-25-26.pdf\">Listas provisionales Admitidos Grado Superior (2025-2026)<\/a><\/li>\n<li><a href=\"https:\/\/www.fpmislata.com\/wordpress\/wp-content\/uploads\/Relacion-de-alumnado-admitido-en-regimen-semipresencial_Provisionales-25-26.pdf\">Listas provisionales Admitidos Semipresencial (2025-2026)<\/a><\/li>\n<li><strong><span style=\"color: #ff0000;\">Listas provisionales Admitidos Curso Especializaci\u00f3n (2025-2026)<\/span><\/strong> (Revisar la <a href=\"https:\/\/ceice.gva.es\/es\/web\/formacion-profesional\/admision-alumnado-en-ciclos-formativos\">web de Conseller\u00eda<\/a> para los listados de Cursos de Especializaci\u00f3n)\u00a0<\/li>\n<li><span style=\"color: #ff0000;\"><b>\u00a1\u00a1IMPORTANTE!! SEG\u00daN NOS COMUNICA CONSELLER\u00cdA EL PLAZO DE RECLAMACIONES PARA LOS CURSOS DE ESPECIALIZACI\u00d3N SE AMPLIA HASTA EL 18\/07\/2025 A TRAV\u00c9S DEL CORREO 46019660.secretaria@edu.gva.es TRAS LOS ERRORES DETECTADOS<\/b><\/span><\/li>\n<\/ul>\n<div>NO ADMITIDOS<\/div>\n<ul>\n<li><a href=\"https:\/\/www.fpmislata.com\/wordpress\/wp-content\/uploads\/Listados-de-no-admitidos-FPGM-por-nota-y-ciclo-1.pdf\">Listas provisionales NO-Admitidos Grado Medio (2025-2026)<\/a><\/li>\n<li><a href=\"https:\/\/www.fpmislata.com\/wordpress\/wp-content\/uploads\/Llistats-de-no-admesos-FPGS-por-nota-y-ciclo.pdf\">Listas provisionales NO-Admitidos Grado Superior (2025-2026)<\/a><\/li>\n<li><a href=\"https:\/\/www.fpmislata.com\/wordpress\/wp-content\/uploads\/Relacion-por-centro-y-modulo-de-alumnado-no-adm-en-semi_Provisionales-25-26.pdf\">Listas provisionales NO-Admitidos Semipresencial (2025-2026)<\/a><\/li>\n<li><strong><span style=\"color: #ff0000;\">Listas provisionales NO-Admitidos Curso Especializaci\u00f3n (2025-2026)<\/span><\/strong>\u00a0(Revisar la <a href=\"https:\/\/ceice.gva.es\/es\/web\/formacion-profesional\/admision-alumnado-en-ciclos-formativos\">web de Conseller\u00eda<\/a> para los listados de Cursos de Especializaci\u00f3n)\u00a0<\/li>\n<\/ul>\n<div>\u00a0<\/div>\n<div><strong><span style=\"font-size: 14pt; color: #800080;\">PAU: PRUEBAS DE ACCESO A LA UNIVERSIDAD 2025<\/span><\/strong><\/div>\n<div><a title=\"https:\/\/universitats.gva.es\/es\/prova-acces-universitat-pau\" href=\"https:\/\/www.fpmislata.com\/wordpress\/secretaria\/pruebas\/pruebas-de-acceso-a-la-universidad-informacion-previa\/\" target=\"_blank\" rel=\"noopener noreferrer\" data-auth=\"NotApplicable\" data-linkindex=\"0\">Informaci\u00f3n de la PAU<\/a> (CONVOCATORIA EXTRAORDINARIA DANA)<\/div>\n<div>\u00a0<\/div>\n<p style=\"text-align: left;\"><span style=\"color: #800080; font-size: 14pt;\"><strong>PRUEBAS DE ACCESO A CICLOS | CONVOCATORIA 2025<\/strong><\/span><\/p>\n<p><a href=\"https:\/\/www.fpmislata.com\/wordpress\/secretaria\/pruebas\/pruebas-de-acceso-a-ciclos\/\" target=\"_blank\" rel=\"noopener\">Publicadas calificaciones provisionales Grado Medio y Superior<\/a><\/p>\n<p>\u00a0<\/p>\n<p style=\"text-align: left;\"><span style=\"color: #800080; font-size: 14pt;\"><strong>Pruebas Homologaci\u00f3n A2 &#8211; Franc\u00e9s &#8211; Ingl\u00e9s.<\/strong><\/span><\/p>\n<p><a href=\"https:\/\/www.fpmislata.com\/wordpress\/wp-content\/uploads\/listado_provisional_admitidos_A2_24-25.pdf\">Listado provisional de admitid@s A2 | INGL\u00c9S<\/a><\/p>\n<p>No hay alumnado matriculado en A2| Franc\u00e9s<\/p>\n<p>\u00a0<\/p>\n<p style=\"text-align: left;\"><span style=\"color: #800080; font-size: 14pt;\"><strong>Premios Nacionales de FP para alumnos titulados en el 2022<\/strong><\/span><\/p>\n<p>Presentaci\u00f3n de solicitudes desde el 10\/04\/2025 a las 00:00 hasta el 13\/05\/2025 a las 23:59.<br \/><strong>Solicitud<\/strong> telem\u00e1tica a trav\u00e9s de la <strong>sede electr\u00f3nica<\/strong>: <a href=\"https:\/\/sede.educacion.gob.es\/sede\/login\/inicio.jjsp?idConvocatoria=2264\">https:\/\/sede.educacion.gob.es\/sede\/login\/inicio.jjsp?idConvocatoria=2264<\/a><\/p>\n<p>Toda la info y dudas frecuentes en <strong><a href=\"https:\/\/www.fpmislata.com\/wordpress\/wp-content\/uploads\/faq-g-superior-2022-v2.pdf\">este documento<\/a>.<\/strong><\/p>\n<p><span style=\"color: #800080; font-size: 14pt;\"><strong>\u00a0<\/strong><\/span><\/p>\n<p style=\"text-align: left;\"><span style=\"color: #800080; font-size: 14pt;\"><strong>PREMIS EXTRAORDINARIS FP 23\/24<\/strong><\/span><\/p>\n<p>Publicada la propuesta provisional de premiados: en el excel adjunto se puede comprobar la puntuaci\u00f3n total y la propuesta de premiados<\/p>\n<p><a href=\"https:\/\/www.fpmislata.com\/wordpress\/wp-content\/uploads\/DADES_ALUMNAT_PREMIS_2023-2024.xlsx\">Descargar Excel: Propuesta de premiados.<\/a><\/p>\n<p>Las reclamaciones se presentar\u00e1n por escrito, en la secretar\u00eda del centro en el plazo de cinco d\u00edas h\u00e1biles (hasta el 25 de marzo)<\/p>\n<p>Toda la informaci\u00f3n se puede encontrar en <a href=\"https:\/\/ceice.gva.es\/es\/web\/formacion-profesional\/premios-extraordinarios-fp\">WEB de FP.<\/a><\/p>\n<p>.<\/p>\n<p style=\"text-align: center;\"><a href=\"https:\/\/www.fpmislata.com\/wordpress\/premis-extraordinaris-fp-23-24\/\"><span style=\"color: #000000;\"><span style=\"color: #ff00ff;\"><b>Consulta la informaci\u00f3 ac\u00ed.<\/b><\/span><\/span><\/a><\/p>\n<p>\u00a0<\/p>\n<p style=\"text-align: left;\"><span style=\"color: #800080; font-size: 14pt;\"><strong>SOLICITUD DE CONVALIDACIONES CURSO 2024-2025<\/strong><\/span><\/p>\n<p style=\"text-align: center;\"><a href=\"https:\/\/www.fpmislata.com\/wordpress\/secretaria\/tramites\/tramites-convalidaciones\/\"><span style=\"color: #000000;\"><span style=\"color: #ff00ff;\"><b>Consulta la informaci\u00f3n aqu\u00ed.<\/b><\/span><\/span><\/a><\/p>\n<p><strong>HORARIO DE ATENCI\u00d3N AL P\u00daBLICO SECRETAR\u00cdA : <\/strong>De lunes a viernes de 9:00 a 13:30 horas y martes, mi\u00e9rcoles y jueves de 15:00 a 18:15 horas. Fuera de ese horario se atender\u00e1 en <a href=\"mailto:46019660.secretaria@edu.gva.es\">46019660.secretaria@edu.gva.<\/a><\/p>\n<p>\u00a0<\/p>\n<p><!-- wp:tadv\/classic-paragraph \/--><\/p>\t\t\t\t\t<\/div>\n\t\t\t\t\t\t<\/div>\n\t\t\t\t<\/div>\n\t\t\t\t\t\t<\/div>\n\t\t\t\t\t<\/div>\n\t\t<\/div>\n\t\t\t\t\t\t\t\t<\/div>\n\t\t\t\t\t<\/div>\n\t\t<\/section>\n\t\t\t\t\t\t<\/div>\n\t\t\t\t\t\t<\/div>\n\t\t\t\t\t<\/div>\n\t\t","protected":false},"excerpt":{"rendered":"<p>*PROCESO DE ADMISI\u00d3N: Publicado calendario de Admisi\u00f3n. Preinscripci\u00f3n telem\u00e1tica del 21 de mayo al 1 de junio<\/p>\n<p>*PRUEBAS DE ACCESO FP: Publicada Resoluci\u00f3n convocando pruebas de acceso a ciclos formativos de Formaci\u00f3n Profesional. Inscripci\u00f3n telem\u00e1tica<\/p>\n<p>* HORARIO SECRETAR\u00cdA: De 10 a 13 horas con cita previa\u00a0https:\/\/www.fpmislata.com\/wordpress\/cita-previa\/<\/p>\n","protected":false},"author":1,"featured_media":2949,"parent":286,"menu_order":0,"comment_status":"closed","ping_status":"closed","template":"","meta":{"ngg_post_thumbnail":0},"_links":{"self":[{"href":"https:\/\/www.fpmislata.com\/wordpress\/wp-json\/wp\/v2\/pages\/725"}],"collection":[{"href":"https:\/\/www.fpmislata.com\/wordpress\/wp-json\/wp\/v2\/pages"}],"about":[{"href":"https:\/\/www.fpmislata.com\/wordpress\/wp-json\/wp\/v2\/types\/page"}],"author":[{"embeddable":true,"href":"https:\/\/www.fpmislata.com\/wordpress\/wp-json\/wp\/v2\/users\/1"}],"replies":[{"embeddable":true,"href":"https:\/\/www.fpmislata.com\/wordpress\/wp-json\/wp\/v2\/comments?post=725"}],"version-history":[{"count":460,"href":"https:\/\/www.fpmislata.com\/wordpress\/wp-json\/wp\/v2\/pages\/725\/revisions"}],"predecessor-version":[{"id":16447,"href":"https:\/\/www.fpmislata.com\/wordpress\/wp-json\/wp\/v2\/pages\/725\/revisions\/16447"}],"up":[{"embeddable":true,"href":"https:\/\/www.fpmislata.com\/wordpress\/wp-json\/wp\/v2\/pages\/286"}],"wp:featuredmedia":[{"embeddable":true,"href":"https:\/\/www.fpmislata.com\/wordpress\/wp-json\/wp\/v2\/media\/2949"}],"wp:attachment":[{"href":"https:\/\/www.fpmislata.com\/wordpress\/wp-json\/wp\/v2\/media?parent=725"}],"curies":[{"name":"wp","href":"https:\/\/api.w.org\/{rel}","templated":true}]}}

<div data-elementor-type="wp-page" data-elementor-id="725" class="elementor elementor-725" data-elementor-settings="[]">
						<div class="elementor-inner">
							<div class="elementor-section-wrap">
							<section class="elementor-section elementor-top-section elementor-element elementor-element-331d25c elementor-hidden-desktop elementor-hidden-tablet elementor-hidden-phone elementor-section-boxed elementor-section-height-default elementor-section-height-default" data-id="331d25c" data-element_type="section">
						<div class="elementor-container elementor-column-gap-default">
							<div class="elementor-row">
					<div class="elementor-column elementor-col-100 elementor-top-column elementor-element elementor-element-645388a2" data-id="645388a2" data-element_type="column">
			<div class="elementor-column-wrap elementor-element-populated">
							<div class="elementor-widget-wrap">
						<div class="elementor-element elementor-element-1f724223 elementor-widget elementor-widget-text-editor" data-id="1f724223" data-element_type="widget" data-widget_type="text-editor.default">
				<div class="elementor-widget-container">
								<div class="elementor-text-editor elementor-clearfix">
					<div>
<div><span style="color: #008000;"><strong><span style="font-size: 14pt;">LISTAS DEFINITIVAS CURSO 2025-2026</span></strong></span></div>
<p>ADMITIDOS</p>
</div>
<ul>
<li><a href="https://www.fpmislata.com/wordpress/wp-content/uploads/Listados-de-admitidos-FPGM-1.pdf" target="_blank" rel="noopener">Listas definitivas Admitidos Grado Medio (2025-2026)</a></li>
<li><a href="https://www.fpmislata.com/wordpress/wp-content/uploads/Listado-Definitivo_Relacion-de-alumnado-admitido-FPGS.pdf" target="_blank" rel="noopener">Listas definitivas Admitidos Grado Superior (2025-2026)</a></li>
<li><a href="https://www.fpmislata.com/wordpress/wp-content/uploads/Listado-Definitivo_Relacion-de-alumnado-admitido-en-regimen-semipresencial.pdf" target="_blank" rel="noopener">Listas definitivas Admitidos Semipresencial (2025-2026)</a></li>
<li><a href="https://www.fpmislata.com/wordpress/wp-content/uploads/listado_admitidos_definitivo_CE_2025-26.pdf" target="_blank" rel="noopener">Listas definitivas Admitidos Curso Especialización (2025-2026)</a></li>
</ul>
<div><span style="color: #008000;"><strong><span style="font-size: 14pt;"> </span></strong></span><span style="color: var( --e-global-color-text ); font-family: var( --e-global-typography-text-font-family ), Sans-serif; font-weight: var( --e-global-typography-text-font-weight );">NO ADMITIDOS</span></div>
<ul>
<li><a href="https://www.fpmislata.com/wordpress/wp-content/uploads/Listados-de-no-admitidos-FPGM-por-nota-y-ciclo-3.pdf" target="_blank" rel="noopener">Listas definitivas NO-Admitidos Grado Medio (2025-2026)</a></li>
<li><a href="https://www.fpmislata.com/wordpress/wp-content/uploads/Listado-Definitivo_Listado-de-no-admitidos-FPGS-por-nota-y-ciclo.pdf" target="_blank" rel="noopener">Listas definitivas NO-Admitidos Grado Superior (2025-2026)</a></li>
<li><a href="https://www.fpmislata.com/wordpress/wp-content/uploads/Listado-Definitivo_Relacion-por-centro-y-modulo-de-alumnado-no-admitido-en-semipresencial.pdf" target="_blank" rel="noopener">Listas definitivas NO-Admitidos Semipresencial (2025-2026)</a></li>
</ul>
<div><span style="color: #008000;"><strong><span style="font-size: 14pt;"> </span></strong></span></div>
<div><strong style="color: #800080; font-family: var( --e-global-typography-text-font-family ), Sans-serif;"><span style="font-size: 14pt;">LISTAS PROVISIONALES CURSO 2025-2026</span></strong></div>
<p>ADMITIDOS</p>
<ul>
<li><a href="https://www.fpmislata.com/wordpress/wp-content/uploads/Listados-de-admitidos-FPGM_Provisionales-25-26.pdf">Listas provisionales Admitidos Grado Medio (2025-2026)</a></li>
<li><a href="https://www.fpmislata.com/wordpress/wp-content/uploads/Listados-de-admitidos-FPGS_Provisionales-25-26.pdf">Listas provisionales Admitidos Grado Superior (2025-2026)</a></li>
<li><a href="https://www.fpmislata.com/wordpress/wp-content/uploads/Relacion-de-alumnado-admitido-en-regimen-semipresencial_Provisionales-25-26.pdf">Listas provisionales Admitidos Semipresencial (2025-2026)</a></li>
<li><strong><span style="color: #ff0000;">Listas provisionales Admitidos Curso Especialización (2025-2026)</span></strong> (Revisar la <a href="https://ceice.gva.es/es/web/formacion-profesional/admision-alumnado-en-ciclos-formativos">web de Consellería</a> para los listados de Cursos de Especialización) </li>
<li><span style="color: #ff0000;"><b>¡¡IMPORTANTE!! SEGÚN NOS COMUNICA CONSELLERÍA EL PLAZO DE RECLAMACIONES PARA LOS CURSOS DE ESPECIALIZACIÓN SE AMPLIA HASTA EL 18/07/2025 A TRAVÉS DEL CORREO 46019660.secretaria@edu.gva.es TRAS LOS ERRORES DETECTADOS</b></span></li>
</ul>
<div>NO ADMITIDOS</div>
<ul>
<li><a href="https://www.fpmislata.com/wordpress/wp-content/uploads/Listados-de-no-admitidos-FPGM-por-nota-y-ciclo-1.pdf">Listas provisionales NO-Admitidos Grado Medio (2025-2026)</a></li>
<li><a href="https://www.fpmislata.com/wordpress/wp-content/uploads/Llistats-de-no-admesos-FPGS-por-nota-y-ciclo.pdf">Listas provisionales NO-Admitidos Grado Superior (2025-2026)</a></li>
<li><a href="https://www.fpmislata.com/wordpress/wp-content/uploads/Relacion-por-centro-y-modulo-de-alumnado-no-adm-en-semi_Provisionales-25-26.pdf">Listas provisionales NO-Admitidos Semipresencial (2025-2026)</a></li>
<li><strong><span style="color: #ff0000;">Listas provisionales NO-Admitidos Curso Especialización (2025-2026)</span></strong> (Revisar la <a href="https://ceice.gva.es/es/web/formacion-profesional/admision-alumnado-en-ciclos-formativos">web de Consellería</a> para los listados de Cursos de Especialización) </li>
</ul>
<div> </div>
<div><strong><span style="font-size: 14pt; color: #800080;">PAU: PRUEBAS DE ACCESO A LA UNIVERSIDAD 2025</span></strong></div>
<div><a title="https://universitats.gva.es/es/prova-acces-universitat-pau" href="https://www.fpmislata.com/wordpress/secretaria/pruebas/pruebas-de-acceso-a-la-universidad-informacion-previa/" target="_blank" rel="noopener noreferrer" data-auth="NotApplicable" data-linkindex="0">Información de la PAU</a> (CONVOCATORIA EXTRAORDINARIA DANA)</div>
<div> </div>
<p style="text-align: left;"><span style="color: #800080; font-size: 14pt;"><strong>PRUEBAS DE ACCESO A CICLOS | CONVOCATORIA 2025</strong></span></p>
<p><a href="https://www.fpmislata.com/wordpress/secretaria/pruebas/pruebas-de-acceso-a-ciclos/" target="_blank" rel="noopener">Publicadas calificaciones provisionales Grado Medio y Superior</a></p>
<p> </p>
<p style="text-align: left;"><span style="color: #800080; font-size: 14pt;"><strong>Pruebas Homologación A2 &#8211; Francés &#8211; Inglés.</strong></span></p>
<p><a href="https://www.fpmislata.com/wordpress/wp-content/uploads/listado_provisional_admitidos_A2_24-25.pdf">Listado provisional de admitid@s A2 | INGLÉS</a></p>
<p>No hay alumnado matriculado en A2| Francés</p>
<p> </p>
<p style="text-align: left;"><span style="color: #800080; font-size: 14pt;"><strong>Premios Nacionales de FP para alumnos titulados en el 2022</strong></span></p>
<p>Presentación de solicitudes desde el 10/04/2025 a las 00:00 hasta el 13/05/2025 a las 23:59.<br /><strong>Solicitud</strong> telemática a través de la <strong>sede electrónica</strong>: <a href="https://sede.educacion.gob.es/sede/login/inicio.jjsp?idConvocatoria=2264">https://sede.educacion.gob.es/sede/login/inicio.jjsp?idConvocatoria=2264</a></p>
<p>Toda la info y dudas frecuentes en <strong><a href="https://www.fpmislata.com/wordpress/wp-content/uploads/faq-g-superior-2022-v2.pdf">este documento</a>.</strong></p>
<p><span style="color: #800080; font-size: 14pt;"><strong> </strong></span></p>
<p style="text-align: left;"><span style="color: #800080; font-size: 14pt;"><strong>PREMIS EXTRAORDINARIS FP 23/24</strong></span></p>
<p>Publicada la propuesta provisional de premiados: en el excel adjunto se puede comprobar la puntuación total y la propuesta de premiados</p>
<p><a href="https://www.fpmislata.com/wordpress/wp-content/uploads/DADES_ALUMNAT_PREMIS_2023-2024.xlsx">Descargar Excel: Propuesta de premiados.</a></p>
<p>Las reclamaciones se presentarán por escrito, en la secretaría del centro en el plazo de cinco días hábiles (hasta el 25 de marzo)</p>
<p>Toda la información se puede encontrar en <a href="https://ceice.gva.es/es/web/formacion-profesional/premios-extraordinarios-fp">WEB de FP.</a></p>
<p>.</p>
<p style="text-align: center;"><a href="https://www.fpmislata.com/wordpress/premis-extraordinaris-fp-23-24/"><span style="color: #000000;"><span style="color: #ff00ff;"><b>Consulta la informació ací.</b></span></span></a></p>
<p> </p>
<p style="text-align: left;"><span style="color: #800080; font-size: 14pt;"><strong>SOLICITUD DE CONVALIDACIONES CURSO 2024-2025</strong></span></p>
<p style="text-align: center;"><a href="https://www.fpmislata.com/wordpress/secretaria/tramites/tramites-convalidaciones/"><span style="color: #000000;"><span style="color: #ff00ff;"><b>Consulta la información aquí.</b></span></span></a></p>
<p><strong>HORARIO DE ATENCIÓN AL PÚBLICO SECRETARÍA : </strong>De lunes a viernes de 9:00 a 13:30 horas y martes, miércoles y jueves de 15:00 a 18:15 horas. Fuera de ese horario se atenderá en <a href="mailto:46019660.secretaria@edu.gva.es">46019660.secretaria@edu.gva.</a></p>
<p> </p>
<p><!-- wp:tadv/classic-paragraph /--></p>					</div>
						</div>
				</div>
						</div>
					</div>
		</div>
								</div>
					</div>
		</section>
						</div>
						</div>
					</div>

<p>*PROCESO DE ADMISIÓN: Publicado calendario de Admisión. Preinscripción telemática del 21 de mayo al 1 de junio</p>
<p>*PRUEBAS DE ACCESO FP: Publicada Resolución convocando pruebas de acceso a ciclos formativos de Formación Profesional. Inscripción telemática</p>
<p>* HORARIO SECRETARÍA: De 10 a 13 horas con cita previa https://www.fpmislata.com/wordpress/cita-previa/</p>
